-- https://www.phpmyadmin.net/
--

START TRANSACTION;



--
-- Database: `igihango`
--

-- --------------------------------------------------------

--
-- Table structure for table `spip_articles`
--

CREATE TABLE IF NOT EXISTS `spip_articles` (
  `id_article` bigint NOT NULL AUTO_INCREMENT,
  `surtitre` text NOT NULL,
  `titre` text NOT NULL,
  `soustitre` text NOT NULL,
  `id_rubrique` bigint NOT NULL DEFAULT '0',
  `descriptif` text NOT NULL,
  `chapo` mediumtext NOT NULL,
  `texte` longtext NOT NULL,
  `ps` mediumtext NOT NULL,
  `date` datetime NOT NULL DEFAULT '0000-00-00 00:00:00',
  `statut` varchar(10) NOT NULL DEFAULT '0',
  `id_secteur` bigint NOT NULL DEFAULT '0',
  `maj` timestamp NOT NULL DEFAULT CURRENT_TIMESTAMP ON UPDATE CURRENT_TIMESTAMP,
  `export` varchar(10) DEFAULT 'oui',
  `date_redac` datetime NOT NULL DEFAULT '0000-00-00 00:00:00',
  `visites` int NOT NULL DEFAULT '0',
  `referers` int NOT NULL DEFAULT '0',
  `popularite` double NOT NULL DEFAULT '0',
  `accepter_forum` char(3) NOT NULL DEFAULT '',
  `date_modif` datetime NOT NULL DEFAULT '0000-00-00 00:00:00',
  `lang` varchar(10) NOT NULL DEFAULT '',
  `langue_choisie` varchar(3) DEFAULT 'non',
  `id_trad` bigint NOT NULL DEFAULT '0',
  `nom_site` tinytext NOT NULL,
  `url_site` text NOT NULL,
  `virtuel` text NOT NULL,
  PRIMARY KEY (`id_article`),
  KEY `id_rubrique` (`id_rubrique`),
  KEY `id_secteur` (`id_secteur`),
  KEY `id_trad` (`id_trad`),
  KEY `lang` (`lang`),
  KEY `statut` (`statut`,`date`)
) ENGINE=MyISAM AUTO_INCREMENT=29 DEFAULT CHARSET=utf8mb3;

--
-- Dumping data for table `spip_articles`
--

INSERT INTO `spip_articles` (`id_article`, `surtitre`, `titre`, `soustitre`, `id_rubrique`, `descriptif`, `chapo`, `texte`, `ps`, `date`, `statut`, `id_secteur`, `maj`, `export`, `date_redac`, `visites`, `referers`, `popularite`, `accepter_forum`, `date_modif`, `lang`, `langue_choisie`, `id_trad`, `nom_site`, `url_site`, `virtuel`) VALUES
(1, '', 'Ubumwe bw’abanyafurika, ishusho y’uruzinduko Kagame yagiriye muri Bénin na Guinée', '', 2, '', '', 'Mu ruzinduko agirira mu bihugu byo mu karere ka Afurika y’uburengerazuba,Perezida Kagame yeretswe urukundo,icyubahiro ndetse n’agaciro n’abandi bayobozi b’ibihugu by’Afurika yasuye.\r\n\r\nUru ni urugendo rusize amateka akomeye y’uko yeretse isi na Afurika by’umwihariko ko mu myumvire ye,kuba hamwe kw’abanyafurika ari imbaraga zikomeye zakemura byinshi mu bibazo bidindiza iterambere ry’umugabane w’Afurika.\r\n\r\nMu mbwirwaruhame yavugiye mu bihugu bitandukanye yasuye kuva ku itariki ya 16 Mata 2023, yakunze kugaruka ku mikoranire,ubuhahirane ndetse n’ubucuti bw’ibihugu by’Afurika bukwiye guhabwa imbaraga zisumbuyeho kugirango umugabane ugere ku rwego rwo guhangana n’ibibazo by’ingutu bituma ubukungu bukomeza kuzahara.\r\n\r\nMuri Benin,ari naho yahereye uru ruzinduko,Kagame yeretswe urukundo rudasanzwe na  Perezida w’iki gihugu, Patrice Talon wanavuze ko uru ruzinduko rutari urw’akazi gusa ahubwo  ko harimo n’ubucuti bwihariye basanganywe.\r\n\r\nMu  kiganiro kigenewe abanyamakuru, yagize ati: “Icyo tugomba gukora nka Afurika ni ukwunga ubumwe, kumenya ibyo dukeneye mu bijyanye n’ubufatanye ndetse no kumenya ukwiriye wo gutanga ibyo dukeneye.”\r\nNyuma y’ibiganiro byabahuje bombi mu muhezo hakurikiyeho umuhango wo gushyira umukono ku masezerano y’ubufatanye bw’ibihugu byombi, ayashyizweho umukono akaba ari ayo mu rwego rw’ikoranabuhanga, iterambere rirambye, guteza imbere inganda, ubukerarugendo, ishoramari, ubucuruzi n’ubuhinzi. \r\n\r\nPerezida  Kagame ukomeje gutsura umubano mwiza n’ibindi bihugu,ntibyagarukiye aho ahubwo kuri gahunda y’uruzinduko rw’akazi agirira muri kariya karere yakomereje no mu gihugu cya Guinea-Bissau.\r\nMuri iki gihugu byari uwundi mwihariko kuko nubwo yahamaze amasaha macye ndetse n’ikiganiro bagiranye n’abanyamakuru cyari kigufi, ariko Umukuru w’iki gihugu akaba n’uyobora umuryango w’ubukungu uhuza ibihugu by’uburengerazuba bw’Afurika CEDEAO, Umaro Sissoco Embaló, yambitse Perezida Paul Kagame umudari w’ikirenga wo muri icyo gihugu witwa ‘Amílcar Cabral Medal’, ukaba uhabwa Abakuru b’ibihugu by’inshuti za Guinea-Bissau.\r\n\r\nKamwe mu dushya twaranze uru ruzinduko,ni aho abasirikare b’iki gihugu bigeze guhabwa imyitozo ya gisirikare n’ingabo z’u Rwanda RDF,batunguye Perezida Kagame bari kwiyerekana bakanaririmba indirimbo za morales zimenyerewe ku ngabo z’Urwanda nka  “Ingabo z’Urwanda turakomeye”, n’izindi za morale.\r\n\r\nUru rugendo Perezida Kagame yarusoreje mu gihugu cya Guinee Conakry  aho yanatashye ikiraro cyamwitiriwe ari kumwe na mugenzi we w’iki gihugu,Colonel Mamadi Dumbouya. Iki kiraro cyiswe “Le Pont Son Excellence Paul Kagame” kikaba giherereye ahitwa I Kagbelen muri Conakry.\r\nUbwanditsi\r\n', '', '2023-04-21 18:59:20', 'publie', 2, '2023-11-08 03:26:44', 'oui', '0000-00-00 00:00:00', 0, 0, 0, 'pos', '2023-05-01 19:29:41', 'fr', 'non', 0, '', '', ''),
(2, '', 'Insengero nyinshi zikomeje guhindurwamo utubari i Burayi', '', 6, '', '', 'Urugendo rwo kurangira k’ubukirisitu rurakomeje henshi mu bihugu by’i Burayi, aho insengero nyinshi ziri guhindurwa inzu zo guturamo, resitora, aherekanirwa filime, ahakinirwa imikino itandukanye, utubari, n’ibindi bikorwa bibyara amafaranga.\r\n\r\nNi mu gihe mu binyejana byo ha mbere, ubundi mu rusengero hafatwaga nk’ahantu hafasha umuntu kwegerana n’Imana, ahasezeranira abashakanye nk’ikimenyetso cyo kubaha Imana, n’indi mihango ya gikristu irimo gusezera ku bitabye Imana.\r\n\r\nNubwo mu bihugu cyane ibyo ku Mugabane wa Afurika bakibifata uko, siko bimeze mu bihugu byateye imbere cyane cyane ibyo ku Mugabane w’u Burayi.\r\n\r\nBivugwa ko abanyaburayi basigaye mu nsengero abenshi ari abageze mu zabukuru, ku buryo n’insengero zihasigaye zimwe zifatwa nk’inzu ndangamateka, kuko abakiri bato bo batitaye kubyo kuzisengeramo.\r\n\r\nInkuru ya Crux Now yo muri 2019 igaragaza ko mu 1960, abaturage 55% b’Igihugu cy’u Budage basengeraga mu Idini Gatolika bari miliyoni 2.7, mu mwaka wa 2000 bagera ku 439,000, naho muri 2017 bagera ku 157,300, bangana na 6% gusa mu bari bagize iryo dini.\r\n\r\nInsengero zitagisengerwamo zikorerwamo ibindi bikorwa bitandukanye, aho hari n’izishyirwamo amafoto n’amazina y’abantu baturuka muri Afurika bakagwa mu Nyanja, ndetse hagashyirwamo amasanduku abafasha kwibuka ababo bapfuye.\r\n\r\nNubwo benshi mu banyaburayi batagisenga, benshi mu bimukira cyane cyane abaturuka mu bihugu byo ku Mugabane wa Afurika bajya gutura kuri iyo mugabane yindi, barasenga.', '', '2023-04-21 19:15:36', 'publie', 6, '2023-11-08 03:26:44', 'oui', '0000-00-00 00:00:00', 0, 0, 0, 'pos', '2023-04-22 22:54:45', 'fr', 'non', 0, '', '', ''),
(3, '', 'Ubutinganyi bugejeje Itorero ry’Abangilikani mu kangaratete', '', 6, '', '', 'Ubusanzwe Kiliziya Gatolika ni yo yakunze kujya ivugwamo bombori bombori zifitanye isano n’imibonano mpuzabitsina, ariko Itorero rya Anglican ku Isi, amaherezo rishobora gucikamo ibice kubera ibiri kuba.\r\n\r\nI Kigali iminsi ibaye itanu, Abasenyeri bo mu Itorero Angilican mu bihugu 53 by’Isi bateraniye mu nama igomba gusiga amatorero yo hirya no hino ku Isi yemeye ishyingiranwa ry’ababana bahuje ibitsina, aciye uruhande rumwe, atabikozwa agasigara ukwayo.\r\n\r\nAbadakozwa izo mpinduka zijyanye n’abaryamana bahuje ibitsina, barenga 1300 nibo bagomba gufata uwo mwanzuro. Ku Isi habarurwa abayoboke b’Idini rya Anglican barenga miliyoni 85, u Bwongereza bufatwa nk’intebe y’iri torero ari nayo mpamvu umuyobozi w’iri dini aba afatwa nk’ukuriye abandi bose ku Isi.\r\n\r\nNi idini ryiyomoye kuri Kiliziya Gatolika mu 1534 ku Ngoma y’Umwami Henry VIII ubwo Papa wari uriho icyo gihe yamwangiraga ko atandukana n’abagore be. Ni aho yahereye asaba abantu badashyigikiye Kiliziya, kuyiyomoraho, bashinga gutyo idini ry’Abangilikani ritangirira mu Bwongereza.\r\n\r\nIri dini ribarizwa mu bihugu 165, Musenyeri wa Canterbury [mu Bwongereza] afatwa nk’Umuyobozi w’abandi gusa ntabwo biri ku rwego rwa Kiliziya Gatolika aho yo igira Papa. Mu mategeko y’iri dini, yitwa “Umukuru mu Bangana”. Ntabwo afite ubushobozi bwo guhindura umwanzuro wafashwe n’itorero ry’igihugu runaka, bivuze ko buri gihugu kibaho mu buryo gishaka.', '', '2023-04-21 19:17:47', 'publie', 6, '2023-11-08 03:26:44', 'oui', '0000-00-00 00:00:00', 0, 0, 0, 'pos', '2023-04-22 00:33:31', 'fr', 'non', 0, '', '', ''),
(4, '', 'Nizeyimana Olivier wayoboraga FERWAFA yeguye', '', 9, '', '', 'Nizeyimana Olivier wari umaze imyaka ibiri ari Perezida wa FERWAFA yeguye, aho yavuze ko ari ku mpamvu ze bwite zimukomereye. Ibaruwa y’ubwegure bwa Nizeyimana Olivier yayishyikirije abanyamuryango kuri uyu wa Gatatu, tariki ya 19 Mata 2023.\r\n\r\nYagize ati “Mbandikiye iyi baruwa ngira ngo mbamenyeshe umwanzuro nafashe wo kwegura ku mwanya w’ubuyobozi bw’Ishyirahamwe ry’Umupira w’Amaguru mu Rwanda (FERWAFA) kubera impamvu zanjye bwite zinkomereye, nsanga zitanshoboza gukomeza kuzuza inshingano mwampaye.”\r\n\r\n“Nshimiye cyane Komite Nyobozi n’abakozi ba FERWAFA twari dufatanyije, abanyamuryango mwese, abakunzi b’umupira w’amaguru n’abafatanyabikorwa, ndetse n’ubuyobozi bw’igihugu muri rusange, ku cyizere n’imikoranire myiza bakomeje kungaragariza mu gihe kitari kinini maze nkora izi nshingano.”\r\n\r\nNizeyimana Mugabo Olivier yayoboraga FERWAFA guhera muri Kamena 2021, aho yagiye kuri uyu mwanya asimbuye Rtd Brig Gen Sekamana Damascène na we weguye muri Mata uwo mwaka.\r\n\r\nMuri ayo matora yabaye ku wa 27 Kamena 2021, Mugabo Nizeyimana Olivier wari uvuye ku mwanya wa Perezida wa Mukura Victory Sports, yatorewe uyu mwanya nk’umukandida rukumbi atsinze ku majwi 52 kuri 59.\r\n\r\nHari nyuma y’uko Rurangirwa Louis bari bahanganye yakuyemo kandidatire ye habura iminota mike ngo amatora atangire, avuga ko anyuranye n’amategeko.\r\n\r\nNyuma yo kwegura kwa Mugabo Olivier, inshingano zirasigaranwa na Visi Perezida, Habyarimana Marcel kugeza hateranye Inteko Rusange yemeza ugomba kumusimbura.', '', '2023-04-21 19:45:57', 'publie', 9, '2023-11-08 03:26:44', 'oui', '0000-00-00 00:00:00', 0, 0, 0, 'pos', '2023-05-01 22:19:55', 'fr', 'non', 0, '', '', ''),
(5, '', 'Insengero nyinshi zikomeje guhindurwamo utubari i Burayi', '', 6, '', '', 'Urugendo rwo kurangira k’ubukirisitu rurakomeje henshi mu bihugu by’i Burayi, aho insengero nyinshi ziri guhindurwa inzu zo guturamo, resitora, aherekanirwa filime, ahakinirwa imikino itandukanye, utubari, n’ibindi bikorwa bibyara amafaranga.\r\n\r\nNi mu gihe mu binyejana byo ha mbere, ubundi mu rusengero hafatwaga nk’ahantu hafasha umuntu kwegerana n’Imana, ahasezeranira abashakanye nk’ikimenyetso cyo kubaha Imana, n’indi mihango ya gikristu irimo gusezera ku bitabye Imana.\r\n\r\nNubwo mu bihugu cyane ibyo ku Mugabane wa Afurika bakibifata uko, siko bimeze mu bihugu byateye imbere cyane cyane ibyo ku Mugabane w’u Burayi.\r\n\r\nBivugwa ko abanyaburayi basigaye mu nsengero abenshi ari abageze mu zabukuru, ku buryo n’insengero zihasigaye zimwe zifatwa nk’inzu ndangamateka, kuko abakiri bato bo batitaye kubyo kuzisengeramo.', '', '2023-04-22 22:54:18', 'publie', 6, '2023-11-08 03:26:44', 'oui', '0000-00-00 00:00:00', 0, 0, 0, 'pos', '2023-04-22 22:54:14', 'fr', 'non', 0, '', '', ''),
(6, '', 'Ubutinganyi bugejeje Itorero ry’Abangilikani mu kangaratete', '', 6, '', '', 'Urugendo rwo kurangira k’ubukirisitu rurakomeje henshi mu bihugu by’i Burayi, aho insengero nyinshi ziri guhindurwa inzu zo guturamo, resitora, aherekanirwa filime, ahakinirwa imikino itandukanye, utubari, n’ibindi bikorwa bibyara amafaranga.\r\n\r\nNi mu gihe mu binyejana byo ha mbere, ubundi mu rusengero hafatwaga nk’ahantu hafasha umuntu kwegerana n’Imana, ahasezeranira abashakanye nk’ikimenyetso cyo kubaha Imana, n’indi mihango ya gikristu irimo gusezera ku bitabye Imana.\r\n\r\nNubwo mu bihugu cyane ibyo ku Mugabane wa Afurika bakibifata uko, siko bimeze mu bihugu byateye imbere cyane cyane ibyo ku Mugabane w’u Burayi.\r\n\r\nBivugwa ko abanyaburayi basigaye mu nsengero abenshi ari abageze mu zabukuru, ku buryo n’insengero zihasigaye zimwe zifatwa nk’inzu ndangamateka, kuko abakiri bato bo batitaye kubyo kuzisengeramo.', '', '2023-04-22 22:55:17', 'publie', 6, '2023-11-08 03:26:44', 'oui', '0000-00-00 00:00:00', 0, 0, 0, 'pos', '2023-04-22 22:55:12', 'fr', 'non', 0, '', '', ''),
(7, '', 'Ubuharike, kimwe mu bibazo byugarije abari n’abategarugori banduye virusi itera SIDA', '', 4, '', '', 'Bamwe mu bari n’abategarugori bavuga ko banduye agakoko gatera SIDA biturutse ku bo bashakanye babaciye inyuma barangiza bakabaharika none ubu bakaba bugarijwe n’ubukene n’ibindi bibazo by’imibereho.\r\n\r\nNyiransabimana Agnes, ni umubyeyi w’abana 4, avuga ko yanduye SIDA biturutse ku mugabo we wamuciye inyuma yarangiza akamuharika, akajya kwishakira abandi bagore, ibi bikaba byaramugizeho ingaruka we n’abana babyaranye.\r\n\r\nAgira ati:” Ubu imibereho yanjye n’abana imeze nabi, nagize ingorane zo kwandura agakoko gatera Sida biturutse ku mugabo wanjye aho yaje kunca inyuma akandura SIDA, bituma amparika antana n’abana twabyaranye”.\r\nAkomeza agira ati:” Nyuma yo gusanga twaranduye SIDA, yagiye kwishakira undi mugore gusa yaje kuremba cyane biza no kumuviramo gupfa ansiga mu buzima bubi njye n’abana 4  twabyaranye nkaba nkomeje kubaho nabi cyane”.\r\n\r\nPhoto: Rene Bigirimana, umuyobozi wa CDE Rwanda\r\n\r\nUyu mubyeyi aboneraho gusaba inzego zibifitiye ububasha kumukorera ubuvugizi ndetse no  kumuha ubufasha bushoboka kugirango arebe ko yagira imibereho myiza kuko avuga ko  atunzwe no kujya guhingira rubanda, yaba atabonye uwo ahingira akabaho nabi we n’abo bana.\r\n\r\nTukimara kwumva iki kibazo n’uburemere gifite kuri uyu mugore ndetse n’abana be,kikaba ndetse gishobora kuba no ku bandi bagize sosiyete nyarwanda, twavuganye na Bwana  BIGIRIMANA Rene, umuyobozi w’Umuryango CDE (Center for Development and Enterprise) Rwanda ufasha ukanakorera ubuvugizi abari n’abategarugori bahuye n’ibibazo nk’ibi atubwira ko bagiye kumukorera ubuvugizi we n’abandi bahuye n’ibibazo by’ubukene no  guharikwa n’abo bashakanye kugirango ibibazo bafite bikemuke.\r\n\r\nRene yagize ati: “Dufatanyije na minisiteri y’Uburinganire n’Iterambere ry’Umuryango (MIGEPROF) tuzakomeza kubakorera ubuvugizi cyane ko twe nka CDE mu ntego zacu harimo gukorera ubuvugizi abari n’abategarugori bahuye n’ibibazo by’ubuharike n’ubukene”.\r\n\r\nRene yongeraho ko habaho kwigisha abagabo n’abagore ku buryo bashobora kubana mu mahoro hakabaho ubuvugizi bw’abari n’abategarugori cyane cyane bene aba baba  barahuye n’ibibazo bikomeye nk’ibi biturutse ku kibazo cy’ubuharike, aho avuga ko buri muntu wese akwiye gufata iki kibazo nk’icye.\r\n\r\nPhoto: Rene Bigirimana, umuyobozi wa CDE Rwanda\r\n\r\nMinisiteri y’Uburinganire n’Iterambere ry’Umuryango mu Rwanda itangaza ko kugeza ubu ikibazo cy’ubuharike gikomeje kuba kimwe mu bihangayikishije abantu aho usanga bigira ingaruka mbi ku bashakanye rimwe na rimwe bakicana, abandi bagakena ndetse bikagira ingaruka no ku bana baba baravutse ku miryango yahuye n’iki kibazo aho bava mu ishuri abandi bakaba inzererezi n’ibindi,…\r\n\r\nUbushakashatsi bwakozwe n’ikigo cy’igihugu cy’imiyoborere mu Rwanda RGB bwo mu mwaka wa 2017, bwerakana ko ubuharike ari kimwe mu bibazo bituma habaho amakimbirane yo mu miryango aho mu mwaka wa 2016 honyine, amakimbirane yo mu ngo yahitanye abantu 142, barimo abagore 78 n’abagabo 64.\r\n\r\nUbu bushakashatsi kandi buvuga ko abanyarwanda babangamiwe n’iki kibazo bagera ku gipimo cya 85% aho usanga bituma bamwe bicana, abandi bagahura n’ibibazo nk’ibi byo kwandura  SIDA, abana bakavutswa uburenganzira bwo kwiga n’ibindi.\r\n\r\nUbwanditsi\r\n', '', '2023-04-30 22:22:36', 'publie', 4, '2023-11-08 03:26:44', 'oui', '0000-00-00 00:00:00', 0, 0, 0, 'pos', '2023-04-30 22:21:46', 'fr', 'non', 0, '', '', ''),
(8, '', 'U Bubiligi: Bishyize hamwe bashora imari mu bucuruzi bw’imodoka', '', 7, '', '', 'Abasore b’Abanyarwanda batuye mu mujyi wa Liège mu Bubuligi; Sesonga Samuel, Twagirimana Eric na Kouruma Mamady ukomoka mu gihugu cya Guinée Conakry bishyize hamwe nka ba rwiyemezamirimo, b’abanyafurika bashora imari mu bucuruzi bw’imodoka, aho bahurije ubumenyi n’ubushobozi muri Sosiyete yitwa Auto Sam 4 ASL.\r\n\r\nIyi Sosiyete “Auto Sam 4 Asl” yashinzwe na Sesonga Samuel yari isanzwe ikora ibijyanye n’ubucuruzi bw’imodoka mu buryo bwa kinyamwuga, ifasha Abanyarwanda gutumiza imodoka ku mugabane w’u Burayi no kuziha ibyangombwa byo gukorera mu bice bitandukanye.\r\n\r\nAuto Sam 4 SRL, mu Bibiligi ikorera ahitwa 57, Rue Provinciale 4450 Juprelle.\r\n\r\nMu kiganiro yagiranye na IGIHE, Sesonga yavuze ko ishoramari ry’imodoka akora arihuza no gutanga serivisi zirimo izo gusuzuma ubuziranenge bw’ibinyabiziga (contrôle technique) ku binyabiziga byo mu Bubiligi, iyi serivise ikaba ariyo mugenzi we Kouruma Mamady ukomoka mu gihugu cya Guinée Conakry azibandaho cyane aho abifitemo inararibonye.\r\n\r\nNi serivisi ikenerwa na benshi kuko benshi mu batunze imodoka bahura na bo usanga batabona umwanya wo gukoresha imodoka isuzuma ry’ubuziranenge, bakiyambaza ababigize umwuga nka Auto Sam 4 SRL\r\n\r\nIyi serivisi itangwa ku modoka zirengeje imyaka ine, ntigenewe abo mu Bubiligi gusa ahubwo n’Abanyarwanda bashobora kuyifashisha mu gihe babengutse imodoka kuri internet, Auto Sam 4 ASL ikahababera.\r\n\r\nAbahuriye muriAuto Sam 4 ASL bavuga ko n’umuntu uri mu Rwanda ashobora kubona imodoka kuri internet, akabasaba kumurebera ko ari nzima.\r\n\r\nBati “Hariho abatekamutwe bashyira imodoka kuri internet bakabwira umuntu ngo ohereza amafaranga, rimwe na rimwe wa muntu akabura imodoka n’amafaranga.”\r\n\r\nSerivisi y’isuzuma ry’imodoka Auto Sam 4 ASL bayitanga babifashijwemo n’uburenganzira bahawe binyuze mu kizwi nka “plaque Z.’’ Ni plaque y’igaraje umuntu ashobora gukoresha atwara imodoka cyangwa akayiha indi.\r\n\r\nIyo plaque iyo ishyizwe ku modoka biyemerera kuba yava mu Budage ikajyanwa mu Bubiligi. Iyo uguze imodoka umuntu asigarana plaque ye kuko iba imwanditseho, iyo ayigurishije yambikwa plaque Z kugira ngo ibone uko igenda idakumiriwe.\r\n\r\nAuto Sam 4 SRL inafasha Abanyarwanda koroherwa no kubona imodoka zivuye i Burayi.\r\n\r\nMu Rwanda kandi naho hari ibiro bya Auto Sam 4 SRL bitanga ubufasha bujyanye no gushakira ibyangombwa imodoka zivuye hanze ikaba ikorera muri Magerwa aho ihagarariwe n’abavandimwe ba Sesonga Samuel ari bo Rusagara Alexis, Mukasine Marie Grâce na Iradukunda Christian.\r\n\r\nSesonga na bagenzi be bahamya ko kuba bafite ishami mu Rwanda bibafasha cyane kuko “Uwatumije imodoka, ashobora kohereza amafaranga, ikamugeraho i Kigali kandi mu buryo bwizewe.’’\r\n\r\nBati “Dufite abakozi b’inzobere mu gusuzuma imodoka mbere yo gukora urugendo ruva mu Bubiligi kugera ku cyambu cya Dar es Salaam yerekeza i Kigali”.\r\n\r\nIyo imodoka yoherejwe, uwayitumije anafashwa kumenya aho igeze mu nzira yose icamo kuva ku cyambu cya Anvers mu Bubiligi gifite uburenganzira bwo kunyuzwaho imodoka zakoze, zoherezwa muri Afurika.\r\n\r\nAbagize Auto Sam 4 SRL bavuga ko bafite ababagezaho imodoka baherereye mu bihugu nk’u Bubiligi, u Budage, u Buholandi, u Bwongereza zikanyuzwa kuri icyo cyambu cya Anvers aho ubwato buhaguruka inshuro imwe mu kwezi.\r\n\r\nImodoka ivuye Anvers igera i Dar es Salaam mu byumweru bitatu, mbere yo gusesekara i Kigali nyuma y’iminsi ibiri cyangwa itatu.\r\n\r\nAuto Sam 4 ASL kandi kuva yatangira mu myaka ine ishize, yanamenyekana mu Banyarwanda baba mu bihugu bitandukanye muri Afurika, birimo Congo Brazzaville, Guinée Conakry, Sénégal n’abandi bayituma imodoka.\r\n\r\n‘Auto SAM 4’ itanga serivisi eshatu zirimo izo kugurira ababyifuza imodoka, gukoresha isuzuma ry’ubuziranenge no gufasha umuntu kujyana imodoka aho yifuza hose mu Bubiligi no mu Burayi akoresheje Plaque Z.\r\n\r\nMu Rwanda itanga serivisi zirimo gukura imodoka na kontineri ku cyambu cya Dar es salaam zigezwa i Kigali no kohereza ibicuruzwa mu mahanga yose. Ikorera mu nyubako ya “Le prestige’’ iri Rwandex iruhande rwa Sitasiyo ya Discentre.\r\n\r\nUshaka ibindi bisobanuro wabaza Sesonga Samuel (0032488 384 832), Rusagara Alexis (00250 788 235 600) na Mukasine Marie Grâce (00250 788 402222).', '', '2023-05-01 21:24:10', 'publie', 7, '2023-11-08 03:26:44', 'oui', '0000-00-00 00:00:00', 0, 0, 0, 'pos', '2023-05-01 21:23:19', 'fr', 'non', 0, '', '', ''),
(9, '', 'Abanyarwanda batuye muri Leta ya California bibutse Jenoside yakorewe Abatutsi', '', 7, '', '', 'Abanyarwanda baba muri California y’Amajyaruguru muri Leta Zunze Ubumwe za Amerika, ku wa Gatandatu tariki ya 15 Mata 2023 bahuriye mu gikorwa cyo Kwibuka ku nshuro ya 29 Jenoside yakorewe Abatutsi mu 1994.\r\n\r\nMu bitabiriye harimo Abanyarwanda batuye muri Leta ya California bari biganjemo urubyiruko, abayobozi batandukanye muri Ambasade y’u Rwanda muri Leta Zunze Ubumwe za Amerika ndetse n’inshuti z’u Rwanda.\r\n\r\nDr. Phodidas Ndamyumugabe yatanze ubuhamya bw’inzira yanyuzemo muri Jenoside yakorewe Abatutsi, ndetse n’uko umuryango we wose wishwe.\r\n\r\nYashimye Ingabo za FPR Inkotanyi zahagaritse Jenoside yakorewe Abatutsi, zikarokora abahigwaga.\r\n\r\nUmwe mu bayobozi akaba no mu bashinze Kaminuza ya Sonoma State University, Chrstyne Davidian, mu ijambo yagejeje ku bitabiriye iki gikorwa yavuze ko Jenoside yakorewe Abatutsi kuba yibukwa iminsi ijana yose, ari ngombwa cyane, ndetse intego ari ukugira ngo ibyabaye bitazongera kubaho mu Rwanda.\r\n\r\nDr. Boatamo Masupyoe mu ijambo rye we yavuze ko buri gihe iyo habaye Kwibuka Jenoside yakorewe Abatutsi, atumirwa, kandi no kuri iyi nshuro nubwo yari arwaye byari ngombwa ko yitabira akifatanya n’abandi.\r\n\r\nYavuze ko kwibuka Jenoside yakorewe Abatutsi ari icyubahiro ku nzirakarengane zayiguyemo, ndetse yitsa ku rubyiruko rwavutse nyuma ko hakwiye kuzirikanwa n’ingaruka zirimo ihungabana ruterwa n’ibyabaye ku babyeyi barwo.\r\n\r\nDr. Boatamo yibukije ko urubyiruko rukwiye guhabwa umwihariko, rukigishwa amateka y’ibyo igihugu cyanyuzemo mu kwirinda no gukumira ko Jenoside yakongera kubaho ukundi.\r\n\r\nUmuyobozi w’Umuryango w’Abanyarwanda batuye muri California y’Amajyepfo muri Leta Zunze Ubumwe za Amerika, Abdul Bigirumwami, we yavuze ko Kwibuka uyu mwaka ku nshuro ya 29 Jenoside yakorewe Abatutsi ari igihe cyo kuzirikana ibihe bibi igihugu cyabayemo ndetse no gutekereza ku buryo bitazongera kubaho ukundi.\r\n\r\nAmbasaderi w’u Rwanda muri Leta Zunze Ubumwe za Amerika, Prof. Mathilde Mukantabana, mu butumwa bwe yavuze ko kwibuka Jenoside yakorewe Abatutsi mu 1994 ari uguha agaciro ndetse n’icyubahiro abishwe no gufata mu mugongo abarokotse.\r\n\r\nYashimangiye ko inshingano yo gukumira \"Jenoside ari iya buri wese\" kugira ngo ibyabaye bitazasubira.\r\n\r\nYagaragaje ko nubwo Jenoside yakorewe Abatutsi yahagaritswe, hakigaragara ikibazo cy’ingengabitekerezo yayo ibi ahanini bigakorwa n’abayigizemo uruhare n’abambari babo bashaka guhunga amateka ashaririye bashoyemo igihugu.\r\n\r\nYasabye abitabiriye igikorwa cyo Kwibuka ku nshuro ya 29 Jenoside yakorewe Abatutsi kubyamagana mu buryo bwose bushoboka.\r\n\r\nMuri uyu muhango kandi hanacanwe urumuri rw’icyizere cy’ahazaza h’Abanyarwanda, ndetse hanatangwa ubutumwa bumuhumuriza kandi bwubaka.\r\n\r\nIbikorwa byo Kwibuka ku nshuro ya 29 Jenoside yakorewe Abatutsi birakomeje hirya no hino ku Banyarwanda batuye mu ntara esheshatu muri Leta Zunze Ubumwe za Amerika, muri iki gihe cy’iminsi ijana.', '', '2023-05-01 21:25:55', 'publie', 7, '2023-11-08 03:26:44', 'oui', '0000-00-00 00:00:00', 0, 0, 0, 'pos', '2023-05-01 21:26:48', 'fr', 'non', 0, '', '', ''),
(10, '', 'Maj. Gen. Charles Karamba yasezeye kuri Perezida Samia Suluhu', '', 7, '', '', 'Ambasaderi w’u Rwanda muri Repubulika ya Tanzania, Maj. Gen. Charles Karamba usoje imirimo ye yasezeye kuri Perezida w’iki gihugu, Samia Suluhu Hassan umuhango wabereye mu biro by’umukuru w’igihugu.\r\n\r\nYamusezeye kuri uyu wa 28 Mata 2023 nk’uko byatangajwe na Minisiteri y’Ububanyi n’Amahanga y’u Rwanda ibinyujije ku rubuga rwayo rwa Twitter.\r\n\r\nMu 2019 nibwo Maj. Gen. Charles Karamba wari Umugaba w’Ingabo zirwanira mu Kirere yagizwe ambasaderi muri Tanzania, asimbuye Eugene Segore Kayihura wari wimuriwe muri Afurika y’Epfo.\r\n\r\nYagizwe ambasaderi w’u Rwanda muri Repubulika ya Tanzania, mu gihe Perezida w’iki gihugu yari John Pombe Magufuli, cyane ko ari nawe yashyikirije impapuro zimuhesha uburenganzira bwo guhagararira u Rwanda muri iki gihugu.\r\n\r\nMaj. Gen. Charles Karamba yasezeye kuri Perezida Suluhu nyuma y’amasaha make na Perezida Kagame asoje uruzinduko yari ari kugirira muri iki gihugu aho abakuru b’ibihugu bombi bagiranye ibiganiro bigaruka ku mubano w’ibihugu byombi.\r\n\r\nNi uruzinduko Perezida Kagame yagiriye muri Tanzania nyuma y’uko muri Kanama mu 2021 mugenzi we, Samia Suluhu na we yari yagiriye uruzinduko mu Rwanda.\r\n\r\nMuri uru ruzinduko rwa Samia, hasinywe amasezerano atanu arimo ay’ubufatanye mu ikoranabuhanga n’itumanaho, ay’ubufatanye mu bijyanye n’urujya n’uruza rw’abantu n’ibintu, uburezi n’amabwiriza agenga ibijyanye n’imiti.\r\n\r\nNyuma yo gushyira umukono kuri aya masezerano, Perezida Kagame yavuze ko u Rwanda na Tanzania ari ibihugu by’inshuti bisangiye ibirenze umupaka.\r\n\r\nAti “U Rwanda na Tanzania bisangiye ibirenze umupaka, igihango gikomeye dufitanye mu bijyanye n’amateka n’ubushake duhuriyeho bwo gutanga ibyiza ku baturage bacu bwagiye buba izingiro ry’ubufatanye bwacu.”\r\n\r\nU Rwanda na Tanzania bisanzwe bifatanya mu bikorwa byiganjemo ubucuruzi cyane ko uretse kuba Abanyarwanda bakoresha icyambu cya Dar es Salaam, hari n’ibicuruzwa biva mu Rwanda bijyanwa gucuruzwa muri Tanzania.\r\n\r\nIki gihugu ni umufatanyabikorwa ukomeye w’u Rwanda kuko ari inzira inyuramo ibicuruzwa birenga 70% by’ibyinjira ndetse n’ibisohoka mu Rwanda. Ni mu gihe icyambu cya Tanzania cyakira 85% by’ibicuruzwa by’u Rwanda byinjira cyangwa byoherezwa.', '', '2023-05-01 21:28:34', 'publie', 7, '2023-11-08 03:26:44', 'oui', '0000-00-00 00:00:00', 0, 0, 0, 'pos', '2023-05-01 22:15:36', 'fr', 'non', 0, '', '', ''),
(11, '', 'Amateka mashya mu Buholandi: Hatashywe urwibutso rwa Jenoside yakorewe Abatutsi', '', 7, '', '', 'Mu Bwami bw’u Buholandi kuri uyu wa 19 Mata 2023, hatashywe urwibutso rwa Jenoside yakorewe Abatutsi rukaba ari urwa mbere muri iki gihugu.\r\n\r\nIgikorwa cyo kurufungura cyabereye mu mujyi wa Amsterdam ahitwa muri \"Beatrix Park\" Diepenbrockstraat, 15, cyitabiriwe n’abanyacyubahiro barimo Amb. OlivierJean Patrick Nduhungirehe, Safari Christine uyobora umuryango Ibuka-Hollande na Reinier Van \"Dantzig wari uhagarariye umuyobozi Mukuru w’Umujyi wa Amstredam.\r\n\r\nAbandi ni Marcel de Vink, Umuyobozi Mukuru muri Minisiteri y’Ububanyi n’Amahanga y’u Buholandi ushinzwe ibirebana na politiki, Jugde Gatti Santana, Umuyobozi mukuru w’urwego rwashyiriweho kurangiza imanza z’Inkiko Mpuzamahanga zashyiriweho u Rwanda n’iyahoze ari Yougoslavie (IRMCT).\r\n\r\nHari kandi Adia Sakiqi uhagarariye igihu cya Albania, akaba ari na we uhagarariye itsinda rya ba Ambasaderi bose bahagarariye ibihugu byabo mu Buholandi n’abandi bagenzi be, Claude Ndabarasa uyobora Diaspora nyarwanda mu Buholandi, Abanyarwanda baturutse mu bice bitandukanye by’iki gihugu biganjemo abarokotse Jenoside yakorewe Abatutsi.\r\n\r\n<doc1>\r\n\r\nNi igikorwa cyabimburiwe no gufungura ku mugaragaro uru rwibutso rwa mbere mu Buholandi rugenewe kwifashishwa mu kwibuka amateka ya Jenoside yakorewe Abatutsi mu Rwanda mu 1994.\r\n\r\nHakurikiyeho gushyira indabo ku rwibutso, igikorwa cyakurikiwe n’ibiganiro byagarutse kuri iki gikorwa cyo gutaha urwibutso ndetse nk’uko u Rwanda n’amahanga bakiri mu minsi 100 yo kwibuka abishwe muri Jenoside yakorewe Abatutsi n’ibiganiro byagarutse ku bubi bwayo.\r\n\r\nMu kiganiro na IGIHE, Amb. Olivier Jean Patrick Nduhungirehe yagize ati “Iki ni igikorwa gikomeye kuko ni urwibutso rwa mbere tugize nk’u Rwanda mu Buholandi. Nakwibutsa ko ruje rusanga izindi nzibutso 20 ziherereye mu bihugu bitandukanye hano ku butaka bw’u Burayi.”\r\n\r\n“Ibi bizatuma abarokotse Jenoside yakorewe Abatutsi batuye hano mu Buholandi bazajya baza bakahibukira ababo bishwe muri Jenoside ndetse n’Abaholandi ubwabo cyane cyane urubyiruko, amashuri bazajya baza kugira ngo baganirizwe ku mateka yacu ya Jenoside yakorewe Abatutsi kugira ngo bitazongera kubaho ukundi n’ahandi.”\r\n\r\nAmb. Nduhungirehe yakomeje ashimira Umujyi wa Amstredam wafashije mu gushyiraho urwo rwibutso hamwe na Minisiteri y’Ububanyi n’Amahanga. Ati “ Ndanashimira ku giti cyanjye Safari Cristine uyobora Ibuka-Hollande ku ruhare yabigizemo kuva muri iyi myaka itanu amaze ayiyobora kuko ntako atagize ngo uru rwibutso ruboneke.”\r\n\r\nSafari Christine yavuze ko uru rwibutso ari ikintu gikomeye cyane kuri we no ku bandi barokotse Jenoside yakorewe Abatutsi ndetse n’undi wese wumva aya mateka kuko areba Isi yose.\r\n\r\nAti “Uru rwibutso ni ikintu kizadufasha abapfobyi ba Jenoside yakorewe Abatutsi, ruzaba kandi imfashanyigisho. Tuzajya tuharuhukira, twibuka abacu. Ni igikorwa gikomeye cyane kuri Ibuka-Hollande. U Buholandi nibwo bwari busigaye mu bihugu byo mu Burengerazuba bw’u Burayi butari bufite urwibutso rwa Jenoside yakorewe Abatutsi kandi baradufashije byinshi mu bijyanye n’ubutabera.”\r\n\r\nUmuyobozi mukuru w’urwego rwashyiriweho kurangiza imanza z’Inkiko Mpuzamahangazashyiriweho u Rwanda n’icyahoze ari Yougoslavie (IRMCT / MIFRTP), Jugde Gatti Santana, yavuze ko uru rwibutso ruzafasha kujya rwigisha amateka y’ubwicanyi bwakorewe Abatutsi muri Jenoside bibere isomo abandi bose kugira ngo bitazongera n’ahandi.\r\n\r\nUmuyobozi mukuru muri Minisiteri y’Ububanyi n’Amahanga y’u Buholandi ushinzwe ibirebana na Politiki, Marcel de Vink yavuze ko Leta y’u Buholandi isanga ari ngombwa ko ifatanya n’u Rwanda mu gukomeza kwibuka aya mateka.', '', '2023-05-01 21:31:07', 'publie', 7, '2023-11-08 03:26:44', 'oui', '0000-00-00 00:00:00', 0, 0, 0, 'pos', '2023-05-08 16:34:03', 'fr', 'non', 0, '', '', ''),
(12, '', 'Nel Ngabo mu myiteguro ya album gatatu', '', 8, '', '', 'Umuririmbyi Rwangabo Byusa Nelson wazanye mu muziki amazina ya Nel Ngabo agiye gushyira album ya gatatu yise ‘‘Life, Love & Light’’.\r\n\r\nMu kiganiro na IGIHE, Nel Ngabo, yatangaje ko babikoze muri gahunda we n’abajyanama be bihaye yo kujya bashyira hanze album buri mwaka. Ati “Ni ibisanzwe ni uko ari gahunda twihaye yo gusohora album buri mwaka.”\r\n\r\nAsobanura izina rya album ‘‘Life, Love & Light” avuga ko muri make indirimbo ziriho zirimo urukundo n’ubuzima byose. Iyi album igizwe n’indirimbo 13 zizatangazwa bashyize hanze ’tracklist’. Avuga ko yayihuriyeho n’abandi bahanzi ariko igihe cyo kubatangaza kitaragera.\r\n\r\nIndirimbo ziri kuri album abantu bazi ni “Arampagije”, “Reka hashye” na “Narahindutse”. Ntabwo igihe iyi album izagira hanze kiramenyekana.\r\n\r\nIyo avuga itandukaniro ry’iyi album n’izindi ebyiri aheruka gushyira hanze avuga ko itandukaniro ririho ari uburyo indirimbo ziriho zumvikana, bitandukanye na album za mbere.\r\n\r\nIyi album igiye kuza isanga izindi uyu musore yakoze ebyiri. Zirimo ‘‘Ingabo’’ yagiye hanze mu 2020 ndetse na ‘‘RNB 360’’ yashyize hanze ku wa 21 Ukuboza 2021. Ni album y’indirimbo 11.\r\n\r\nMu ndirimbo ziriho harimo iyo yise ‘Perfect’, ‘Keza’ yahuriyemo na Buravan, ‘Henny’, ‘Muzadukumbura’ yakoranye na Fireman, ‘Want you back’, ‘Bindimo’ yahuriyemo na Kevin Skaa na Fireman, ‘Takalamo’ yakoranye na The Ben na Platini P, ‘Uzanyibuka’, ‘Church boy’ ye na Angel Mutoni, ‘Mutuale’ yahuriyemo na Bruce Melodie ndetse na Waiting.\r\n\r\nIzina ry’iyi album ni impine y’amazina ye ikaba kandi na none impine y’injyana akora.\r\n\r\nRNB ni injyana akora ya RnB, ikindi album ikubiyemo amazina ye Rwangabo Nelson Byusa [RNB]. 360 ivuze ko ari ikintu cyuzuye kuko yashyizeho injyana zitandukanye.\r\n\r\nNel Ngabo w’imyaka 25 yatangiye umuziki mu 2017, gusa impano ye yatangiye gushashagirana ubwo yinjiraga muri Kina Music.', '', '2023-05-01 21:54:22', 'publie', 8, '2023-11-08 03:26:44', 'oui', '0000-00-00 00:00:00', 0, 0, 0, 'pos', '2023-05-01 21:54:17', 'fr', 'non', 0, '', '', ''),
(13, '', 'Bruce Melodie yongeye kugaragaza ko ari igihangange mu bihembo bya The Choice', '', 8, '', '', 'Ku nshuro ya gatatu, ibihembo bigamije gushimira abahize abandi mu myidagaduro bizwi nka The Choice Awards byongeye gutangwa, Bruce Melodie yegukana ibihembo bibiri birimo icy’umuhanzi w’umugabo w’umwaka n’icy’indirimbo nziza mu mashusho.\r\n\r\nIbi birori byabaye kuri iki Cyumweru tariki 30 Mata 2023, aho ibyamamare bitandukanye byari byabukereye. Ni ubwa mbere ibi birori bibaye nyuma yo kuva muri COVID-19.\r\n\r\nKabanda Jean de Dieu watangije Isibo Tv aha ikaze abitabiriye iki gikorwa, yavuze ko nibura abantu bakwiriye kwishimira ko umuhanzi asigaye ahabwa agaciro.\r\n\r\nAti \"Mbere ntabwo umuhanzi yahabwaga agaciro ariko ubu turashyigikiwe, impande zose. Reka nsubire ku gikorwa kiri bubere hano mbonera kwishimira intsinzi ya buri wese urahiga abandi. Ubu nta mafaranga dutanga ariko Imana nidufasha hari igihe tuzatanga ikintu gifatika.\"\r\n\r\nUretse amanota yatanzwe ’abafana hifashishijwe murandasi yari afite 40%, akanama nkemurampaka kari gafite 60%. Igikorwa kirimbanyije, Emmalito na Muyango bayoboye ibi birori basabye abantu gufata umunota wo kwibuka Yvan Buravan, uheruka kwitaba Imana.\r\n\r\nIbi bihembo bigamije gushimira abakora umuziki, abakinnyi ba filimi, ababyinnyi n’abakinnyi bo muri siporo zitandukanye, n’abandi bafite aho bahurira n’imyidagaduro, kugira ngo berekwe ko umuhate wabo atari uw’ubusa.\r\n\r\nUko abahanzi bakurikiranye:\r\n\r\n- Amashusho y’indirimbo y’umwaka (Video of The year): Funga Macho ya Bruce Melodie\r\n\r\n- Uhanga imideli w’umwaka (Fashion designer of the year): Joyce Fashion Designer\r\n\r\n- Umubyinnyi w’umwaka (Dancer of the year): Jojo Breezy\r\n\r\n- Umukinnyi wa filime w’umwaka ( Actress of the year): Miss Nyambo\r\n\r\n- Iconic Award: Mukansanga Salma\r\n\r\n- Umuhanzi w’indirimbo zihimbaza Imana w’umwaka (Gospel artist of the year): Israel Mbonyi\r\n\r\n- Uwayoboye amashusho y’indirimbo w’umwaka (Video director of the year): Gad\r\n\r\n- Umukinnyi w’umwaka: Bigirimana Abedi\r\n\r\n- Umuhanzi mushya (New artist): Afrique\r\n\r\n- Umukinnyi wa filime w’umugabo w’umwaka (Male actor): Niyitegeka Gratien (Papa Sava)\r\n\r\n- Umuhanzikazi w’umwaka (Female artist of The year): Alyn Sano\r\n\r\n- Uvanga umuziki w’umwaka (Dj of the year): Dj Brianne\r\n\r\n- Umuhanzi w’umugabo w’umwaka (Male Artist of the Year): Bruce Melodie\r\n\r\n- Influencer w’umwaka: Alliah Cool', '', '2023-05-01 21:55:58', 'publie', 8, '2023-11-08 03:26:44', 'oui', '0000-00-00 00:00:00', 0, 0, 0, 'pos', '2023-05-01 21:55:54', 'fr', 'non', 0, '', '', ''),
(14, '', 'Abakobwa 26 barenze ijonjora ry’ibanze muri Miss Burundi 2023', '', 8, '', '', 'Abategura Irushanwa rya Miss Burundi bemeje abakobwa 26 barenze ijonjora ry’ibanze bavuye mu basaga 142 bari biyandikishije muri uyu mwaka.\r\n\r\nIri jonjora ryabereye ahitwa ‘Roca Golf Hotel’ ryasize hamenyekanye abakobwa 26 bakomeje mu kindi cyiciro ndetse ni nabo bazavamo umwe usimbura Miss Kelly Ngaruko ufite ikamba rya Miss Burundi 2022.\r\n\r\nAbakobwa bakomeje mu kindi cyiciro barimo Akimana Linda, Barungura Lyne Chella, Bazahiga Tania, Bwitonzi Grace Aurore, Igiraneza Ange Charlene, Igiraneza Beraca, Ingabire Rolyca Ornella, Iraganje Roxanna Rania, Irakoze Cynthia, Irakoze Irica Aimée Carolle, Ishimwe Ange Bertille, Ishimwe Netty Louange, Iteriteka Ainee Noria.\r\n\r\nAbandi ni Kaneza Ackissa Yvana, Kanziza Olga Charruella, Kenguruka Clara, Keza Blandine, Kezimana Melissa, Mizero Anick, Mugisha Elsie Amandine, Ndayizeye Lellie Carelle, Ngabirano Belle Ange Edissa, Ngabire Carly, Rukundo Ange Brunelle, Uwera Ricky Tricia na Uwimana Ange Belyssa.\r\n\r\nMuri aba bakomeje 10 muri bo ni abahagarariye Umujyi wa Bujumbura mu gihe Gitega ihagarariwe n’umukobwa umwe.\r\n\r\nAbiyandikishije bose basabwaga kuba ari abakobwa bavuka cyangwa bafite ubwenegihugu bw’u Burundi, bafite imyaka itarenze 25 ariko itari munsi ya 18, bashobora kuvuga neza Igifaransa n’Ikirundi.\r\n\r\nBasabwa kuba bararangije amashuri yisumbuye, bafite uburebure butari munsi ya metero 1,65, batarengeje ibilo 65, batarigeze babyara cyangwa ngo bashake abagabo, ikindi ni uko bagomba kuba batarigeze bakatirwa n’inkiko.\r\n\r\nUzegukana ikamba rya Miss Burundi 2023 azahabwa imodoka yo mu bwoko bwa Toyota Ractis, litiro 480 za lisansi, ubwishingizi bw’imodoka, azajya akorerwa imodoka, yishyurirwe amashuri, anagenerwe umushahara w’ibihumbi 500 Fbu.\r\n\r\nIgisonga cya Mbere cya Miss Burundi kizagenerwa 2.500.000 Fbu, Igisonga cya Kabiri kizahabwa 2.000.000 Fbu naho umukobwa uzagaragaza ko ashyigikiwe cyane akazagenerwa 1.000.000 Fbu.\r\n\r\nUbwo iri rushanwa riheruka ku wa 6 Gicurasi 2022 ni bwo Ngaruko Kelly yegukanye ikamba rya Miss Burundi 2022 ahigitse abandi bakobwa 57.', '', '2023-05-01 22:03:58', 'publie', 8, '2023-11-08 03:26:44', 'oui', '0000-00-00 00:00:00', 0, 0, 0, 'pos', '2023-05-01 22:03:53', 'fr', 'non', 0, '', '', ''),
(15, '', 'advertise here', '', 13, '', '', '', '', '2023-11-10 04:04:51', 'publie', 11, '2023-11-10 03:04:51', 'oui', '0000-00-00 00:00:00', 0, 0, 0, 'pos', '2023-11-10 04:04:42', 'fr', 'non', 0, '', '', ''),
(16, '', 'police', '', 14, '', '', '', '', '2023-11-10 04:10:06', 'publie', 11, '2023-11-10 03:10:18', 'oui', '0000-00-00 00:00:00', 0, 0, 0, 'pos', '2023-11-10 04:10:18', 'fr', 'non', 0, '', '', ''),
(17, '', 'skol', '', 15, '', '', '', '', '2023-11-10 04:17:41', 'publie', 11, '2023-11-10 03:17:51', 'oui', '0000-00-00 00:00:00', 0, 0, 0, 'pos', '2023-11-10 04:17:51', 'fr', 'non', 0, '', '', ''),
(18, '', 'advertise here', '', 16, '', '', '', '', '2023-11-10 04:18:35', 'publie', 11, '2023-11-10 03:18:55', 'oui', '0000-00-00 00:00:00', 0, 0, 0, 'pos', '2023-11-10 04:18:55', 'fr', 'non', 0, '', '', ''),
(19, '', 'Mu ndirimbo “Turagushima”,korali Abacunguwe yavuze imyato Yesu kubw’ibyo yabakoreye', ' Nyuma yo gutekereza neza ku ho Imana yabakuye, “ABACUNGUWE” bayituye amashimwe afite ireme mu ndirimbo “TURAGUSHIMA”', 6, '', '', '<doc20|center>\r\n\r\nKorali ABACUNGUWE ni umutwe w’abaririmbyi ugwije ibigwi mu murimo w’Imana,ibikorwa byayo bikaba byaratangiye mu mwaka w’2001 ubwo uyu mutwe w’abaririmbyi wavukaga.\r\n\r\nHari amwe mu mateka uyu mutwe w’abaririmbyi usanga wihariye ugereranyije n’imwe mu mitwe y’abaririmbyi (chorales), ubusanzwe bimenyerewe ko Korali ibyarwa n’itorero ibarizwamo ariko aba bo ahubwo ni bo babyaye Paruwase, bisobanuye ko ni ubona abo mu itorero ry’Abangilikani ku Kacyiru bateranye bagesengera mu rusengero rwabo rubereye ijisho, ujye uhita ubonamo uruhare rukomeye rw’uyu mutwe w’abaririmbyi,uhagurukijwe no guhindura amateka yawuranze muri izi mpera za 2023.\r\nKu ikubitiro,mu guhindura ayo mateka yayiranze, Chorale ABACUNGUWE ihereye ku gukora indirimbo mu mashusho meza ndetse na audio mu buryo bugezweho,ibimburiye izindi ni \r\nindirimbo nziza bise “Turagushima” \r\n\r\n<doc21|center>\r\n{{ {Korali Abacunguwe ihagurukijwe no kuvuga ubumwa mu buryo bugezweho} }}\r\n\r\nMu kiganiro kigenewe abanyamakuru,abayobozi b’uyu mutwe w’abaririmbyi,basobanuye ko amateka baciyemo nk’umutwe w’abaririmbyi,abaririmbyi ku giti cyabo ndetse n’imiryango baturukamo byose byabahaye inganzo maze bashyira hanze indirimbo yitwa “Turagushima”.\r\n\r\nUmuyobozi wayo,bwana Bonane Jean Claude agaragaza ko gusohora indirimbo yabo “Turagushima” bifite imvano kuko ibikorwa Imana yabashoboje kugeraho byivugira mu rugendo rw’imyaka isaga 20 bamaze, yagize ati : “Dushima Imana ku byo twagezeho nka korali,si ukuririmba gusa,tugira n’ibikorwa byagutse,mu mpande zose  z’igihugu.Bimwe muri byo ni ibyo gufasha abatishoboye nko kubishyurira ubwisungane mu kwivuza (mutuelle de sante),kwubakira inzu abatishoboye,kwubaka insengero” \r\n\r\nUmutoza w’iyi korali,Bambanze Christophe yagize ati : “dufite byinshi dushimira Imana,mu myaka 20 irenga ishize twabonye imirimo y’Imana. Uku mutubona, twatangiye korali nta n’urusengero dufite dusengeramo, twahoraga dusengera mu maparuwasi y’abandi,twasubije amaso inyuma twumva birakwiye ko dushima Imana.”\r\n\r\nKorali Abacunguwe yo mu Itorero ry’Abangilikani rya Kacyiru,yahise inaduteguza izindi ndirimbo ebyiri zihetse ubutumwa bufite imbaraga,izi zo zikaba zishobora kurangiza gutunganywa mbere yuko hasozwa uyu mwaka wa 2023.\r\n', '', '2023-11-09 14:41:29', 'publie', 6, '2023-11-09 14:41:29', 'oui', '0000-00-00 00:00:00', 0, 0, 0, 'pos', '2023-11-09 14:38:29', 'fr', 'non', 0, '', '', ''),
(20, '', 'Nyuma y’imyaka ibiri Tity Brown ararekuwe!', '', 8, '', '', 'Kuri uyu wa gatanu nibwo urukiko rwemeje ko Ikirego cy’Ubushinjacyaha nta shingiro gifite, rwemeza ko Ishimwe Thierry uzwi nka Titi Brown ari umwere ku cyaha cyo gusambanya no gutera inda umukobwa wahawe kode ya M.J. \r\n\r\nUyu musore wari umenyerewe ku kabyiniro ka Titi Brown yari amaze imyaka igera kuri ibiri ubutabera bumukurikiranyeho icyaha cyo gusambanya umwana w’umukobwa wahimbwe M.J. mu rwego rwo kudashyira hanze umwirondoro we. Uru ni urubanza rwigaruriye imbuga nkoranyambaga mu gihe yari akiri muri gereza,bituma benshi banamumenya ndetse bashyiraho akabo bamukorera ubuvugizi mu buryo butandukanye. \r\n\r\nAkirekurwa,umubyinnyi wabigize umwuga,Tity Brown byamurenze abanza gusuka amarira maze amagambo ye ya mbere aba ayo gushima byimazeyo Imana ndetse na leta y’u Rwanda,yagize ati :  “Rero ndashaka gushimira Imana, leta y’u Rwanda kuko mbonye ubutabera”\r\n\r\n“Ndashimira cyane itangazamakuru,kuko incuro zose basubikaga urubanza,ariko mukagaruka,mugatwika essence yanyu,ntabwo nabona icyo mbishyura Imana ikomeze ibampere umugisha,ikomeze ibagure mu kazi kanyu”  \r\nUyu musore wacyekwagaho icyaha cyo gusambanya no gutera inda umukobwa utagejeje imyaka y’ubukure agizwe umwere nyuma yuko yari yarasabiwe igihano cyo gufungwa imyaka 25.\r\n\r\n<doc25|center>', '', '2023-11-10 08:21:00', 'publie', 8, '2023-11-13 15:26:03', 'oui', '0000-00-00 00:00:00', 0, 0, 0, 'pos', '2023-11-13 15:26:03', 'fr', 'non', 0, '', '', ''),
(21, '', 'Website Training', '', 9, '', '', 'Vous pouvez désormais naviguer de façon privée. Les autres utilisateurs de cet appareil ne verront pas votre activité. Toutefois, les {{téléchargements}}, les favoris et les éléments de la {liste} de lecture seront enregistrés.\r\n\r\n<doc31|center>\r\n\r\nVous pouvez désormais naviguer de façon privée. Les autres utilisateurs de cet appareil ne verront pas votre activité. Toutefois, les téléchargements, les favoris et les éléments de la liste de lecture seront enregistrés.\r\n\r\n<doc31|center>\r\n\r\nVous pouvez désormais naviguer de façon privée. Les autres utilisateurs de cet appareil ne verront pas votre activité. Toutefois, les téléchargements, les favoris et les éléments de la liste de lecture seront enregistrés.\r\n\r\nVous pouvez désormais naviguer de façon privée. Les autres utilisateurs de cet appareil ne verront pas votre activité. Toutefois, les téléchargements, les favoris et les éléments de la liste de lecture seront enregistrés', '', '2023-11-15 18:18:19', 'prepa', 9, '2023-11-15 18:32:37', 'oui', '0000-00-00 00:00:00', 0, 0, 0, 'pos', '2023-11-15 18:28:16', 'fr', 'non', 0, '', '', ''),
(22, '', 'ABO TURI BO', '', 10, '', '', 'IGIHANGO ni igitangazamakuru gikorera kuri murandasi,kikaba gifite intego yo gutanga umusanzu wacyo mu gutangaza amakuru atabogamye kandi afasha abanyarwanda n’inshuti z’u Rwanda kugira amakuru nyayo.\r\n\r\nTwibanda ku nkuru z’ubuvugizi,iterambere ry’igihugu,ubuzima,akarere u Rwanda ruherereyemo (Grands-Lacs & EAC) ndetse n’izindi.\r\n\r\nIgihango dufitanye namwe tuzagikomeraho kandi tuzishimira kwakira ibitekerezo byanyu ku mikorere yacu!\r\n\r\nMurakoze\r\n', '', '2023-11-28 11:27:25', 'publie', 10, '2023-12-01 13:46:04', 'oui', '0000-00-00 00:00:00', 0, 0, 0, 'pos', '2023-12-01 13:46:04', 'fr', 'non', 0, '', '', ''),
(23, '', 'Sendika SYTRIECI, ku isonga mu kwita ku mibereho y’abana b’abakora imirimo itanditse mu Rwanda', '', 4, '', '', '\r\n\r\nMu rwego rwo kwigira hamwe uko hanozwa imibereho myiza y’abana b’abakora imirimo itanditse mu Rwanda, sendika ibakorera ubuvugizi ari yo SYTRIECI yateguye inama igamije kwiga ku mibereho y’abana b’abakora iyo mirimo ndetse n’uko yarushaho kwitabwaho buri wese abigizemo uruhare.\r\n\r\nIyi nama yabaye urubuga rwo kugaragaza imbogamizi abakora iyo mirimo bagihura nayo,ndetse zimwe muri zo bazigaragarije iyo sendika sendika yateguye iyi nama,nk’uko bamwe mu bakurikirana ibigo mbonezamikurire babisobanura,imwe mu mbogamizi nyamukuru ni ubushobozi bucye bwa bamwe mu bakora imirimo itanditse ngo abana babo bahabwe indyo iboneye.\r\n\r\nSi aba gusa bagaragarije iyi sendika imbogamizi bahura nazo ngo izabakorere ubuvugizi nk’uko yabigize intego, abakozi bo mu rugo nabo batangaza ko bahohoterwa ariko ugasanga ngo nta kirengera bafite kuko batagira uwo batura ibibazo byabo. Bavuga ko uretse kutamenya amategeko abarengera, batanasobanukiwe niba na bo bafite uburenganzira nk’abandi banyarwanda bose.\r\nKuri iki kibazo by’umwihariko, Nyirahagenimana Ritha, umunyamuryango wa SYTRIECI ikorera ubuvugizi abakora imirimo itanditse, unahagarariye abakora iyo mirimo wibanda ku bakora akazi ko mu rugo, avuga ko bagenda mu ngo bareba imibereho y’abakozi, ndetse ko iyo basanze hari uwahohotewe bakamukorera ubuvugizi,ndetse ngo byagiye bitanga umusaruro ufatika kugeza ubu.\r\n\r\n<doc35|center>\r\n\r\nUmunyamabanga mukuru wa sendika y’abakozi bakora imirimo itanditse (SYTRIECI), Nyiramasengesho Jeannette,mu kiganiro yagiranye n’umunyamakuru wa IGIHANGO agaragaza ko banezezwa n’umusanzu batanga mu gufasha abakora imirimo itanditse kwisobanukirwa kuko ari naho bahera biteza imbere nko kwibumbira mu matsinda yo kugurizanya ndetse n’ibindi.\r\n\r\nAti : “Ikintu cya mbere umuyamuryango wacu afite ndetse arusha abatari muri sendika ni ukwitinyuka,akaba ashobora kujya aho abanda bari,ubu barisobanukiwe bamaze kumenya ko nabo ari abakozi” \r\nAkomeza ashimangira ko no gukangurira abayobozi b’inzego z’ibanze bituma umukozi ukora umurimo utanditse,uburenganzira bwe bwubahirizwa.\r\n“Mu bundi bukangurambaga dushyiramo imbaraga nuko dusaba abayobozi b’inzego z’ibanze kumva n’iyo umukoresha yaba arusha umukozi we ubushobozi ariko ko bakwiye kwumva umukozi kugirango hubahirizwe uburenganzira bwe”\r\n\r\n<doc34|center>\r\n\r\nKugeza ubu mu bikorwa bicyemura ibibazo by’imibereho y’abana b’abakora imirimo itanditse hari nk’ibigo mbonezamikurire bizwi ku izina rya ECD,ibi bikaba byaracyemuye byinshi mu bibazo nk’uko byemezwa n’umwe mu bacunga kimwe mu bigo mbonezamikurire. \r\nKugeza ubu abanyamuryango ba sendika y’abakora imirimo itanditse barenga ibihumbi 8,ikaba kuri ubu ifitanye imikoranire na sendika zo ku rwego rw’isi zikorera ubuvugizi abakora imirimo itanditse nka StreetNet International,IDWF(International Domestic Workers Federation) ndetse bakaba bakorana bya hafi na minisiteri y’abakozi ba leta n’umurimo.\r\n\r\nUbwanditsi\r\n\r\n', '', '2023-12-01 13:42:26', 'publie', 4, '2023-12-01 13:42:40', 'oui', '0000-00-00 00:00:00', 0, 0, 0, 'pos', '2023-12-01 13:42:40', 'fr', 'non', 0, '', '', ''),
(24, '', 'DRC : Abahatanira kuyobora DRC bakomeje kurangwa n’udushya tudasanzwe tutigeze tuba ahandi!', '', 17, '', '', '\r\n\r\nKuva ku itariki ya 19 ugushyingo 2023, ubwo hatangiraga ku mugaragaro ibikorwa byo kwiyamamaza kw’abahatanira umwanya w’umukuru w’igihugu muri Congo Kinshasa,kugeza ubu hakomeje kugaragara udushya tudasanzwe ku bakandida perezida.\r\n\r\nNi umwanya bahatanira nyamara na Felix-Antoine Tshisekedi Tshilombo uwusanzweho arimo gushaka kugumaho.\r\n\r\nKugeza ubu buri mukandida ari gukora ibishoboka ngo yemeze abanyecongo ko ari we mukandida bakeneye ngo ibibazo bahura nabyo byiganjemo umutekano mucye,imibereho mibi,ihungabana ry’ubukungu ndetse n’ibindi bibashe kubona ibisubizo birambye.\r\n\r\nMuri uko kwiyamamaza hari abakandida bakomeje gutungurana,bamwe ugasanga basa n’abatarateguye neza gahunda zihamye biteguye kumurikira abanyecongo ngo bazabatore.\r\n\r\n<doc38|center>\r\n\r\nFelix-Antoine Tshisekedi Tshilombo,ni umwe mu batari kwiburira gukora udushya agatungura isi mu kwiyamamaza kwe aho atajya apfa kuva aho yiyamamarije atavuze ku mukandida w’ishyaka rirwanya ubutegetsi bwe rya “Ensemble pour la Republique” ari we Moise Katumbi Chapwe. Tshisekedi usanzwe kuri uwo mwanya w’umukuru w’igihugu kuva mu 2018, bamwe mu banyecongo ntibasiba kugaragaza ko yabayoboye nabi mu buryo batari biteze kuko bamwibonagamo nk’utaravugaga rumwe n’ubutegetsi bwa Joseph Kabila ariko ngo akaba atarabagejeje ku byo bari biteze (yagiyeho umutekano ari ikibazo n’ubu uracyabahangayikishije n’ibindi n’ibindi).\r\n\r\nAkandi gashya aherutse gukora muri uko kwibasira umukandida bahanganye, uza no mu bahabwa amahirwe n’abanyecongo ni ukuntu yafashe ijambo i Bukavu mu ntara ya Kivu y’amajyepfo, aho kubwira abanyecongo imigabo n’imigambi ye ahubwo umwanya we munini akawumara avuga ukuntu abanyecongo azabakiza Perezida Kagame w’u Rwanda,maze yongeraho kumugereranya na Hitler,isi yose yibukiraho igitugu cye ndetse n’urwango ndengakamere yari afitiye abayahudi.\r\n\r\n<doc39|center>\r\n\r\nNi umukandida utavugwaho rumwe,ubu akaba ari umwe mu bumva ko bifitiye icyizere cyo kuyobora Congo Kinshasa.Kimwe mu byo uyu mukandida asanzwe azwiho ni ukuba azwiho ko akiri umudepite ari we we watanze igitekerezo cy’umushinga w’itegeko ryari rigamije gukumira ku myanya imwe n’imwe abanyecongo batavuka ku babyeyi bombi b’abanyecongo,ku bwe abo banyecongo baba atari ab’umwimerere ndetse ngo imyanya ikomeye mu gihugu ntibakwiye kuyijyamo,iyi myumvire ye ni yo azwiho cyane kurusha ibindi ariko yanatumye agira udushya akora mu kwiyamamariza umwanya w’umukuru w’igihugu.\r\nUyu mukandida ubusanzwe ukunze kwibasira umukandida mugenzi we ari we Moise Katumbi,benshi batunguwe n’amagambo aherutse kuvuga ko natorwa, azaha u Rwanda amasaha 48 yo kuba rwavuye muri Congo Kinshasa, ko ngo nibitaba ibyo Ingabo z’igihugu cye (FARDC) zizinjira mu Rwanda zigere i Kigali.\r\n\r\nMu kiganiro n’umuyoboro wa YouTube CPG ucaho amakuru ya politiki y’icyo gihugu yagize ati “Njye nimba Perezida wa Repubulika, mbasezeranyije ibi bikurikira. Reka ntekereze ko FARDC n’inzego z’umutekano, zihagaze neza ku bijyanye n’amahugurwa, ibikoresho, amayeri y’urugamba n’ibindi. Reka mvuge ko izo nzego zihagaze neza.”\r\n\r\nYongeye ati : “Igihe cyose nzaba nizeye ko zihagaze neza, reka mbabwire ikintu kimwe, nzaha u Rwanda amasaha 48 yo kuba rwavuye muri RDC, nirutava muri Congo, muzabyuka mu gitondo musange FARDC iri i Kigali. Kandi izava i Kigali dushyizeho ubutegetsi buzaba bushobora gukorana neza na RDC.”\r\n\r\nRepubulika iharanira Demokarasi ya Congo (DRC) ni igihugu kinini kandi kirangwa n’udushya dutandukanye mu miyoborere yacyo, ku bw’ibyo amakuru ajyanye no kwiyamamaza kw’abakandida tuzakomeza kuyabakurikiranira tuyabagezeho.\r\nKuri iyi ncuro tubagejejeho incamake ya babiri muri bo,ubutaha tuzabagezaho ay’abandi bakandida dore ko bose hamwe basaga 20.\r\nManda irangiye ya Tshisekedi yatangiye mu mwaka wa 2018,ubu uzatorwa azayobora iki gihugu indi myaka itanu iri imbere.\r\n \r\n', '', '2023-12-11 10:20:03', 'publie', 17, '2023-12-11 10:20:17', 'oui', '0000-00-00 00:00:00', 0, 0, 0, 'pos', '2023-12-11 10:20:17', 'fr', 'non', 0, '', '', '');
INSERT INTO `spip_articles` (`id_article`, `surtitre`, `titre`, `soustitre`, `id_rubrique`, `descriptif`, `chapo`, `texte`, `ps`, `date`, `statut`, `id_secteur`, `maj`, `export`, `date_redac`, `visites`, `referers`, `popularite`, `accepter_forum`, `date_modif`, `lang`, `langue_choisie`, `id_trad`, `nom_site`, `url_site`, `virtuel`) VALUES
(25, '', 'Kenya ihaye ukuri abari kuyihuza n’ishingwa rya “Alliance Fleuve Congo” irwanya ubutegetsi bwa DRC', '', 17, '', '', 'Minisiteri y’ububanyi n’amahanga ndetse na diaspora y’igihugu cya Kenya yamaganiye kure abantu biganjemo abanyecongo bagiye ku mbuga nkoranyambaga bagashinja ubutegetsi bwa Kenya guha urubuga igikorwa cy’itangazwa ry’ihuriro ry’imitwe ya politiki irwanya ubutegetsi bwa Kinshasa ryitwa “Alliance Fleuve Congo”.\r\n\r\nIri huriro ryashinzwe n’abarwanya ubutegetsi bwa Congo Kinshasa ari ryo “Alliance Fleuve Congo” ryatangajwe na Corneille Nangaa wabaye Perezida wa Komisiyo y’Amatora ya RDC, CENI, umuhango wo gutangaza ishingwa ryawo ukaba warabereye i Nairobi muri Kenya kuri uyu wa 15 Ukuboza 2023.\r\n\r\n“Kenya ni igihugu kigendera kuri demokarasi kandi gitanga ubwisanzure bw’itangazamakuru mu mikorere yaryo”\r\n\r\nMu itangazo ryashyizweho umukono na Dr Musalia Mudavadi,umunyamabanga wa leta ushinzwe ububanyi n’amahanga ndetse na diaspora yashimangiye ko mu mahame igihugu cya Kenya gikomeyeho harimo no kutivanga mu mikorere y’itangazamakuru kuko ari byo biranga amatwara ya demokarasi,aha akaba yihanije abahuza guverinoma y’icyo gihugu n’ibyatangajwe mu itangazamakuru byerekeye ishingwa ry’ihuriro ry’imitwe ya politiki yiyemeje kurwanya ubutegetsi bwa Repubulika iharanira demokarasi ya Congo.\r\n\r\nAFC ni ihuriro rigizwe n’amashyaka 17 atavuga rumwe n’ubutegetsi bwa Repubulika iharanira demokarasi ya Congo ndetse n’imitwe yitwaje intwaro itandukanye ikorera mu burasirazuba bwa Repubulika iharanira demokarasi ya Congo muri iyi mitwe uwa M23 ukaba kugeza ubu ari wo uzwi cyane,inarimo kandi impirimbanyi za politiki zirenga 260,aba bose bahuriye ku mugambi wo kurwanya ubutegetsi bwa Tshisekedi bashinja ko ari ubw’igitugu,gucamo ibice abanyecongo ndetse no kutabageza ku iterambere nk’uko bikubiye mu masezerano bahawe kuva mu mwaka w’2018 ubwo Felix-Antoine Tshisekedi Tshilombo yatorwaga.\r\n\r\n“Alliance Fleuve Congo” ivutse mu gihe n’amatora y’umukuru w’igihugu yegereje,ibi mu mboni za bamwe mu bakurikiranira hafi ibibera muri kiriya gihugu bakaba bemeza ko bishobora kutoroha.\r\n', '', '2023-12-22 11:58:08', 'publie', 17, '2023-12-22 11:58:08', 'oui', '0000-00-00 00:00:00', 0, 0, 0, 'pos', '2023-12-22 11:58:02', 'fr', 'non', 0, '', '', ''),
(26, '', 'STECOMA irishimira ibikorwa by’indashyikirwa yagezeho mu myaka irindwi ishize', '', 4, '', '', '<doc45|center>\r\nMu gihe sendika ndetse n’amwe mu mashyirahamwe usanga kuryana ari byo bibaranga ntibamare kabiri,kuri ubu sendika y’abubatsi,ababaji ndetse n’abanyabukorikori ari yo STECOMA yo iri kwishimira ko imaze kwubaka umuco wo gukorana neza n’inzego bwite za leta cyane cyane mu gukumira imyubakire y’akajagari ndetse ahanini hagamijwe gukumira ko hazamuka inyubako mu bice byashyira mu kaga ubuzima bw’abanyarwanda.\r\n\r\nIbi ni bimwe mu byatangajwe na bamwe mu bagize iyi sendika ubwo bari bahuriye i Kigali muri kongere isanzwe ya 3 ibahuza.\r\n\r\nNshimiyumukiza Deo,umunyamuryango wa STECOMA akaba anayihagarariye mu karere ka Kicurkio mu mujyi wa Kigali avuga ko mu myaka irindwi ishize bateye intambwe zikomeye zo kwishimirwa, yagize ati “Mbere wakoraga nta masezerano y’akazi (kontaro) ufite, nta bwishingizi ufite, ku kazi umukoresha akakwirukana uko yishakiye, nta buvugizi bundi ushobora kubona, niba umuntu akwambuye, niba ukomerekeye ku kazi ukagenda nta mperekeza, ariko ubu ng’ubu muri sendika ntushobora gukomerekera ku kazi ngo utahe bataguhaye imperekeza, ntushobora gukora udafite kontaro, urumva ko kuba uri muri sendika ari ibintu byiza.”\r\n\r\nMu byishimo byinshi,umwe mu bubatsi akaba n’umunyamuryango wa STECOMA mu karere ka Nyamasheke,Mulindahabi Paulin yagize ati : “Harakabaho ubwubatsi na sendika yacu STECOMA yadutoje umuco mwiza wo kunoza umwuga wacu w’ubwubatsi”\r\n\r\nIyi kongere yabahuje yanitabiriwe kandi n’abafatanyabikorwa ba STECOMA baturutse mu bihugu bitandukanye ndetse n’abo mu gihugu.\r\n\r\nUmunyamabanga mukuru wungirije wa STECOMA ushinzwe ubukangurambaga,Mukasine Florentine avuga ko intambwe zishimishije zatewe n’aba bubatsi mu mikoranire n’inzego bwite za leta bazikesha kugendera mu murongo usobanutse nyuma yo guhabwa amahugurwa atandukanye na sendika.\r\n\r\nUmunyamabanga mukuru wa STECOMA ari we bwana Habyarimana Evariste,mu kiganiro yagiranye n’abanyamakuru yagize ati : “ibyo twagezeho ni ibyo kwishimira,cyane cyane ibijyanye n’ubugizi ni kimwe mu bintu tuzashyiramo imbaraga cyane mu myaka yindi iri imbere,mu byo twagezeho dushima leta cyane yagiye idufasha tukaba twarateye izi ntambwe zose”.\r\n<doc42>\r\nSTECOMA (Syndicat des Travailleurs des Entreprises de Construction,Menuiserie et Artisanat) ubu ni sendika imaze kwiyubaka ku buryo mu myaka irindwi yonyine ishize abanyamuryango bayo bahawe inyemezabumenyi(certificates) bavuye ku 150 ubu bakaba bagera ku bihumbi 38, ni mu gihe abanyamuryango bose hamwe ubu barenga ibihumbi 78.\r\n\r\nUbwanditsi\r\n', '', '2024-10-06 17:58:33', 'publie', 4, '2024-10-06 17:58:33', 'oui', '0000-00-00 00:00:00', 0, 0, 0, 'pos', '2024-10-06 17:43:45', 'fr', 'non', 0, '', '', ''),
(27, '', 'Imyiteguro igeze kure hashimishije! Korali Family of Singers ivuze ku gitaramo cy’amateka yatumiyemo Israel Mbonyi', '', 6, '', '', '<doc47|center>\r\nUmutwe w’abaririmbyi wa Family of singers ubarizwa mu Itorero rya EPR mu Kiyovu ukomeje kwibutsa abakunzi bawo ko uzahomba iki gitaramo cy’amateka wabateguriye bizaba ari ukunyagwa zigahera,mu gushimangira ibi bagaragaza ko bagiteguranye ubuhanga bukomeye ku buryo kizanyura abazacyitabira,nyine ngo koko kibereye umuryango.\r\n\r\nMu kwizeza abakunzi b’ibihangano byabo batangaza ko banabatumiriye umuramyi umaze kuba ikirangirire ndetse ukunzwe na benshi ari we Israel Mbonyi,bityo bakizeza abakunzi babo ko haba ku ruhande rwa Israel Mbonyi nabo ubwabo ndetse na Drups Band bazafatanya,kugeza ubu imyiteguro igenda neza cyane ndetse ko igeze kure.\r\n<doc46|center>\r\nIki gitaramo cy’amateka cyiswe “Umuryango mwiza live Concert” bisobanuye ko cyitiriwe umuryango,umwe mu bayobozi ba korali Family of Singers, bwana Nkurunziza jean Claude yashimangiye ko guhitamo kwitirira umuryango iki gitaramo cy’amateka bigamije gukomeza kugira uruhare mu kwubaka umuryango nyarwanda. Yagize ati : “impamvu twahisemo kuyitirira umuryango nuko n’ukuntu Chorale yacu yubatse ari umuryango kuko igizwe n\'abana umugore n\'umugabo kdi dushyigikira iterambere ry\'umuryango.Abo bose rero niko bagomba kwiyumva muri iki gitaramo bakazaza tugasangira ibyiza twabateguriye.”\r\n\r\nMu gihe bakiri kwitegura iki gitaramo cy’amateka,abagize Family of singers bemeza ko Umuryango mwiza concert ifite igisobanuro gihambaye mu kugera ku ntego bihaye z’ivugabutumwa,yunzemo ati : “nk’aho tuzakorera hakira abantu barenga ibihumbi bitanu (5000), ku buryo kubwira abantu bangana gutyo icyarimwe ndetse barenga,ubwabyo bivuze ikintu kinini mu ukwaguka kw’ivugabutumwa dukora”\r\n\r\nKorali Family of Singers yo mur Itorero rya EPR mu Kiyovu imaze gusohora ibihangano byinshi byanyuze amatwi ya benshi,kugeza ubu hamaze gusohoka indirimbo z’amajwi 32 (audio), iz’amashusho 20 (video) ndetse imizingo (albums) ibiri ikaba ari yo imaze gushyira hanze.\r\nKanda hano urebe indirimbo yabo y’amashusho yitwa “Ntabwo nkwiye kujya niganyira”\r\n\r\nUbwanditsi\r\n\r\n', '', '2024-10-21 13:30:24', 'publie', 6, '2024-10-21 13:30:24', 'oui', '0000-00-00 00:00:00', 0, 0, 0, 'pos', '2024-10-21 10:29:07', 'fr', 'non', 0, '', '', ''),
(28, '', 'Elayono Worship yateguje umugoroba udasanzwe wo kuramya yise “Thanksgiving in Worship and Praise”!', '', 6, '', '', '<doc50>\r\nElayono Worship,ni itsinda ry\'abaramyi babarizwa mu Itorero ry\'Umushumba Rev. Prophet Nyirindekwe Erneste,rikaba ryateguje umugoroba udasanzwe. Abagize iri tsinda bavuga ko bategerezanyije amatsiko menshi uyu mugoroba udasanzwe kubera ko imitima yabo isendereye amashimwe bifuza gusangiza Itorero ry’Imana ndetse n’abanyarwanda muri rusange.\r\n\r\nIri tsinda ryavutse mu mwaka w’2022, nyuma yo kwigira ku birenge by’umushumba waryo uhora abatoza gushima Imana mu buzima bwabo bwa buri munsi, ubu ryamaze gutangira gutumira incuti n’abavandimwe muri uwo mugoroba bahaye izina rya “Thanksgiving in Worship and Praise”.\r\n<doc51>\r\nMu kiganiro cyihariye na Kephar Mucyo Daniel, Perezida wa Elayono Worship yasobanuye ko bashima Imana yakoreye mu umushumba wabo mukuru kugirango iri tsinda ryo kuramya rivuke,bityo abagize iri tsinda bakaba baregeranyijwe na Pastor Mayuru Goel ukorera umurimo w’Imana muri iryo torero.\r\n\r\nPerezida wa Elayono yagize ati: “Mu gutegura uyu mugoroba wo kuramya no guhimbaza Imana intego yacu y’umwihariko ni ugusubiza amaso inyuma turi kumwe n’imiryango yacu n’inshuti tugashima Imana binyuze mu kuyiramya no kuyihimbaza kuko ari cyo twaremewe!”\r\nMu kiganiro cyihariye yagiranye n’umunyamakuru wacu,yanakomoje ku murimo ukomeye usanzwe ukorwa n’abandi baramyi anashima umurimo ukomeye bakora.\r\n\r\nAti: “Mbona abaramyi dufite mu Rwanda babikora neza kandi nshima Imana ihora ibashoboza. Nsaba Imana natwe izadukoreshe iby’ubutwari dufashe abantu gushima Imana uko bikwiriye. Dusaba mwese kuzaza tugafatanya gushima Imana kuko ikwiye amashimwe.”\r\n\r\nUyu mugoroba udasanzwe Imana ihaye abanyarwanda uzajya utegurwa buri mwaka, bikaba biteganyijwe ko ku zindi ncuro uzajya utumirwamo abaramyi bakomeye bafasha abantu kugirana ibihe bidasanzwe n’Imana.\r\n<doc52>\r\nKu cyumweru cyo ku itariki ya 24 ugushyingo 2024 kuva isaa cyenda z’amanywa nibwo hateganyijwe “Thanksgiving in Worship and Praise” ikaba izabera I Kibagabaga ku rusengero Elayono Pentecost Blessing Church rushumbwe na Rev Prophet Nyirindekwe Erneste ari nawe uzigisha ijambo ry’Imana.\r\n\r\nAbandi baramyi bazitabira uyu mugoroba udasanzwe harimo Gaby Kamanzi,Kega David, Gisubizo Ministries,Elayono Worship.\r\n\r\nUbwanditsi\r\n', '', '2024-11-06 13:16:23', 'publie', 6, '2024-11-06 13:16:23', 'oui', '0000-00-00 00:00:00', 0, 0, 0, 'pos', '2024-11-06 13:12:24', 'fr', 'non', 0, '', '', '');

-- --------------------------------------------------------

--
-- Table structure for table `spip_auteurs`
--

CREATE TABLE IF NOT EXISTS `spip_auteurs` (
  `id_auteur` bigint NOT NULL AUTO_INCREMENT,
  `nom` text NOT NULL,
  `bio` text NOT NULL,
  `email` tinytext NOT NULL,
  `nom_site` tinytext NOT NULL,
  `url_site` text NOT NULL,
  `login` varchar(255) CHARACTER SET utf8mb3 COLLATE utf8mb3_bin DEFAULT NULL,
  `pass` tinytext NOT NULL,
  `low_sec` tinytext NOT NULL,
  `statut` varchar(255) NOT NULL DEFAULT '0',
  `webmestre` varchar(3) NOT NULL DEFAULT 'non',
  `maj` timestamp NOT NULL DEFAULT CURRENT_TIMESTAMP ON UPDATE CURRENT_TIMESTAMP,
  `pgp` text NOT NULL,
  `htpass` tinytext NOT NULL,
  `en_ligne` datetime NOT NULL DEFAULT '0000-00-00 00:00:00',
  `alea_actuel` tinytext,
  `alea_futur` tinytext,
  `prefs` text,
  `cookie_oubli` tinytext,
  `source` varchar(10) NOT NULL DEFAULT 'spip',
  `lang` varchar(10) NOT NULL DEFAULT '',
  `imessage` varchar(3) NOT NULL DEFAULT '',
  `messagerie` varchar(3) DEFAULT NULL,
  `backup_cles` mediumtext NOT NULL,
  PRIMARY KEY (`id_auteur`),
  KEY `login` (`login`),
  KEY `statut` (`statut`),
  KEY `en_ligne` (`en_ligne`)
) ENGINE=MyISAM AUTO_INCREMENT=3 DEFAULT CHARSET=utf8mb3;

--
-- Dumping data for table `spip_auteurs`
--

INSERT INTO `spip_auteurs` (`id_auteur`, `nom`, `bio`, `email`, `nom_site`, `url_site`, `login`, `pass`, `low_sec`, `statut`, `webmestre`, `maj`, `pgp`, `htpass`, `en_ligne`, `alea_actuel`, `alea_futur`, `prefs`, `cookie_oubli`, `source`, `lang`, `imessage`, `messagerie`, `backup_cles`) VALUES
(1, 'Author', '', 'igihangomedia@gmail.com', '', '', 'admin', '$2y$10$0eHTtmnLCHXcN6uyqm0w6ePzSaXLBr/lEEoIC2Zkjz4WV/pf7gS2C', 'vvDPPmYkCacTLLjc', '0minirezo', 'oui', '2024-11-25 13:17:15', '', '', '2024-11-25 13:17:15', '1321106666672b3c179e2900.16262741', '13762675416744680c0904c8.41139071', 'a:5:{s:7:\"couleur\";i:9;s:7:\"display\";i:2;s:18:\"display_navigation\";s:22:\"navigation_avec_icones\";s:14:\"display_outils\";s:3:\"oui\";s:3:\"cnx\";s:0:\"\";}', NULL, 'spip', 'en', 'oui', NULL, 'yuyz1CqxNQy8XSqvMqRMCEljPNYv5kL2WxeuRuYdpLREl4pcBwLGOrxxab06/Ec6Bu4hde/oBPQTIN5Lm6LedZ9jYwOk8wOEzkY8OJBHk8niwZGGkkhoWHwKZ5X4xOa+fyCIy0PPBlAhgzycdQf0IRwJ7gCs5ylBuZtRJSiVuCVsGoB0BV2E2NprRxPtIcADlnwpB0LB3IMFQC/2d7+IZcFVFlU9/tTVL0aYAHwnM0FLMF3Hna5Vb1paTppJetvEBcyybzGmyiU='),
(2, 'Correspondant GL', '', 'rebeflo20@gmail.com', '', '', 'rebecca', '$2y$10$01YCnXOMs3P3cI62nxIus.pzYdopQmifKUqNEKQpcMYoAwfk/2FCC', '', '1comite', 'non', '2023-11-15 18:16:32', '', '', '2023-11-15 18:16:32', '10834023216555081bd43a28.18881383', '7715773116555082c8a9c71.26944262', 'a:4:{s:7:\"couleur\";s:1:\"1\";s:7:\"display\";i:2;s:18:\"display_navigation\";s:22:\"navigation_avec_icones\";s:3:\"cnx\";s:0:\"\";}', NULL, 'spip', 'en', 'oui', NULL, '');

-- --------------------------------------------------------

--
-- Table structure for table `spip_auteurs_liens`
--

CREATE TABLE IF NOT EXISTS `spip_auteurs_liens` (
  `id_auteur` bigint NOT NULL DEFAULT '0',
  `id_objet` bigint NOT NULL DEFAULT '0',
  `objet` varchar(25) NOT NULL DEFAULT '',
  `vu` varchar(6) NOT NULL DEFAULT 'non',
  PRIMARY KEY (`id_auteur`,`id_objet`,`objet`),
  KEY `id_auteur` (`id_auteur`),
  KEY `id_objet` (`id_objet`),
  KEY `objet` (`objet`)
) ENGINE=MyISAM DEFAULT CHARSET=utf8mb3;

--
-- Dumping data for table `spip_auteurs_liens`
--

INSERT INTO `spip_auteurs_liens` (`id_auteur`, `id_objet`, `objet`, `vu`) VALUES
(1, 1, 'article', 'non'),
(1, 2, 'article', 'non'),
(1, 3, 'article', 'non'),
(1, 4, 'article', 'non'),
(1, 5, 'article', 'non'),
(1, 6, 'article', 'non'),
(1, 7, 'article', 'non'),
(1, 8, 'article', 'non'),
(1, 9, 'article', 'non'),
(1, 10, 'article', 'non'),
(1, 11, 'article', 'non'),
(1, 12, 'article', 'non'),
(1, 13, 'article', 'non'),
(1, 14, 'article', 'non'),
(1, 15, 'article', 'non'),
(1, 16, 'article', 'non'),
(1, 17, 'article', 'non'),
(1, 18, 'article', 'non'),
(1, 19, 'article', 'non'),
(1, 20, 'article', 'non'),
(2, 21, 'article', 'non'),
(1, 22, 'article', 'non'),
(1, 23, 'article', 'non'),
(1, 24, 'article', 'non'),
(1, 25, 'article', 'non'),
(1, 26, 'article', 'non'),
(1, 27, 'article', 'non'),
(1, 28, 'article', 'non');

-- --------------------------------------------------------

--
-- Table structure for table `spip_breves`
--

CREATE TABLE IF NOT EXISTS `spip_breves` (
  `id_breve` bigint NOT NULL AUTO_INCREMENT,
  `date_heure` datetime NOT NULL DEFAULT '0000-00-00 00:00:00',
  `titre` text NOT NULL,
  `texte` longtext NOT NULL,
  `lien_titre` text NOT NULL,
  `lien_url` text NOT NULL,
  `statut` varchar(6) NOT NULL DEFAULT '0',
  `id_rubrique` bigint NOT NULL DEFAULT '0',
  `lang` varchar(10) NOT NULL DEFAULT '',
  `langue_choisie` varchar(3) DEFAULT 'non',
  `maj` timestamp NOT NULL DEFAULT CURRENT_TIMESTAMP ON UPDATE CURRENT_TIMESTAMP,
  PRIMARY KEY (`id_breve`),
  KEY `id_rubrique` (`id_rubrique`)
) ENGINE=MyISAM DEFAULT CHARSET=utf8mb3;

-- --------------------------------------------------------

--
-- Table structure for table `spip_depots`
--

CREATE TABLE IF NOT EXISTS `spip_depots` (
  `id_depot` bigint NOT NULL AUTO_INCREMENT,
  `titre` text NOT NULL,
  `descriptif` text NOT NULL,
  `type` varchar(10) NOT NULL DEFAULT '',
  `url_serveur` varchar(255) NOT NULL DEFAULT '',
  `url_brouteur` varchar(255) NOT NULL DEFAULT '',
  `url_archives` varchar(255) NOT NULL DEFAULT '',
  `url_commits` varchar(255) NOT NULL DEFAULT '',
  `xml_paquets` varchar(255) NOT NULL DEFAULT '',
  `sha_paquets` varchar(40) NOT NULL DEFAULT '',
  `nbr_paquets` int NOT NULL DEFAULT '0',
  `nbr_plugins` int NOT NULL DEFAULT '0',
  `nbr_autres` int NOT NULL DEFAULT '0',
  `maj` timestamp NOT NULL DEFAULT CURRENT_TIMESTAMP ON UPDATE CURRENT_TIMESTAMP,
  PRIMARY KEY (`id_depot`)
) ENGINE=MyISAM DEFAULT CHARSET=utf8mb3;

-- --------------------------------------------------------

--
-- Table structure for table `spip_depots_plugins`
--

CREATE TABLE IF NOT EXISTS `spip_depots_plugins` (
  `id_depot` bigint NOT NULL,
  `id_plugin` bigint NOT NULL,
  PRIMARY KEY (`id_depot`,`id_plugin`)
) ENGINE=MyISAM DEFAULT CHARSET=utf8mb3;

-- --------------------------------------------------------

--
-- Table structure for table `spip_documents`
--

CREATE TABLE IF NOT EXISTS `spip_documents` (
  `id_document` bigint NOT NULL AUTO_INCREMENT,
  `id_vignette` bigint NOT NULL DEFAULT '0',
  `extension` varchar(10) NOT NULL DEFAULT '',
  `titre` text NOT NULL,
  `date` datetime NOT NULL DEFAULT '0000-00-00 00:00:00',
  `descriptif` text NOT NULL,
  `fichier` text NOT NULL,
  `taille` bigint DEFAULT NULL,
  `largeur` int DEFAULT NULL,
  `hauteur` int DEFAULT NULL,
  `duree` int DEFAULT NULL,
  `media` varchar(10) NOT NULL DEFAULT 'file',
  `mode` varchar(10) NOT NULL DEFAULT 'document',
  `distant` varchar(3) DEFAULT 'non',
  `statut` varchar(10) NOT NULL DEFAULT '0',
  `credits` text NOT NULL,
  `alt` text NOT NULL,
  `date_publication` datetime NOT NULL DEFAULT '0000-00-00 00:00:00',
  `brise` tinyint DEFAULT '0',
  `maj` timestamp NOT NULL DEFAULT CURRENT_TIMESTAMP ON UPDATE CURRENT_TIMESTAMP,
  PRIMARY KEY (`id_document`),
  KEY `id_vignette` (`id_vignette`),
  KEY `mode` (`mode`),
  KEY `extension` (`extension`)
) ENGINE=MyISAM AUTO_INCREMENT=53 DEFAULT CHARSET=utf8mb3;

--
-- Dumping data for table `spip_documents`
--

INSERT INTO `spip_documents` (`id_document`, `id_vignette`, `extension`, `titre`, `date`, `descriptif`, `fichier`, `taille`, `largeur`, `hauteur`, `duree`, `media`, `mode`, `distant`, `statut`, `credits`, `alt`, `date_publication`, `brise`, `maj`) VALUES
(1, 0, 'jpg', 'Ba Rwiyemezamirimo', '2023-05-08 16:28:49', '', 'jpg/c3fb28bf-b960-4285-9f37-5f20404c0296-ef06e.jpg', 134552, 1000, 667, NULL, 'image', 'image', 'non', 'publie', '', '', '1970-01-01 01:00:00', 0, '2023-05-08 14:29:19'),
(2, 0, 'jpg', '', '2023-11-07 15:26:44', '', 'logo/arton1.jpg', 107991, 800, 638, NULL, 'image', 'logoon', 'non', 'publie', '', '', '2023-04-21 18:59:20', 0, '2023-11-08 03:26:44'),
(3, 0, 'jpg', '', '2023-11-07 15:26:44', '', 'logo/arton10.jpg', 304491, 1000, 695, NULL, 'image', 'logoon', 'non', 'publie', '', '', '2023-05-01 21:28:34', 0, '2023-11-08 03:26:44'),
(4, 0, 'jpg', '', '2023-11-07 15:26:44', '', 'logo/arton11.jpg', 117278, 1000, 667, NULL, 'image', 'logoon', 'non', 'publie', '', '', '2023-05-01 21:31:07', 0, '2023-11-08 03:26:44'),
(5, 0, 'jpg', '', '2023-11-07 15:26:44', '', 'logo/arton12.jpg', 32076, 799, 539, NULL, 'image', 'logoon', 'non', 'publie', '', '', '2023-05-01 21:54:22', 0, '2023-11-08 03:26:44'),
(6, 0, 'jpg', '', '2023-11-07 15:26:44', '', 'logo/arton13.jpg', 150171, 1000, 667, NULL, 'image', 'logoon', 'non', 'publie', '', '', '2023-05-01 21:55:58', 0, '2023-11-08 03:26:44'),
(7, 0, 'jpg', '', '2023-11-07 15:26:44', '', 'logo/arton14.jpg', 34263, 420, 265, NULL, 'image', 'logoon', 'non', 'publie', '', '', '2023-05-01 22:03:58', 0, '2023-11-08 03:26:44'),
(8, 0, 'jpg', '', '2023-11-07 15:26:44', '', 'logo/arton2.jpg', 159137, 962, 671, NULL, 'image', 'logoon', 'non', 'publie', '', '', '2023-04-21 19:15:36', 0, '2023-11-08 03:26:44'),
(9, 0, 'jpg', '', '2023-11-07 15:26:44', '', 'logo/arton3.jpg', 310815, 1000, 667, NULL, 'image', 'logoon', 'non', 'publie', '', '', '2023-04-21 19:17:47', 0, '2023-11-08 03:26:44'),
(10, 0, 'jpg', '', '2023-11-07 15:26:44', '', 'logo/arton4.jpg', 90963, 1000, 1000, NULL, 'image', 'logoon', 'non', 'publie', '', '', '2023-04-21 19:45:57', 0, '2023-11-08 03:26:44'),
(11, 0, 'jpg', '', '2023-11-07 15:26:44', '', 'logo/arton5.jpg', 180487, 690, 450, NULL, 'image', 'logoon', 'non', 'publie', '', '', '2023-04-22 22:54:18', 0, '2023-11-08 03:26:44'),
(12, 0, 'jpg', '', '2023-11-07 15:26:44', '', 'logo/arton6.jpg', 93514, 690, 450, NULL, 'image', 'logoon', 'non', 'publie', '', '', '2023-04-22 22:55:17', 0, '2023-11-08 03:26:44'),
(13, 0, 'jpg', '', '2023-11-07 15:26:44', '', 'logo/arton7.jpg', 56339, 960, 640, NULL, 'image', 'logoon', 'non', 'publie', '', '', '2023-04-30 22:22:36', 0, '2023-11-08 03:26:44'),
(14, 0, 'jpg', '', '2023-11-07 15:26:44', '', 'logo/arton8.jpg', 134552, 1000, 667, NULL, 'image', 'logoon', 'non', 'publie', '', '', '2023-05-01 21:24:10', 0, '2023-11-08 03:26:44'),
(15, 0, 'jpg', '', '2023-11-07 15:26:44', '', 'logo/arton9.jpg', 495211, 1000, 667, NULL, 'image', 'logoon', 'non', 'publie', '', '', '2023-05-01 21:25:55', 0, '2023-11-08 03:26:44'),
(16, 0, 'jpg', '', '2023-11-09 15:04:41', '', 'logo/igihango1.jpg', 25724, 1080, 133, NULL, 'image', 'logoon', 'non', 'publie', '', '', '2023-11-10 04:04:51', 0, '2023-11-10 03:04:51'),
(17, 0, 'jpg', '', '2023-11-09 15:10:18', '', 'logo/police.jpg', 111800, 300, 600, NULL, 'image', 'logoon', 'non', 'publie', '', '', '2023-11-10 04:10:06', 0, '2023-11-10 03:10:18'),
(18, 0, 'jpg', '', '2023-11-09 15:17:51', '', 'logo/skol.jpg', 70135, 300, 600, NULL, 'image', 'logoon', 'non', 'publie', '', '', '2023-11-10 04:17:41', 0, '2023-11-10 03:17:51'),
(19, 0, 'jpg', '', '2023-11-09 15:18:55', '', 'logo/adv2.jpg', 3358, 337, 280, NULL, 'image', 'logoon', 'non', 'publie', '', '', '2023-11-10 04:18:35', 0, '2023-11-10 03:18:55'),
(20, 0, 'jpg', '', '2023-11-09 15:35:08', '', 'jpg/img-20231108-wa0088.jpg', 90039, 960, 540, NULL, 'image', 'image', 'non', 'publie', '', '', '1970-01-01 00:00:00', 0, '2023-11-09 14:41:29'),
(21, 0, 'jpg', '', '2023-11-09 15:36:02', '', 'jpg/img-20231108-wa0084.jpg', 70454, 1080, 474, NULL, 'image', 'image', 'non', 'publie', '', '', '1970-01-01 00:00:00', 0, '2023-11-09 14:41:29'),
(22, 0, 'jpg', '', '2023-11-09 15:38:29', '', 'logo/img-20231108-wa0084.jpg', 70454, 1080, 474, NULL, 'image', 'logoon', 'non', 'publie', '', '', '2023-11-09 14:41:29', 0, '2023-11-09 14:41:29'),
(33, 0, 'jpg', '', '2023-11-28 12:28:12', '', 'logo/logo_igihango_1-2.jpg', 1978693, 2520, 1265, NULL, 'image', 'logoon', 'non', 'prop', '', '', '0000-00-00 00:00:00', 0, '2023-11-28 11:28:12'),
(29, 0, 'jpg', '', '2023-11-13 16:26:03', '', 'logo/tity_brown.jpg', 14933, 440, 279, NULL, 'image', 'logoon', 'non', 'publie', '', '', '2023-11-10 08:21:00', 0, '2023-11-13 15:26:03'),
(25, 0, 'jpg', '', '2023-11-13 09:22:27', '', 'jpg/tity_brown_2.jpg', 40936, 702, 383, NULL, 'image', 'image', 'non', 'publie', '', '', '1970-01-01 00:00:00', 0, '2023-11-13 08:22:27'),
(30, 0, 'jpg', '', '2023-11-15 19:21:02', '', 'logo/f-9fovlwoaaq_bi.jpg', 469152, 1080, 1350, NULL, 'image', 'logoon', 'non', 'prepa', '', '', '2038-01-01 00:00:00', 0, '2023-11-15 18:32:37'),
(31, 0, 'jpg', '', '2023-11-15 19:23:20', '', 'jpg/img-20230711-wa0025.jpg', 80197, 1008, 477, NULL, 'image', 'image', 'non', 'prepa', '', '', '2038-01-01 00:00:00', 0, '2023-11-15 18:32:37'),
(32, 0, 'jpg', '', '2023-11-28 12:27:41', '', 'logo/logo_igihango_1.jpg', 1978693, 2520, 1265, NULL, 'image', 'logoon', 'non', 'publie', '', '', '2023-11-28 11:27:25', 0, '2023-11-28 11:27:41'),
(34, 0, 'jpg', '', '2023-12-01 14:39:58', '', 'jpg/3__sytrieci_iza_ku_isonga_mu_gukorera_ubuvugizi_abakora_imirimo_itanditse_mu_rwanda.jpg', 3298078, 4624, 2080, NULL, 'image', 'image', 'non', 'publie', '', '', '1970-01-01 00:00:00', 0, '2023-12-01 13:42:26'),
(35, 0, 'jpg', '', '2023-12-01 14:40:44', '', 'jpg/2_barandika_ibyifuzo_abanyamuryango_batanga_ngo_imirimo_yabo_igende_neza_kurushaho.jpg', 3247318, 4624, 2080, NULL, 'image', 'image', 'non', 'publie', '', '', '1970-01-01 00:00:00', 0, '2023-12-01 13:42:26'),
(36, 0, 'jpg', '', '2023-12-01 14:42:40', '', 'logo/1_abanyamuryango_ba_sytrieci_iyo_bahuye_akanyamuneza_kaba_ari_kose.jpg', 4055547, 4624, 2080, NULL, 'image', 'logoon', 'non', 'publie', '', '', '2023-12-01 13:42:26', 0, '2023-12-01 13:42:40'),
(38, 0, 'png', '', '2023-12-11 11:18:31', '', 'png/01.png', 5027439, 2056, 1654, NULL, 'image', 'image', 'non', 'publie', '', '', '1970-01-01 00:00:00', 0, '2023-12-11 10:20:03'),
(39, 0, 'jpg', '', '2023-12-11 11:19:01', '', 'jpg/02.jpg', 83939, 1260, 960, NULL, 'image', 'image', 'non', 'publie', '', '', '1970-01-01 00:00:00', 0, '2023-12-11 10:20:03'),
(40, 0, 'png', '', '2023-12-11 11:20:17', '', 'logo/00.png', 6325888, 2878, 1626, NULL, 'image', 'logoon', 'non', 'publie', '', '', '2023-12-11 10:20:03', 0, '2023-12-11 10:20:17'),
(41, 0, 'webp', '', '2023-12-22 12:58:02', '', 'logo/1024x538_cmsv2_c54013e5-8833-5743-86fc-a18b87d54ede-8113070.jpg.webp', 33956, 1024, 538, NULL, 'image', 'logoon', 'non', 'publie', '', '', '2023-12-22 11:58:08', 0, '2023-12-22 11:58:08'),
(42, 0, 'jpg', '', '2024-10-06 19:05:41', '', 'jpg/ihst0482.jpg', 1162582, 2400, 3600, NULL, 'image', 'image', 'non', 'publie', '', '', '1970-01-01 00:00:00', 0, '2024-10-06 17:58:33'),
(43, 0, 'jpg', '', '2024-10-06 19:06:55', '', 'jpg/ihst0335.jpg', 1860410, 3600, 2400, NULL, 'image', 'image', 'non', 'publie', '', '', '1970-01-01 00:00:00', 0, '2024-10-06 17:58:33'),
(44, 0, 'jpg', '', '2024-10-06 19:08:16', '', 'jpg/ihst0479.jpg', 1423636, 3600, 2400, NULL, 'image', 'image', 'non', 'publie', '', '', '1970-01-01 00:00:00', 0, '2024-10-06 17:58:33'),
(45, 0, 'jpg', '', '2024-10-06 19:14:47', '', 'jpg/ihst0335-2.jpg', 1860410, 3600, 2400, NULL, 'image', 'image', 'non', 'publie', '', '', '1970-01-01 00:00:00', 0, '2024-10-06 17:58:33'),
(46, 0, 'jpg', '', '2024-10-21 12:27:16', '', 'jpg/img-20241020-wa0250.jpg', 25497, 276, 1080, NULL, 'image', 'image', 'non', 'publie', '', '', '1970-01-01 00:00:00', 0, '2024-10-21 13:30:24'),
(47, 0, 'jpg', '', '2024-10-21 12:27:17', '', 'jpg/img-20241020-wa0248.jpg', 138935, 1125, 1122, NULL, 'image', 'image', 'non', 'publie', '', '', '1970-01-01 00:00:00', 0, '2024-10-21 13:30:24'),
(51, 0, 'jpg', '', '2024-11-06 11:14:59', '', 'jpg/abou8052.jpg', 2963218, 4353, 3482, NULL, 'image', 'image', 'non', 'publie', '', '', '1970-01-01 00:00:00', 0, '2024-11-06 13:16:23'),
(50, 0, 'jpg', '', '2024-11-06 11:13:48', '', 'jpg/abou8085.jpg', 2790673, 4341, 3473, NULL, 'image', 'image', 'non', 'publie', '', '', '1970-01-01 00:00:00', 0, '2024-11-06 13:16:23'),
(52, 0, 'jpg', '', '2024-11-06 11:16:04', '', 'jpg/erneste.jpg', 40672, 848, 480, NULL, 'image', 'image', 'non', 'publie', '', '', '1970-01-01 00:00:00', 0, '2024-11-06 13:16:23');

-- --------------------------------------------------------

--
-- Table structure for table `spip_documents_liens`
--

CREATE TABLE IF NOT EXISTS `spip_documents_liens` (
  `id_document` bigint NOT NULL DEFAULT '0',
  `id_objet` bigint NOT NULL DEFAULT '0',
  `objet` varchar(25) NOT NULL DEFAULT '',
  `vu` enum('non','oui') NOT NULL DEFAULT 'non',
  `rang_lien` int NOT NULL DEFAULT '0',
  PRIMARY KEY (`id_document`,`id_objet`,`objet`),
  KEY `id_document` (`id_document`),
  KEY `id_objet` (`id_objet`),
  KEY `objet` (`objet`)
) ENGINE=MyISAM DEFAULT CHARSET=utf8mb3;

--
-- Dumping data for table `spip_documents_liens`
--

INSERT INTO `spip_documents_liens` (`id_document`, `id_objet`, `objet`, `vu`, `rang_lien`) VALUES
(1, 11, 'article', 'oui', 0),
(2, 1, 'article', 'non', 0),
(3, 10, 'article', 'non', 0),
(4, 11, 'article', 'non', 0),
(5, 12, 'article', 'non', 0),
(6, 13, 'article', 'non', 0),
(7, 14, 'article', 'non', 0),
(8, 2, 'article', 'non', 0),
(9, 3, 'article', 'non', 0),
(10, 4, 'article', 'non', 0),
(11, 5, 'article', 'non', 0),
(12, 6, 'article', 'non', 0),
(13, 7, 'article', 'non', 0),
(14, 8, 'article', 'non', 0),
(15, 9, 'article', 'non', 0),
(16, 15, 'article', 'non', 0),
(17, 16, 'article', 'non', 0),
(18, 17, 'article', 'non', 0),
(19, 18, 'article', 'non', 0),
(33, 0, 'site', 'non', 0),
(22, 19, 'article', 'non', 0),
(20, 19, 'article', 'oui', 0),
(21, 19, 'article', 'oui', 0),
(29, 20, 'article', 'non', 0),
(25, 20, 'article', 'oui', 0),
(30, 21, 'article', 'non', 0),
(31, 21, 'article', 'oui', 0),
(32, 22, 'article', 'non', 0),
(41, 25, 'article', 'non', 0),
(36, 23, 'article', 'non', 0),
(34, 23, 'article', 'oui', 0),
(35, 23, 'article', 'oui', 0),
(40, 24, 'article', 'non', 0),
(38, 24, 'article', 'oui', 0),
(39, 24, 'article', 'oui', 0),
(45, 26, 'article', 'oui', 0),
(42, 26, 'article', 'oui', 0),
(43, 26, 'article', 'non', 0),
(44, 26, 'article', 'non', 0),
(47, 27, 'article', 'oui', 0),
(46, 27, 'article', 'oui', 0),
(50, 28, 'article', 'oui', 0),
(51, 28, 'article', 'oui', 0),
(52, 28, 'article', 'oui', 0);

-- --------------------------------------------------------

--
-- Table structure for table `spip_forum`
--

CREATE TABLE IF NOT EXISTS `spip_forum` (
  `id_forum` bigint NOT NULL AUTO_INCREMENT,
  `id_objet` bigint NOT NULL DEFAULT '0',
  `objet` varchar(25) NOT NULL DEFAULT '',
  `id_parent` bigint NOT NULL DEFAULT '0',
  `id_thread` bigint NOT NULL DEFAULT '0',
  `date_heure` datetime NOT NULL DEFAULT '0000-00-00 00:00:00',
  `date_thread` datetime NOT NULL DEFAULT '0000-00-00 00:00:00',
  `titre` text NOT NULL,
  `texte` mediumtext NOT NULL,
  `auteur` text NOT NULL,
  `email_auteur` text NOT NULL,
  `nom_site` text NOT NULL,
  `url_site` text NOT NULL,
  `statut` varchar(8) NOT NULL DEFAULT '0',
  `ip` varchar(40) NOT NULL DEFAULT '',
  `maj` timestamp NOT NULL DEFAULT CURRENT_TIMESTAMP ON UPDATE CURRENT_TIMESTAMP,
  `id_auteur` bigint NOT NULL DEFAULT '0',
  PRIMARY KEY (`id_forum`),
  KEY `id_auteur` (`id_auteur`),
  KEY `id_parent` (`id_parent`),
  KEY `id_thread` (`id_thread`),
  KEY `optimal` (`statut`,`id_parent`,`id_objet`,`objet`,`date_heure`)
) ENGINE=MyISAM DEFAULT CHARSET=utf8mb3;

-- --------------------------------------------------------

--
-- Table structure for table `spip_groupes_mots`
--

CREATE TABLE IF NOT EXISTS `spip_groupes_mots` (
  `id_groupe` bigint NOT NULL AUTO_INCREMENT,
  `titre` text NOT NULL,
  `descriptif` text NOT NULL,
  `texte` longtext NOT NULL,
  `unseul` varchar(3) NOT NULL DEFAULT '',
  `obligatoire` varchar(3) NOT NULL DEFAULT '',
  `tables_liees` text NOT NULL,
  `minirezo` varchar(3) NOT NULL DEFAULT '',
  `comite` varchar(3) NOT NULL DEFAULT '',
  `forum` varchar(3) NOT NULL DEFAULT '',
  `maj` timestamp NOT NULL DEFAULT CURRENT_TIMESTAMP ON UPDATE CURRENT_TIMESTAMP,
  PRIMARY KEY (`id_groupe`)
) ENGINE=MyISAM AUTO_INCREMENT=3 DEFAULT CHARSET=utf8mb3;

--
-- Dumping data for table `spip_groupes_mots`
--

INSERT INTO `spip_groupes_mots` (`id_groupe`, `titre`, `descriptif`, `texte`, `unseul`, `obligatoire`, `tables_liees`, `minirezo`, `comite`, `forum`, `maj`) VALUES
(1, 'Kwamamaza', '', '', 'non', 'non', 'articles', 'oui', 'oui', 'non', '2023-04-13 23:06:38'),
(2, 'Amakuru', '', '', 'non', 'non', 'articles', 'oui', 'oui', 'non', '2023-04-21 14:48:55');

-- --------------------------------------------------------

--
-- Table structure for table `spip_jobs`
--

CREATE TABLE IF NOT EXISTS `spip_jobs` (
  `id_job` bigint NOT NULL AUTO_INCREMENT,
  `descriptif` text NOT NULL,
  `fonction` varchar(255) NOT NULL,
  `args` longblob NOT NULL,
  `md5args` char(32) NOT NULL DEFAULT '',
  `inclure` varchar(255) NOT NULL,
  `priorite` smallint NOT NULL DEFAULT '0',
  `date` datetime NOT NULL DEFAULT '0000-00-00 00:00:00',
  `status` tinyint NOT NULL DEFAULT '1',
  PRIMARY KEY (`id_job`),
  KEY `date` (`date`),
  KEY `status` (`status`)
) ENGINE=MyISAM AUTO_INCREMENT=4625 DEFAULT CHARSET=utf8mb3;

--
-- Dumping data for table `spip_jobs`
--

INSERT INTO `spip_jobs` (`id_job`, `descriptif`, `fonction`, `args`, `md5args`, `inclure`, `priorite`, `date`, `status`) VALUES
(4623, 'Tâche CRON maintenance (toutes les 7200 s)', 'maintenance', 0x613a313a7b693a303b693a313733323533343336303b7d, 'a07a183c341e39d54432eff913973a15', 'genie/', 0, '2024-11-25 13:32:40', 1),
(4616, 'Tâche CRON bigup_nettoyer_repertoire_upload (toutes les 86400 s)', 'bigup_nettoyer_repertoire_upload', 0x613a313a7b693a303b693a313733323530313835393b7d, 'ae8044d1993ed89600dcaf94048417ef', 'genie/', 0, '2024-11-26 02:30:59', 1),
(4617, 'Tâche CRON queue_watch (toutes les 86400 s)', 'queue_watch', 0x613a313a7b693a303b693a313733323530313835393b7d, 'ae8044d1993ed89600dcaf94048417ef', 'genie/', 0, '2024-11-26 02:30:59', 1),
(4624, 'Tâche CRON svp_actualiser_depots (toutes les 21600 s)', 'svp_actualiser_depots', 0x613a313a7b693a303b693a313733323533343336313b7d, 'db0ebc99fc86a3f980ba66ddfe4d86bb', 'genie/', 0, '2024-11-25 17:32:41', 1),
(4588, 'Tâche CRON mise_a_jour (toutes les 259200 s)', 'mise_a_jour', 0x613a313a7b693a303b693a313733323335363833393b7d, 'f0b123ad86dedd4797bc1ae445f62bc5', 'genie/', 0, '2024-11-26 10:13:59', 1),
(4603, 'Tâche CRON optimiser (toutes les 172800 s)', 'optimiser', 0x613a313a7b693a303b693a313733323431383934313b7d, 'd8e0fc8fc2724e51fae2edf6d88a6725', 'genie/', -10, '2024-11-26 03:29:01', 1),
(4615, 'Tâche CRON revisions_optimiser_revisions (toutes les 86400 s)', 'revisions_optimiser_revisions', 0x613a313a7b693a303b693a313733323530313835393b7d, 'ae8044d1993ed89600dcaf94048417ef', 'genie/', 0, '2024-11-26 02:30:59', 1);

-- --------------------------------------------------------

--
-- Table structure for table `spip_jobs_liens`
--

CREATE TABLE IF NOT EXISTS `spip_jobs_liens` (
  `id_job` bigint NOT NULL DEFAULT '0',
  `id_objet` bigint NOT NULL DEFAULT '0',
  `objet` varchar(25) NOT NULL DEFAULT '',
  PRIMARY KEY (`id_job`,`id_objet`,`objet`),
  KEY `id_job` (`id_job`)
) ENGINE=MyISAM DEFAULT CHARSET=utf8mb3;

-- --------------------------------------------------------

--
-- Table structure for table `spip_messages`
--

CREATE TABLE IF NOT EXISTS `spip_messages` (
  `id_message` bigint NOT NULL AUTO_INCREMENT,
  `titre` text NOT NULL,
  `texte` longtext NOT NULL,
  `type` varchar(6) NOT NULL DEFAULT '',
  `date_heure` datetime NOT NULL DEFAULT '0000-00-00 00:00:00',
  `date_fin` datetime NOT NULL DEFAULT '0000-00-00 00:00:00',
  `rv` varchar(3) NOT NULL DEFAULT '',
  `statut` varchar(6) NOT NULL DEFAULT '0',
  `id_auteur` bigint NOT NULL DEFAULT '0',
  `destinataires` text NOT NULL,
  `maj` timestamp NOT NULL DEFAULT CURRENT_TIMESTAMP ON UPDATE CURRENT_TIMESTAMP,
  PRIMARY KEY (`id_message`),
  KEY `id_auteur` (`id_auteur`)
) ENGINE=MyISAM DEFAULT CHARSET=utf8mb3;

-- --------------------------------------------------------

--
-- Table structure for table `spip_meta`
--

CREATE TABLE IF NOT EXISTS `spip_meta` (
  `nom` varchar(255) NOT NULL,
  `valeur` text,
  `impt` enum('non','oui') NOT NULL DEFAULT 'oui',
  `maj` timestamp NOT NULL DEFAULT CURRENT_TIMESTAMP ON UPDATE CURRENT_TIMESTAMP,
  PRIMARY KEY (`nom`)
) ENGINE=MyISAM DEFAULT CHARSET=utf8mb3;

--
-- Dumping data for table `spip_meta`
--

INSERT INTO `spip_meta` (`nom`, `valeur`, `impt`, `maj`) VALUES
('charset_sql_base', 'utf8', 'non', '2023-04-13 22:52:18'),
('charset_collation_sql_base', 'utf8_general_ci', 'non', '2023-04-13 22:52:18'),
('charset_sql_connexion', 'utf8', 'non', '2023-04-13 22:52:18'),
('version_installee', '2022022303', 'non', '2023-11-08 03:26:26'),
('nouvelle_install', '1', 'non', '2023-04-13 22:52:18'),
('pcre_u', 'u', 'oui', '2023-04-13 22:52:38'),
('charset', 'utf-8', 'oui', '2023-04-13 22:52:38'),
('alea_ephemere_ancien', '5de2da9c74c940ef9ae86c096506ef6f', 'non', '2024-11-25 12:05:14'),
('alea_ephemere', '76e254669e4aa8527c83112254cb1a7b', 'non', '2024-11-25 12:05:14'),
('alea_ephemere_date', '1732536314', 'non', '2024-11-25 12:05:14'),
('langues_proposees', 'ar,ast,ay,bg,br,bs,ca,co,cpf,cpf_hat,cs,da,de,en,eo,es,eu,fa,fon,fr,fr_fem,fr_tu,gl,he,hr,hu,id,it,it_fem,ja,km,lb,my,nl,oc_auv,oc_gsc,oc_lms,oc_lnc,oc_ni,oc_ni_la,oc_ni_mis,oc_prv,oc_va,pl,pt,pt_br,ro,ru,sk,sv,tr,uk,vi,zh', 'non', '2023-11-08 03:26:28'),
('langue_site', 'fr', 'non', '2023-04-13 22:52:39'),
('email_webmaster', 'igihango@gmail.com', 'oui', '2023-11-08 03:25:59'),
('nom_site', 'IGIHANGO', 'oui', '2023-11-09 14:07:52'),
('slogan_site', '', 'oui', '2023-04-13 22:52:39'),
('adresse_site', 'http://localhost/igihango2', 'non', '2024-11-25 12:06:25'),
('descriptif_site', '', 'oui', '2023-04-13 22:52:39'),
('activer_logos', 'oui', 'oui', '2023-04-13 22:52:39'),
('activer_logos_survol', 'non', 'oui', '2023-04-13 22:52:39'),
('articles_surtitre', 'non', 'oui', '2023-04-13 22:52:39'),
('articles_soustitre', 'oui', 'oui', '2023-11-09 14:34:10'),
('articles_descriptif', 'non', 'oui', '2023-04-13 22:52:39'),
('articles_chapeau', 'non', 'oui', '2023-04-13 22:52:39'),
('articles_texte', 'oui', 'oui', '2023-04-13 22:52:39'),
('articles_ps', 'non', 'oui', '2023-04-13 22:52:39'),
('articles_redac', 'non', 'oui', '2023-04-13 22:52:39'),
('post_dates', 'non', 'oui', '2023-04-13 22:52:39'),
('articles_urlref', 'non', 'oui', '2023-04-13 22:52:39'),
('articles_redirection', 'non', 'oui', '2023-04-13 22:52:39'),
('creer_preview', 'non', 'non', '2023-04-13 22:52:39'),
('taille_preview', '150', 'non', '2023-04-13 22:52:39'),
('articles_modif', 'non', 'oui', '2023-04-13 22:52:39'),
('rubriques_descriptif', 'non', 'oui', '2023-04-13 22:52:39'),
('rubriques_texte', 'oui', 'oui', '2023-04-13 22:52:39'),
('accepter_inscriptions', 'non', 'oui', '2023-04-13 22:52:39'),
('accepter_visiteurs', 'non', 'oui', '2023-04-13 22:52:39'),
('prevenir_auteurs', 'non', 'oui', '2023-04-13 22:52:39'),
('suivi_edito', 'non', 'oui', '2023-04-13 22:52:39'),
('adresse_suivi', '', 'oui', '2023-04-13 22:52:39'),
('adresse_suivi_inscription', '', 'oui', '2023-04-13 22:52:39'),
('adresse_neuf', '', 'oui', '2023-04-13 22:52:39'),
('jours_neuf', '', 'oui', '2023-04-13 22:52:39'),
('quoi_de_neuf', 'non', 'oui', '2023-04-13 22:52:39'),
('preview', ',0minirezo,1comite,', 'oui', '2023-04-13 22:52:39'),
('syndication_integrale', 'oui', 'oui', '2023-04-13 22:52:39'),
('dir_img', 'IMG/', 'oui', '2023-04-13 22:52:39'),
('multi_rubriques', 'non', 'oui', '2023-04-13 22:52:39'),
('multi_secteurs', 'non', 'oui', '2023-04-13 22:52:39'),
('gerer_trad', 'non', 'oui', '2023-04-13 22:52:39'),
('langues_multilingue', '', 'oui', '2023-04-13 22:52:39'),
('version_html_max', 'html4', 'oui', '2023-04-13 22:52:39'),
('type_urls', 'page', 'oui', '2023-11-09 14:09:03'),
('email_envoi', '', 'oui', '2023-04-13 22:52:39'),
('auto_compress_http', 'non', 'oui', '2023-04-13 22:52:39'),
('mots_cles_forums', 'non', 'oui', '2023-04-13 22:52:39'),
('forums_titre', 'oui', 'oui', '2023-04-13 22:52:39'),
('forums_texte', 'oui', 'oui', '2023-04-13 22:52:39'),
('forums_urlref', 'non', 'oui', '2023-04-13 22:52:39'),
('forums_afficher_barre', 'oui', 'oui', '2023-04-13 22:52:39'),
('forums_forcer_previsu', 'oui', 'oui', '2023-04-13 22:52:39'),
('formats_documents_forum', '', 'oui', '2023-04-13 22:52:39'),
('forums_publics', 'posteriori', 'oui', '2023-04-13 22:52:39'),
('forum_prive', 'oui', 'oui', '2023-04-13 22:52:39'),
('forum_prive_objets', 'oui', 'oui', '2023-04-13 22:52:39'),
('forum_prive_admin', 'non', 'oui', '2023-04-13 22:52:39'),
('articles_mots', 'oui', 'oui', '2023-04-13 23:05:37'),
('config_precise_groupes', 'non', 'oui', '2023-04-13 22:52:39'),
('messagerie_agenda', 'oui', 'oui', '2023-04-13 22:52:39'),
('barre_outils_public', 'oui', 'oui', '2023-04-13 22:52:39'),
('objets_versions', 'a:0:{}', 'oui', '2023-04-13 22:52:39'),
('activer_sites', 'non', 'oui', '2023-04-13 22:52:39'),
('proposer_sites', '0', 'oui', '2023-04-13 22:52:39'),
('activer_syndic', 'oui', 'oui', '2023-04-13 22:52:39'),
('moderation_sites', 'non', 'oui', '2023-04-13 22:52:39'),
('activer_statistiques', 'non', 'oui', '2023-04-13 22:52:39'),
('activer_captures_referers', 'non', 'oui', '2023-04-13 22:52:39'),
('activer_referers', 'oui', 'oui', '2023-04-13 22:52:39'),
('activer_breves', 'non', 'oui', '2023-04-13 22:52:39'),
('auto_compress_js', 'non', 'oui', '2023-04-13 22:52:39'),
('auto_compress_css', 'non', 'oui', '2023-04-13 22:52:39'),
('url_statique_ressources', '', 'oui', '2023-04-13 22:52:39'),
('documents_objets', 'spip_articles,spip_mots,', 'oui', '2023-04-13 23:06:14'),
('documents_date', 'non', 'oui', '2023-04-13 22:52:39'),
('langues_utilisees', 'fr', 'oui', '2023-04-13 22:52:39'),
('plugin', 'a:73:{s:4:\"SPIP\";a:5:{s:3:\"nom\";s:4:\"SPIP\";s:4:\"etat\";s:6:\"stable\";s:7:\"version\";s:5:\"4.2.5\";s:8:\"dir_type\";s:14:\"_DIR_RESTREINT\";s:3:\"dir\";s:0:\"\";}s:4:\"AIDE\";a:5:{s:3:\"dir\";s:4:\"aide\";s:8:\"dir_type\";s:17:\"_DIR_PLUGINS_DIST\";s:3:\"nom\";s:9:\"Aide SPIP\";s:4:\"etat\";s:6:\"stable\";s:7:\"version\";s:5:\"3.1.1\";}s:10:\"ARCHIVISTE\";a:5:{s:3:\"dir\";s:10:\"archiviste\";s:8:\"dir_type\";s:17:\"_DIR_PLUGINS_DIST\";s:3:\"nom\";s:10:\"Archiviste\";s:4:\"etat\";s:6:\"stable\";s:7:\"version\";s:5:\"2.2.2\";}s:9:\"COMPAGNON\";a:5:{s:3:\"dir\";s:9:\"compagnon\";s:8:\"dir_type\";s:17:\"_DIR_PLUGINS_DIST\";s:3:\"nom\";s:9:\"Compagnon\";s:4:\"etat\";s:6:\"stable\";s:7:\"version\";s:5:\"3.1.2\";}s:4:\"DUMP\";a:5:{s:3:\"dir\";s:4:\"dump\";s:8:\"dir_type\";s:17:\"_DIR_PLUGINS_DIST\";s:3:\"nom\";s:4:\"Dump\";s:4:\"etat\";s:6:\"stable\";s:7:\"version\";s:5:\"2.1.2\";}s:6:\"IMAGES\";a:5:{s:3:\"dir\";s:14:\"filtres_images\";s:8:\"dir_type\";s:17:\"_DIR_PLUGINS_DIST\";s:3:\"nom\";s:6:\"Images\";s:4:\"etat\";s:6:\"stable\";s:7:\"version\";s:5:\"4.1.1\";}s:5:\"FORUM\";a:5:{s:3:\"dir\";s:5:\"forum\";s:8:\"dir_type\";s:17:\"_DIR_PLUGINS_DIST\";s:3:\"nom\";s:5:\"Forum\";s:4:\"etat\";s:6:\"stable\";s:7:\"version\";s:5:\"3.1.2\";}s:8:\"MEDIABOX\";a:5:{s:3:\"dir\";s:8:\"mediabox\";s:8:\"dir_type\";s:17:\"_DIR_PLUGINS_DIST\";s:3:\"nom\";s:8:\"MediaBox\";s:4:\"etat\";s:6:\"stable\";s:7:\"version\";s:5:\"3.1.4\";}s:4:\"MOTS\";a:5:{s:3:\"dir\";s:4:\"mots\";s:8:\"dir_type\";s:17:\"_DIR_PLUGINS_DIST\";s:3:\"nom\";s:4:\"Mots\";s:4:\"etat\";s:6:\"stable\";s:7:\"version\";s:5:\"4.1.3\";}s:4:\"PLAN\";a:5:{s:3:\"dir\";s:4:\"plan\";s:8:\"dir_type\";s:17:\"_DIR_PLUGINS_DIST\";s:3:\"nom\";s:35:\"Plan du site dans l’espace privé\";s:4:\"etat\";s:6:\"stable\";s:7:\"version\";s:5:\"4.1.1\";}s:11:\"PORTE_PLUME\";a:5:{s:3:\"dir\";s:11:\"porte_plume\";s:8:\"dir_type\";s:17:\"_DIR_PLUGINS_DIST\";s:3:\"nom\";s:11:\"Porte plume\";s:4:\"etat\";s:6:\"stable\";s:7:\"version\";s:5:\"3.1.4\";}s:9:\"REVISIONS\";a:5:{s:3:\"dir\";s:9:\"revisions\";s:8:\"dir_type\";s:17:\"_DIR_PLUGINS_DIST\";s:3:\"nom\";s:10:\"Révisions\";s:4:\"etat\";s:6:\"stable\";s:7:\"version\";s:5:\"3.1.3\";}s:8:\"SAFEHTML\";a:5:{s:3:\"dir\";s:8:\"safehtml\";s:8:\"dir_type\";s:17:\"_DIR_PLUGINS_DIST\";s:3:\"nom\";s:8:\"SafeHTML\";s:4:\"etat\";s:6:\"stable\";s:7:\"version\";s:5:\"3.1.1\";}s:5:\"SITES\";a:5:{s:3:\"dir\";s:5:\"sites\";s:8:\"dir_type\";s:17:\"_DIR_PLUGINS_DIST\";s:3:\"nom\";s:5:\"Sites\";s:4:\"etat\";s:6:\"stable\";s:7:\"version\";s:5:\"4.1.3\";}s:5:\"STATS\";a:5:{s:3:\"dir\";s:12:\"statistiques\";s:8:\"dir_type\";s:17:\"_DIR_PLUGINS_DIST\";s:3:\"nom\";s:12:\"Statistiques\";s:4:\"etat\";s:6:\"stable\";s:7:\"version\";s:5:\"3.1.3\";}s:2:\"TW\";a:5:{s:3:\"dir\";s:9:\"textwheel\";s:8:\"dir_type\";s:17:\"_DIR_PLUGINS_DIST\";s:3:\"nom\";s:19:\"TextWheel pour SPIP\";s:4:\"etat\";s:6:\"stable\";s:7:\"version\";s:5:\"3.1.4\";}s:4:\"URLS\";a:5:{s:3:\"dir\";s:13:\"urls_etendues\";s:8:\"dir_type\";s:17:\"_DIR_PLUGINS_DIST\";s:3:\"nom\";s:13:\"Urls Etendues\";s:4:\"etat\";s:6:\"stable\";s:7:\"version\";s:5:\"4.1.2\";}s:23:\"SQUELETTES_PAR_RUBRIQUE\";a:5:{s:3:\"dir\";s:28:\"auto/squelettes_par_rubrique\";s:8:\"dir_type\";s:12:\"_DIR_PLUGINS\";s:3:\"nom\";s:23:\"Squelettes par Rubrique\";s:4:\"etat\";s:6:\"stable\";s:7:\"version\";s:5:\"2.0.1\";}s:10:\"ITERATEURS\";a:5:{s:3:\"nom\";s:10:\"iterateurs\";s:7:\"version\";s:5:\"1.0.6\";s:4:\"etat\";s:1:\"?\";s:8:\"dir_type\";s:14:\"_DIR_RESTREINT\";s:3:\"dir\";s:18:\"procure:iterateurs\";}s:5:\"QUEUE\";a:5:{s:3:\"nom\";s:5:\"queue\";s:7:\"version\";s:5:\"0.6.8\";s:4:\"etat\";s:1:\"?\";s:8:\"dir_type\";s:14:\"_DIR_RESTREINT\";s:3:\"dir\";s:13:\"procure:queue\";}s:6:\"JQUERY\";a:5:{s:3:\"nom\";s:6:\"jquery\";s:7:\"version\";s:5:\"3.6.4\";s:4:\"etat\";s:1:\"?\";s:8:\"dir_type\";s:14:\"_DIR_RESTREINT\";s:3:\"dir\";s:14:\"procure:jquery\";}s:3:\"PHP\";a:5:{s:3:\"nom\";s:3:\"php\";s:7:\"version\";s:6:\"8.1.26\";s:4:\"etat\";s:1:\"?\";s:8:\"dir_type\";s:14:\"_DIR_RESTREINT\";s:3:\"dir\";s:11:\"procure:php\";}s:8:\"PHP:CORE\";a:5:{s:3:\"nom\";s:8:\"php:Core\";s:7:\"version\";s:6:\"8.1.26\";s:4:\"etat\";s:1:\"?\";s:8:\"dir_type\";s:14:\"_DIR_RESTREINT\";s:3:\"dir\";s:16:\"procure:php:Core\";}s:8:\"PHP:DATE\";a:5:{s:3:\"nom\";s:8:\"php:date\";s:7:\"version\";s:6:\"8.1.26\";s:4:\"etat\";s:1:\"?\";s:8:\"dir_type\";s:14:\"_DIR_RESTREINT\";s:3:\"dir\";s:16:\"procure:php:date\";}s:10:\"PHP:LIBXML\";a:5:{s:3:\"nom\";s:10:\"php:libxml\";s:7:\"version\";s:6:\"8.1.26\";s:4:\"etat\";s:1:\"?\";s:8:\"dir_type\";s:14:\"_DIR_RESTREINT\";s:3:\"dir\";s:18:\"procure:php:libxml\";}s:11:\"PHP:OPENSSL\";a:5:{s:3:\"nom\";s:11:\"php:openssl\";s:7:\"version\";s:6:\"8.1.26\";s:4:\"etat\";s:1:\"?\";s:8:\"dir_type\";s:14:\"_DIR_RESTREINT\";s:3:\"dir\";s:19:\"procure:php:openssl\";}s:8:\"PHP:PCRE\";a:5:{s:3:\"nom\";s:8:\"php:pcre\";s:7:\"version\";s:6:\"8.1.26\";s:4:\"etat\";s:1:\"?\";s:8:\"dir_type\";s:14:\"_DIR_RESTREINT\";s:3:\"dir\";s:16:\"procure:php:pcre\";}s:8:\"PHP:ZLIB\";a:5:{s:3:\"nom\";s:8:\"php:zlib\";s:7:\"version\";s:6:\"8.1.26\";s:4:\"etat\";s:1:\"?\";s:8:\"dir_type\";s:14:\"_DIR_RESTREINT\";s:3:\"dir\";s:16:\"procure:php:zlib\";}s:10:\"PHP:FILTER\";a:5:{s:3:\"nom\";s:10:\"php:filter\";s:7:\"version\";s:6:\"8.1.26\";s:4:\"etat\";s:1:\"?\";s:8:\"dir_type\";s:14:\"_DIR_RESTREINT\";s:3:\"dir\";s:18:\"procure:php:filter\";}s:8:\"PHP:HASH\";a:5:{s:3:\"nom\";s:8:\"php:hash\";s:7:\"version\";s:6:\"8.1.26\";s:4:\"etat\";s:1:\"?\";s:8:\"dir_type\";s:14:\"_DIR_RESTREINT\";s:3:\"dir\";s:16:\"procure:php:hash\";}s:8:\"PHP:JSON\";a:5:{s:3:\"nom\";s:8:\"php:json\";s:7:\"version\";s:6:\"8.1.26\";s:4:\"etat\";s:1:\"?\";s:8:\"dir_type\";s:14:\"_DIR_RESTREINT\";s:3:\"dir\";s:16:\"procure:php:json\";}s:9:\"PHP:PCNTL\";a:5:{s:3:\"nom\";s:9:\"php:pcntl\";s:7:\"version\";s:6:\"8.1.26\";s:4:\"etat\";s:1:\"?\";s:8:\"dir_type\";s:14:\"_DIR_RESTREINT\";s:3:\"dir\";s:17:\"procure:php:pcntl\";}s:14:\"PHP:REFLECTION\";a:5:{s:3:\"nom\";s:14:\"php:Reflection\";s:7:\"version\";s:6:\"8.1.26\";s:4:\"etat\";s:1:\"?\";s:8:\"dir_type\";s:14:\"_DIR_RESTREINT\";s:3:\"dir\";s:22:\"procure:php:Reflection\";}s:7:\"PHP:SPL\";a:5:{s:3:\"nom\";s:7:\"php:SPL\";s:7:\"version\";s:6:\"8.1.26\";s:4:\"etat\";s:1:\"?\";s:8:\"dir_type\";s:14:\"_DIR_RESTREINT\";s:3:\"dir\";s:15:\"procure:php:SPL\";}s:11:\"PHP:SESSION\";a:5:{s:3:\"nom\";s:11:\"php:session\";s:7:\"version\";s:6:\"8.1.26\";s:4:\"etat\";s:1:\"?\";s:8:\"dir_type\";s:14:\"_DIR_RESTREINT\";s:3:\"dir\";s:19:\"procure:php:session\";}s:12:\"PHP:STANDARD\";a:5:{s:3:\"nom\";s:12:\"php:standard\";s:7:\"version\";s:6:\"8.1.26\";s:4:\"etat\";s:1:\"?\";s:8:\"dir_type\";s:14:\"_DIR_RESTREINT\";s:3:\"dir\";s:20:\"procure:php:standard\";}s:12:\"PHP:CGI-FCGI\";a:5:{s:3:\"nom\";s:12:\"php:cgi-fcgi\";s:7:\"version\";s:6:\"8.1.26\";s:4:\"etat\";s:1:\"?\";s:8:\"dir_type\";s:14:\"_DIR_RESTREINT\";s:3:\"dir\";s:20:\"procure:php:cgi-fcgi\";}s:9:\"PHP:CTYPE\";a:5:{s:3:\"nom\";s:9:\"php:ctype\";s:7:\"version\";s:6:\"8.1.26\";s:4:\"etat\";s:1:\"?\";s:8:\"dir_type\";s:14:\"_DIR_RESTREINT\";s:3:\"dir\";s:17:\"procure:php:ctype\";}s:8:\"PHP:CURL\";a:5:{s:3:\"nom\";s:8:\"php:curl\";s:7:\"version\";s:6:\"8.1.26\";s:4:\"etat\";s:1:\"?\";s:8:\"dir_type\";s:14:\"_DIR_RESTREINT\";s:3:\"dir\";s:16:\"procure:php:curl\";}s:7:\"PHP:DOM\";a:5:{s:3:\"nom\";s:7:\"php:dom\";s:7:\"version\";s:8:\"20031129\";s:4:\"etat\";s:1:\"?\";s:8:\"dir_type\";s:14:\"_DIR_RESTREINT\";s:3:\"dir\";s:15:\"procure:php:dom\";}s:12:\"PHP:MBSTRING\";a:5:{s:3:\"nom\";s:12:\"php:mbstring\";s:7:\"version\";s:6:\"8.1.26\";s:4:\"etat\";s:1:\"?\";s:8:\"dir_type\";s:14:\"_DIR_RESTREINT\";s:3:\"dir\";s:20:\"procure:php:mbstring\";}s:12:\"PHP:FILEINFO\";a:5:{s:3:\"nom\";s:12:\"php:fileinfo\";s:7:\"version\";s:6:\"8.1.26\";s:4:\"etat\";s:1:\"?\";s:8:\"dir_type\";s:14:\"_DIR_RESTREINT\";s:3:\"dir\";s:20:\"procure:php:fileinfo\";}s:7:\"PHP:FTP\";a:5:{s:3:\"nom\";s:7:\"php:ftp\";s:7:\"version\";s:6:\"8.1.26\";s:4:\"etat\";s:1:\"?\";s:8:\"dir_type\";s:14:\"_DIR_RESTREINT\";s:3:\"dir\";s:15:\"procure:php:ftp\";}s:6:\"PHP:GD\";a:5:{s:3:\"nom\";s:6:\"php:gd\";s:7:\"version\";s:6:\"8.1.26\";s:4:\"etat\";s:1:\"?\";s:8:\"dir_type\";s:14:\"_DIR_RESTREINT\";s:3:\"dir\";s:14:\"procure:php:gd\";}s:7:\"PHP:GMP\";a:5:{s:3:\"nom\";s:7:\"php:gmp\";s:7:\"version\";s:6:\"8.1.26\";s:4:\"etat\";s:1:\"?\";s:8:\"dir_type\";s:14:\"_DIR_RESTREINT\";s:3:\"dir\";s:15:\"procure:php:gmp\";}s:9:\"PHP:ICONV\";a:5:{s:3:\"nom\";s:9:\"php:iconv\";s:7:\"version\";s:6:\"8.1.26\";s:4:\"etat\";s:1:\"?\";s:8:\"dir_type\";s:14:\"_DIR_RESTREINT\";s:3:\"dir\";s:17:\"procure:php:iconv\";}s:8:\"PHP:EXIF\";a:5:{s:3:\"nom\";s:8:\"php:exif\";s:7:\"version\";s:6:\"8.1.26\";s:4:\"etat\";s:1:\"?\";s:8:\"dir_type\";s:14:\"_DIR_RESTREINT\";s:3:\"dir\";s:16:\"procure:php:exif\";}s:11:\"PHP:MYSQLND\";a:5:{s:3:\"nom\";s:11:\"php:mysqlnd\";s:7:\"version\";s:14:\"mysqlnd 8.1.26\";s:4:\"etat\";s:1:\"?\";s:8:\"dir_type\";s:14:\"_DIR_RESTREINT\";s:3:\"dir\";s:19:\"procure:php:mysqlnd\";}s:7:\"PHP:PDO\";a:5:{s:3:\"nom\";s:7:\"php:PDO\";s:7:\"version\";s:6:\"8.1.26\";s:4:\"etat\";s:1:\"?\";s:8:\"dir_type\";s:14:\"_DIR_RESTREINT\";s:3:\"dir\";s:15:\"procure:php:PDO\";}s:8:\"PHP:PHAR\";a:5:{s:3:\"nom\";s:8:\"php:Phar\";s:7:\"version\";s:6:\"8.1.26\";s:4:\"etat\";s:1:\"?\";s:8:\"dir_type\";s:14:\"_DIR_RESTREINT\";s:3:\"dir\";s:16:\"procure:php:Phar\";}s:9:\"PHP:POSIX\";a:5:{s:3:\"nom\";s:9:\"php:posix\";s:7:\"version\";s:6:\"8.1.26\";s:4:\"etat\";s:1:\"?\";s:8:\"dir_type\";s:14:\"_DIR_RESTREINT\";s:3:\"dir\";s:17:\"procure:php:posix\";}s:13:\"PHP:SIMPLEXML\";a:5:{s:3:\"nom\";s:13:\"php:SimpleXML\";s:7:\"version\";s:6:\"8.1.26\";s:4:\"etat\";s:1:\"?\";s:8:\"dir_type\";s:14:\"_DIR_RESTREINT\";s:3:\"dir\";s:21:\"procure:php:SimpleXML\";}s:10:\"PHP:SODIUM\";a:5:{s:3:\"nom\";s:10:\"php:sodium\";s:7:\"version\";s:6:\"8.1.26\";s:4:\"etat\";s:1:\"?\";s:8:\"dir_type\";s:14:\"_DIR_RESTREINT\";s:3:\"dir\";s:18:\"procure:php:sodium\";}s:11:\"PHP:SQLITE3\";a:5:{s:3:\"nom\";s:11:\"php:sqlite3\";s:7:\"version\";s:6:\"8.1.26\";s:4:\"etat\";s:1:\"?\";s:8:\"dir_type\";s:14:\"_DIR_RESTREINT\";s:3:\"dir\";s:19:\"procure:php:sqlite3\";}s:13:\"PHP:TOKENIZER\";a:5:{s:3:\"nom\";s:13:\"php:tokenizer\";s:7:\"version\";s:6:\"8.1.26\";s:4:\"etat\";s:1:\"?\";s:8:\"dir_type\";s:14:\"_DIR_RESTREINT\";s:3:\"dir\";s:21:\"procure:php:tokenizer\";}s:7:\"PHP:XML\";a:5:{s:3:\"nom\";s:7:\"php:xml\";s:7:\"version\";s:6:\"8.1.26\";s:4:\"etat\";s:1:\"?\";s:8:\"dir_type\";s:14:\"_DIR_RESTREINT\";s:3:\"dir\";s:15:\"procure:php:xml\";}s:13:\"PHP:XMLWRITER\";a:5:{s:3:\"nom\";s:13:\"php:xmlwriter\";s:7:\"version\";s:6:\"8.1.26\";s:4:\"etat\";s:1:\"?\";s:8:\"dir_type\";s:14:\"_DIR_RESTREINT\";s:3:\"dir\";s:21:\"procure:php:xmlwriter\";}s:7:\"PHP:XSL\";a:5:{s:3:\"nom\";s:7:\"php:xsl\";s:7:\"version\";s:6:\"8.1.26\";s:4:\"etat\";s:1:\"?\";s:8:\"dir_type\";s:14:\"_DIR_RESTREINT\";s:3:\"dir\";s:15:\"procure:php:xsl\";}s:7:\"PHP:ZIP\";a:5:{s:3:\"nom\";s:7:\"php:zip\";s:7:\"version\";s:6:\"1.19.5\";s:4:\"etat\";s:1:\"?\";s:8:\"dir_type\";s:14:\"_DIR_RESTREINT\";s:3:\"dir\";s:15:\"procure:php:zip\";}s:10:\"PHP:MYSQLI\";a:5:{s:3:\"nom\";s:10:\"php:mysqli\";s:7:\"version\";s:6:\"8.1.26\";s:4:\"etat\";s:1:\"?\";s:8:\"dir_type\";s:14:\"_DIR_RESTREINT\";s:3:\"dir\";s:18:\"procure:php:mysqli\";}s:13:\"PHP:PDO_MYSQL\";a:5:{s:3:\"nom\";s:13:\"php:pdo_mysql\";s:7:\"version\";s:6:\"8.1.26\";s:4:\"etat\";s:1:\"?\";s:8:\"dir_type\";s:14:\"_DIR_RESTREINT\";s:3:\"dir\";s:21:\"procure:php:pdo_mysql\";}s:14:\"PHP:PDO_SQLITE\";a:5:{s:3:\"nom\";s:14:\"php:pdo_sqlite\";s:7:\"version\";s:6:\"8.1.26\";s:4:\"etat\";s:1:\"?\";s:8:\"dir_type\";s:14:\"_DIR_RESTREINT\";s:3:\"dir\";s:22:\"procure:php:pdo_sqlite\";}s:13:\"PHP:XMLREADER\";a:5:{s:3:\"nom\";s:13:\"php:xmlreader\";s:7:\"version\";s:6:\"8.1.26\";s:4:\"etat\";s:1:\"?\";s:8:\"dir_type\";s:14:\"_DIR_RESTREINT\";s:3:\"dir\";s:21:\"procure:php:xmlreader\";}s:8:\"PHP:I360\";a:5:{s:3:\"nom\";s:8:\"php:i360\";s:7:\"version\";s:6:\"7.11.3\";s:4:\"etat\";s:1:\"?\";s:8:\"dir_type\";s:14:\"_DIR_RESTREINT\";s:3:\"dir\";s:16:\"procure:php:i360\";}s:18:\"PHP:IONCUBE LOADER\";a:5:{s:3:\"nom\";s:18:\"php:ionCube Loader\";s:7:\"version\";s:6:\"12.0.5\";s:4:\"etat\";s:1:\"?\";s:8:\"dir_type\";s:14:\"_DIR_RESTREINT\";s:3:\"dir\";s:26:\"procure:php:ionCube Loader\";}s:7:\"CSSTIDY\";a:5:{s:3:\"nom\";s:7:\"csstidy\";s:7:\"version\";s:6:\"1.15.1\";s:4:\"etat\";s:1:\"?\";s:8:\"dir_type\";s:17:\"_DIR_PLUGINS_DIST\";s:3:\"dir\";s:27:\"compresseur/procure:csstidy\";}s:7:\"MINIDOC\";a:5:{s:3:\"nom\";s:7:\"minidoc\";s:7:\"version\";s:5:\"1.0.3\";s:4:\"etat\";s:1:\"?\";s:8:\"dir_type\";s:17:\"_DIR_PLUGINS_DIST\";s:3:\"dir\";s:22:\"medias/procure:minidoc\";}s:5:\"ORDOC\";a:5:{s:3:\"nom\";s:5:\"ordoc\";s:7:\"version\";s:5:\"1.1.2\";s:4:\"etat\";s:1:\"?\";s:8:\"dir_type\";s:17:\"_DIR_PLUGINS_DIST\";s:3:\"dir\";s:20:\"medias/procure:ordoc\";}s:4:\"MEJS\";a:5:{s:3:\"nom\";s:4:\"mejs\";s:7:\"version\";s:5:\"4.2.7\";s:4:\"etat\";s:1:\"?\";s:8:\"dir_type\";s:17:\"_DIR_PLUGINS_DIST\";s:3:\"dir\";s:19:\"medias/procure:mejs\";}s:5:\"BIGUP\";a:5:{s:3:\"dir\";s:5:\"bigup\";s:8:\"dir_type\";s:17:\"_DIR_PLUGINS_DIST\";s:3:\"nom\";s:10:\"Big Upload\";s:4:\"etat\";s:6:\"stable\";s:7:\"version\";s:5:\"3.2.5\";}s:11:\"COMPRESSEUR\";a:5:{s:3:\"dir\";s:11:\"compresseur\";s:8:\"dir_type\";s:17:\"_DIR_PLUGINS_DIST\";s:3:\"nom\";s:11:\"Compresseur\";s:4:\"etat\";s:6:\"stable\";s:7:\"version\";s:5:\"2.1.2\";}s:6:\"MEDIAS\";a:5:{s:3:\"dir\";s:6:\"medias\";s:8:\"dir_type\";s:17:\"_DIR_PLUGINS_DIST\";s:3:\"nom\";s:6:\"Medias\";s:4:\"etat\";s:6:\"stable\";s:7:\"version\";s:5:\"4.1.2\";}s:3:\"SVP\";a:5:{s:3:\"dir\";s:3:\"svp\";s:8:\"dir_type\";s:17:\"_DIR_PLUGINS_DIST\";s:3:\"nom\";s:3:\"SVP\";s:4:\"etat\";s:6:\"stable\";s:7:\"version\";s:5:\"3.1.4\";}}', 'non', '2023-12-22 11:58:16'),
('secret_du_site', 'iQDXaR0ZRwL8EI+9S7KfjeMYxj98jv3Gk+KohVT+jjA=', 'oui', '2023-11-08 03:26:28'),
('bigup', 'a:1:{s:13:\"max_file_size\";i:40;}', 'oui', '2023-11-08 03:26:43'),
('bigup_base_version', '1.0.1', 'oui', '2023-11-08 03:26:43'),
('plugin_attente', 'a:0:{}', 'oui', '2023-04-13 22:52:39'),
('compagnon', 'a:3:{s:6:\"config\";a:1:{s:7:\"activer\";s:3:\"oui\";}i:1;a:6:{s:7:\"accueil\";i:1;s:18:\"accueil_configurer\";i:1;s:19:\"accueil_publication\";i:1;s:9:\"rubriques\";i:1;s:8:\"rubrique\";i:1;s:17:\"article_redaction\";i:1;}i:2;a:2:{s:7:\"accueil\";i:1;s:27:\"article_redaction_redacteur\";i:1;}}', 'oui', '2023-11-15 18:15:43'),
('compagnon_base_version', '1.0.0', 'oui', '2023-04-13 22:52:39'),
('forum_base_version', '1.2.2', 'oui', '2023-04-13 22:52:39'),
('mots_base_version', '2.1.1', 'oui', '2023-04-13 22:52:39'),
('organiseur_base_version', '1.1.2', 'oui', '2023-04-13 22:52:39'),
('petitions_base_version', '1.1.6', 'oui', '2023-04-13 22:52:39'),
('revisions_base_version', '1.2.0', 'oui', '2023-04-13 22:52:39'),
('sites_base_version', '1.2.0', 'oui', '2023-11-08 03:26:43'),
('stats_base_version', '1.0.1', 'oui', '2023-04-13 22:52:39'),
('svp_base_version', '0.6.2', 'oui', '2023-11-08 03:26:45'),
('urls_base_version', '2.0.1', 'oui', '2023-04-13 22:52:39'),
('breves_base_version', '1.0.0', 'oui', '2023-04-13 22:52:39'),
('medias_base_version', '1.7.0', 'oui', '2023-11-08 03:26:45'),
('plugin_installes', 'a:10:{i:0;s:9:\"compagnon\";i:1;s:5:\"forum\";i:2;s:4:\"mots\";i:3;s:9:\"revisions\";i:4;s:5:\"sites\";i:5;s:12:\"statistiques\";i:6;s:13:\"urls_etendues\";i:7;s:5:\"bigup\";i:8;s:6:\"medias\";i:9;s:3:\"svp\";}', 'non', '2023-11-08 03:26:45'),
('cache_signature', 'c413a1fbc535ae5213cf00c1c8604967bcd4009a913e694d0b3be98baf9745fc', 'oui', '2023-04-13 22:52:41'),
('derniere_modif_rubrique', '1699955387', 'oui', '2023-11-14 09:49:47'),
('derniere_modif', '1730898983', 'non', '2024-11-06 13:16:23'),
('optimiser_table', 'i:10;', 'non', '2024-11-24 05:25:54'),
('tour_quota_cache', '11', 'oui', '2023-06-05 17:23:42'),
('info_maj_spip', '4.2.5|<a class=\"info_maj_spip\" href=\"https://www.spip.net/fr_update\" title=\"4.2.16\">La mise à jour 4.2.16 de SPIP est disponible | Une nouvelle version SPIP 4.3.4 est disponible</a>', 'non', '2024-11-14 07:58:45'),
('derniere_modif_mot', '1682088576', 'oui', '2023-04-21 14:49:36'),
('sha_256_only', 'oui', 'oui', '2023-04-21 12:12:53'),
('derniere_modif_article', '1730898983', 'oui', '2024-11-06 13:16:23'),
('derniere_modif_document', '1730898983', 'oui', '2024-11-06 13:16:23'),
('urls_activer_controle', 'non', 'oui', '2023-11-09 14:03:51'),
('plugins_interessants', 'a:21:{s:28:\"auto/squelettes_par_rubrique\";i:29;s:5:\"sites\";i:30;s:12:\"statistiques\";i:30;s:3:\"svp\";i:30;s:8:\"safehtml\";i:30;s:9:\"revisions\";i:30;s:11:\"porte_plume\";i:30;s:4:\"mots\";i:30;s:4:\"plan\";i:30;s:6:\"medias\";i:30;s:14:\"filtres_images\";i:30;s:5:\"forum\";i:30;s:8:\"mediabox\";i:30;s:4:\"dump\";i:30;s:11:\"compresseur\";i:30;s:10:\"archiviste\";i:30;s:5:\"bigup\";i:30;s:9:\"compagnon\";i:30;s:4:\"aide\";i:30;s:9:\"textwheel\";i:30;s:13:\"urls_etendues\";i:30;}', 'oui', '2023-11-09 14:05:54'),
('gd_formats_read', 'gif,jpg,png,webp', 'oui', '2023-11-09 14:33:45'),
('gd_formats', 'gif,jpg,png,webp', 'oui', '2023-11-09 14:33:45'),
('derniere_modif_site', '1701170892', 'oui', '2023-11-28 11:28:12'),
('derniere_modif_auteur', '1700071451', 'oui', '2023-11-15 18:04:11');

-- --------------------------------------------------------

--
-- Table structure for table `spip_mots`
--

CREATE TABLE IF NOT EXISTS `spip_mots` (
  `id_mot` bigint NOT NULL AUTO_INCREMENT,
  `titre` text NOT NULL,
  `descriptif` text NOT NULL,
  `texte` longtext NOT NULL,
  `id_groupe` bigint NOT NULL DEFAULT '0',
  `type` text NOT NULL,
  `maj` timestamp NOT NULL DEFAULT CURRENT_TIMESTAMP ON UPDATE CURRENT_TIMESTAMP,
  PRIMARY KEY (`id_mot`),
  KEY `id_groupe` (`id_groupe`)
) ENGINE=MyISAM AUTO_INCREMENT=4 DEFAULT CHARSET=utf8mb3;

--
-- Dumping data for table `spip_mots`
--

INSERT INTO `spip_mots` (`id_mot`, `titre`, `descriptif`, `texte`, `id_groupe`, `type`, `maj`) VALUES
(1, 'Top_Banner', '', '', 1, 'Kwamamaza', '2023-04-13 23:06:55'),
(2, 'Breaking_News', '', '', 2, 'Amakuru', '2023-04-21 14:49:21'),
(3, 'Main_Slide', '', '', 2, 'Amakuru', '2023-04-21 14:49:36');

-- --------------------------------------------------------

--
-- Table structure for table `spip_mots_liens`
--

CREATE TABLE IF NOT EXISTS `spip_mots_liens` (
  `id_mot` bigint NOT NULL DEFAULT '0',
  `id_objet` bigint NOT NULL DEFAULT '0',
  `objet` varchar(25) NOT NULL DEFAULT '',
  PRIMARY KEY (`id_mot`,`id_objet`,`objet`),
  KEY `id_mot` (`id_mot`),
  KEY `id_objet` (`id_objet`),
  KEY `objet` (`objet`)
) ENGINE=MyISAM DEFAULT CHARSET=utf8mb3;

--
-- Dumping data for table `spip_mots_liens`
--

INSERT INTO `spip_mots_liens` (`id_mot`, `id_objet`, `objet`) VALUES
(1, 20, 'article'),
(2, 1, 'article'),
(2, 3, 'article'),
(2, 4, 'article'),
(2, 10, 'article'),
(2, 21, 'article'),
(2, 25, 'article'),
(3, 1, 'article'),
(3, 2, 'article'),
(3, 3, 'article'),
(3, 7, 'article'),
(3, 9, 'article'),
(3, 10, 'article'),
(3, 20, 'article'),
(3, 21, 'article'),
(3, 25, 'article');

-- --------------------------------------------------------

--
-- Table structure for table `spip_paquets`
--

CREATE TABLE IF NOT EXISTS `spip_paquets` (
  `id_paquet` bigint NOT NULL AUTO_INCREMENT,
  `id_plugin` bigint NOT NULL,
  `prefixe` varchar(48) NOT NULL DEFAULT '',
  `logo` varchar(255) NOT NULL DEFAULT '',
  `version` varchar(24) NOT NULL DEFAULT '',
  `version_base` varchar(24) NOT NULL DEFAULT '',
  `compatibilite_spip` varchar(24) NOT NULL DEFAULT '',
  `branches_spip` varchar(255) NOT NULL DEFAULT '',
  `description` text NOT NULL,
  `auteur` text NOT NULL,
  `credit` text NOT NULL,
  `licence` text NOT NULL,
  `copyright` text NOT NULL,
  `lien_doc` text NOT NULL,
  `lien_demo` text NOT NULL,
  `lien_dev` text NOT NULL,
  `etat` varchar(16) NOT NULL DEFAULT '',
  `etatnum` int NOT NULL DEFAULT '0',
  `dependances` text NOT NULL,
  `procure` text NOT NULL,
  `date_crea` datetime NOT NULL DEFAULT '0000-00-00 00:00:00',
  `date_modif` datetime NOT NULL DEFAULT '0000-00-00 00:00:00',
  `id_depot` bigint NOT NULL DEFAULT '0',
  `nom_archive` varchar(255) NOT NULL DEFAULT '',
  `nbo_archive` int NOT NULL DEFAULT '0',
  `maj_archive` datetime NOT NULL DEFAULT '0000-00-00 00:00:00',
  `src_archive` varchar(255) NOT NULL DEFAULT '',
  `traductions` text NOT NULL,
  `actif` varchar(3) NOT NULL DEFAULT 'non',
  `installe` varchar(3) NOT NULL DEFAULT 'non',
  `recent` int NOT NULL DEFAULT '0',
  `maj_version` varchar(255) NOT NULL DEFAULT '',
  `superieur` varchar(3) NOT NULL DEFAULT 'non',
  `obsolete` varchar(3) NOT NULL DEFAULT 'non',
  `attente` varchar(3) NOT NULL DEFAULT 'non',
  `constante` varchar(30) NOT NULL DEFAULT '',
  `signature` varchar(32) NOT NULL DEFAULT '',
  PRIMARY KEY (`id_paquet`),
  KEY `id_plugin` (`id_plugin`)
) ENGINE=MyISAM AUTO_INCREMENT=62 DEFAULT CHARSET=utf8mb3;

--
-- Dumping data for table `spip_paquets`
--

INSERT INTO `spip_paquets` (`id_paquet`, `id_plugin`, `prefixe`, `logo`, `version`, `version_base`, `compatibilite_spip`, `branches_spip`, `description`, `auteur`, `credit`, `licence`, `copyright`, `lien_doc`, `lien_demo`, `lien_dev`, `etat`, `etatnum`, `dependances`, `procure`, `date_crea`, `date_modif`, `id_depot`, `nom_archive`, `nbo_archive`, `maj_archive`, `src_archive`, `traductions`, `actif`, `installe`, `recent`, `maj_version`, `superieur`, `obsolete`, `attente`, `constante`, `signature`) VALUES
(57, 57, 'SITES', 'prive/themes/spip/images/site-32.png', '004.001.003', '1.2.0', '[4.2.0;4.2.*]', '4.2', '<multi>[ar]مواقع وترخيص في SPIP (خاص وعمومي)[br]Lec’hioù ha sindikadur e SPIP (prevez ha publik)[de]Verwaltung verlinkter und syndizierter Websites mit  SPIP (im öffentlichen und Redaktionsbereich)[en]Sites and syndication in SPIP (private and public)[eo]Retejoj kaj abonrilato en SPIP (privata kaj publika)[es]Sitios y sindicación en SPIP (privado y público)[fa]سايت‌ها و مشترك‌سازي‌ها در اسپسپ (خصوصي و همگاني)[fr]Sites et syndication dans SPIP (privé et public)[fr_fem]Sites et syndication dans SPIP (privé et public)[fr_tu]Sites et syndication dans SPIP (privé et public)[it]Siti e syndication in SPIP (privato e pubblica)[lb]Websäiten a Syndicatioun am SPIP (privat an ëffentlech)[nl]Sites en Websyndicatie in SPIP (privé en publiek)[oc_ni_mis]Sit e sindicacioun en SPIP (privat et pùblicou)[pt]Sítios e vinculação em SPIP (privado e público)[pt_br]Sites e sindicação do SPIP (privado e público)[ru]Подключение других сайтов по RSS[sk]Stránky a syndikácia v SPIPe (súkromná aj verejná)[uk]Підключення інших сайтів по RSS</multi>', 'a:1:{i:1;a:3:{s:3:\"nom\";s:14:\"Collectif SPIP\";s:3:\"url\";s:0:\"\";s:4:\"mail\";s:0:\"\";}}', '', '', '', '', '', '', 'stable', 4, 'a:3:{s:9:\"necessite\";a:0:{}s:9:\"librairie\";a:0:{}s:7:\"utilise\";a:0:{}}', '', '0000-00-00 00:00:00', '0000-00-00 00:00:00', 0, '', 0, '0000-00-00 00:00:00', 'sites', '', 'oui', 'oui', 1, '', 'non', 'non', 'non', '_DIR_PLUGINS_DIST', '6a7d63d87d824e1380075d4d77726e9e'),
(58, 58, 'STATS', 'prive/themes/spip/images/statistique-32.png', '003.001.003', '1.0.1', '[4.2.0;4.2.*]', '4.2', '<multi>[ar]إحصاءات SPIP[br]Statistikoù SPIP[de]SPIP Statistiken[en]Statistics of SPIP[eo]Statistikoj de SPIP[es]Estadísticas de SPIP[fa]آمارهاي اسپيپ[fr]Statistiques de SPIP[fr_fem]Statistiques de SPIP[fr_tu]Statistiques de SPIP[it]Statistiche di SPIP[lb]SPIP-Statistiken[nl]Statistieken van SPIP[oc_ni_mis]Estatìstica de SPIP[pt]Estatísticas de SPIP[pt_br]Estatísticas do SPIP[ru]Статистика посещений сайта[sk]Štatistiky SPIPu[uk]Статистика відвідувань сайту</multi>', 'a:1:{i:1;a:3:{s:3:\"nom\";s:14:\"Collectif SPIP\";s:3:\"url\";s:0:\"\";s:4:\"mail\";s:0:\"\";}}', '', '', '', '', '', '', 'stable', 4, 'a:3:{s:9:\"necessite\";a:0:{}s:9:\"librairie\";a:0:{}s:7:\"utilise\";a:0:{}}', '', '0000-00-00 00:00:00', '0000-00-00 00:00:00', 0, '', 0, '0000-00-00 00:00:00', 'statistiques', '', 'oui', 'oui', 1, '', 'non', 'non', 'non', '_DIR_PLUGINS_DIST', 'c05251466585c6527fd52ed05959cca9'),
(59, 59, 'SVP', 'svp.svg', '003.001.004', '0.6.2', '[4.2.0;4.2.*]', '4.2', '<multi>[ar]يقدم هذا الملحق، من جهة، دارة تتيح تنفيذ بحث متعدد المعايير حول الملحقات وتجميع معلومات عنها (نماذج وظيفية، نماذج تصاميمن صفحات نموذجية) ومن جهة أخرى، يقدم واجهة لإدارة الملحقات والعلاقات بينها.[de]SVP stellt ein API bereit, mit dem SPIP-Plugins (Zusatzfunktionen, Themen und  Skelette) nach mehreren Kriterien gesucht  und ausgewählt werden können und bietet eine Oberfläche zur Verwaltung der  Plugins sowie ihrer Abhängigkeiten.[en]On one hand, this plugin provides an API to perform multi-criteria searches, to collect and present information on SPIP plugins (functional modules, themes, and skeletons) and on the other hand, proposes a new administration interface to manage the dependencies between plugins.[eo]Tiu kromprogramo disponigas, unue, API-on ebligante plurkriterie serĉi, kolekti kaj prezenti informojn pri SPIP-kromprogramoj (funkciaj, aspektaj kaj skeletaj), kaj, due, nova interfacon de mastrumado de kromprogramoj, kiu zorgas pri la dependeco inter la kromprogramoj.[es]Este plugin proporciona, por un lado, una API que permite efectuar búsquedas multi-criterio, recopilar y presentar información sobre los plugins (módulos funcionales, temas y esqueletos) y, por otro lado, una nueva interfaz de administración de los plugins que gestiona las dependencias entre ellos.[fa]اين پلاگينن،‌ از يك طرف يك آي.پي.يي براي جستجو‌‌هاي چند معياره  براي گردآوري و ارايه‌ي اطلاعات در مورد پلاگين‌هاي اسپيپ (مادوول‌هاي كاركردي، تم‌ها و اسكلث‌ها) در اختيار مي‌گذارد، و از طرف ديگر، يك واسط مديريتي جديد براي مديريت وابستگي‌هاي بين پلاگين‌ها را پيشنهاد مي‌كند.[fr]Ce plugin fournit, d’une part,  une API permettant d’effectuer des recherches multi-critères, de collecter, et de présenter les informations sur les plugins SPIP (modules fonctionnels, thèmes et squelettes) et d’autre part, une nouvelle interface d’administration des plugins gérant les dépendances entre plugins.[fr_fem]Ce plugin fournit, d’une part,  une API permettant d’effectuer des recherches multi-critères, de collecter, et de présenter les informations sur les plugins SPIP (modules fonctionnels, thèmes et squelettes) et d’autre part, une nouvelle interface d’administration des plugins gérant les dépendances entre plugins.[fr_tu]Ce plugin fournit, d’une part,  une API permettant d’effectuer des recherches multi-critères, de collecter, et de présenter les informations sur les plugins SPIP (modules fonctionnels, thèmes et squelettes) et d’autre part, une nouvelle interface d’administration des plugins gérant les dépendances entre plugins.[it]Da un lato, questo plugin fornisce un’API per eseguire ricerche multi-criteri, per raccogliere e presentare informazioni su SPIP plugin (moduli funzionali, temi e scheletri) e, dall’altro, propone una nuova interfaccia di amministrazione per gestire le dipendenze tra i plugin.[nl]Enerzijds biedt deze plugin een API aan voor het multi-criteria zoeken, het verzamelen en het tonen van informatie over SPIP Plugins (functionele modules, thema’s en skeletten), anderzijds biedt het een nieuwe interface voor het beheer van plugins dat ook de onderlinge afhankelijkheden in acht neemt.[oc_ni_mis]Aqueu plugin fournisse, premieramen, una API que permete d’efetuà dei recercà multi-critèri, de couletà, e de presentà li infourmacioun soubre lu plugin SPIP (module fountiounal, tèma e esquèletrou), e segoundamen, una interfaça nouvela d’aministracioun dei plugin que gèron li dependança tra lu plugin.[pt]Por um lado, este plugin fornece um API que permite efectuar pesquisar multi-critério, recolher e apresentar informação sobre plugins SPIP (módulos funcionais, temas e modelos). Por outro lado, propõe uma nova interface de administração, para gerir as dependências entre plugins.[pt_br]Este plugin fornece, por um lado, uma API que permite fazer buscas culti-critérios, coletar e apresentar as informações sobre os plugins SPIP (módulos funcionais, temas e templates) e, por outro lado, uma nova interface de administração dos plugins, gerenciando as dependências entre plugins.[ru]Этот модуль предоставляет API и интерфейс для управления плагинами SPIP.[sk]Tento zásuvný modul poskytuje, po prvé, aplikáciu umožňujúcu vykonávať vyhľadávania na základe viacerých kritérií, vyhľadať a zobraziť informácie o zásuvných moduloch SPIPu (funkčných moduloch, farebných motívoch i šablónach) a po druhé, nové rozhranie nastavení zásuvných modulov riadi závislosti medzi zásuvnými modulmi.[uk]З одного боку, цей плагін забезпечує API для виконання пошуку по безлічі критеріїв, щоб зібрати і представити інформацію про SPIP-плагіни (функціональні модулі, теми і шаблони), а з іншого боку, пропонує новий інтерфейс адміністрування для управління залежностями між плагінами.</multi>', 'a:2:{i:1;a:3:{s:3:\"nom\";s:14:\"Eric Lupinacci\";s:3:\"url\";s:23:\"http://blog.smellup.net\";s:4:\"mail\";s:0:\"\";}i:2;a:3:{s:3:\"nom\";s:14:\"Collectif SPIP\";s:3:\"url\";s:0:\"\";s:4:\"mail\";s:0:\"\";}}', '', 'a:1:{i:1;a:2:{s:3:\"nom\";s:5:\"GPL 3\";s:3:\"url\";s:40:\"http://www.gnu.org/licenses/gpl-3.0.html\";}}', '', 'http://blog.smellup.net/spip.php?rubrique1', '', '', 'stable', 4, 'a:3:{s:9:\"necessite\";a:1:{i:0;a:2:{s:10:\"archiviste\";a:2:{s:3:\"nom\";s:10:\"archiviste\";s:13:\"compatibilite\";s:8:\"[2.2.0;]\";}s:11:\"php:openssl\";a:1:{s:3:\"nom\";s:11:\"php:openssl\";}}}s:9:\"librairie\";a:0:{}s:7:\"utilise\";a:0:{}}', '', '0000-00-00 00:00:00', '0000-00-00 00:00:00', 0, '', 0, '0000-00-00 00:00:00', 'svp', '', 'oui', 'oui', 1, '', 'non', 'non', 'non', '_DIR_PLUGINS_DIST', '8026db61d12e045440edc0d434b05f3a'),
(56, 56, 'SAFEHTML', 'images/safehtml-32.png', '003.001.001', '', '[4.2.0;4.2.*]', '4.2', '<multi>[ar]حماية المنتديات من هجمات من نوع الأوامرالعابرة للمواقع[br]Gwarezadur ar forum ouzh argadennoù evel cross-site scripting[de]Schutz der Foren gegen cross-site scripting Attacken[en]Forums protection against cross-site scripting attacks[eo]Ŝirmilo por la forumoj kontraŭ transreteja atakoj[es]Protección de los foros contra ataques de type cross-site scripting[fr]Protection des forums contre les attaques de type cross-site scripting[fr_fem]Protection des forums contre les attaques de type cross-site scripting[fr_tu]Protection des forums contre les attaques de type cross-site scripting[it]Protezione del forum contro gli attacchi di tipo cross-site scripting[nl]Bescherming van forums tegen cross-site scripting[oc_ni_mis]Proutecioun dei fòrou countra lu atac de tìpou cross-site scripting[pt]Protecção dos fóruns contra os ataques do tipo cross-site scripting[pt_br]Proteção dos foruns contra ataques do tipo cross-site scripting[ru]Защищает форму комментариев от межсайтового скриптинга (XSS)[sk]Ochrana diskusných fór pred útokmi, ako cross-site scripting[uk]Захищає форуми від міжсайтового скриптингу (XSS)</multi>', 'a:1:{i:1;a:3:{s:3:\"nom\";s:14:\"Collectif SPIP\";s:3:\"url\";s:0:\"\";s:4:\"mail\";s:0:\"\";}}', 'a:4:{i:1;a:2:{s:3:\"nom\";s:12:\"Roman Ivanov\";s:3:\"url\";s:0:\"\";}i:2;a:2:{s:3:\"nom\";s:10:\"Pixel-Apes\";s:3:\"url\";s:0:\"\";}i:3;a:2:{s:3:\"nom\";s:8:\"JetStyle\";s:3:\"url\";s:0:\"\";}i:4;a:2:{s:3:\"nom\";s:47:\"https://wackowiki.org/doc/Dev/Projects/SafeHTML\";s:3:\"url\";s:63:\"https://bitbucket.org/wackowiki/wackowiki/src/master/wacko/lib/\";}}', 'a:1:{i:1;a:2:{s:3:\"nom\";s:3:\"GPL\";s:3:\"url\";s:40:\"http://www.gnu.org/licenses/gpl-3.0.html\";}}', '', 'http://www.ohloh.net/p/safehtml', '', '', 'stable', 4, 'a:3:{s:9:\"necessite\";a:0:{}s:9:\"librairie\";a:0:{}s:7:\"utilise\";a:0:{}}', 'a:1:{s:8:\"SAFEHTML\";s:6:\"1.3.12\";}', '0000-00-00 00:00:00', '0000-00-00 00:00:00', 0, '', 0, '0000-00-00 00:00:00', 'safehtml', '', 'oui', 'non', 1, '', 'non', 'non', 'non', '_DIR_PLUGINS_DIST', '7bd84e58962e428de21ff55bb9f91a01'),
(55, 55, 'REVISIONS', 'prive/themes/spip/images/revision-32.png', '003.001.003', '1.2.0', '[4.2.0;4.2.*]', '4.2', '<multi>[ar]متابعة التغييرات في العناصر التحريرية[br]Heuliañ kemmoù an traoù stur[de]Änderungen von redaktionellen Inhalten nachvollziehen[en]Tracking changes of editorial objects[eo]Superrigardo de la modifoj de la redaktaj objektoj[es]Seguimiento de las modificaciones de los objetos editoriales[fa]پيگيري اصلاحات موضوع‌هاي سردبيري[fr]Suivi des modifications des objets éditoriaux[fr_fem]Suivi des modifications des objets éditoriaux[fr_tu]Suivi des modifications des objets éditoriaux[it]Il rilevamento delle revisioni sugli oggetti editoriali[lb]Verwaltung vun de Versiounen vun den Objekter[nl]De revisies van de editoriale objecten volgen[oc_ni_mis]Seguit dei moudificacioun dei ouget editourial[pt]Seguimento das modificações dos objectos editoriais[pt_br]Acompanhamento das alterações dos objetos editoriais[ru]История изменений[sk]Sledujte zmeny redakčných objektov[uk]Відстеження змін об’єктів, що редагуються</multi>', 'a:1:{i:1;a:3:{s:3:\"nom\";s:14:\"Collectif SPIP\";s:3:\"url\";s:0:\"\";s:4:\"mail\";s:0:\"\";}}', '', '', '', '', '', '', 'stable', 4, 'a:3:{s:9:\"necessite\";a:0:{}s:9:\"librairie\";a:0:{}s:7:\"utilise\";a:0:{}}', '', '0000-00-00 00:00:00', '0000-00-00 00:00:00', 0, '', 0, '0000-00-00 00:00:00', 'revisions', '', 'oui', 'oui', 1, '', 'non', 'non', 'non', '_DIR_PLUGINS_DIST', 'e5ba11e2c5069a06889754d6f1ce6922'),
(54, 54, 'PORTE_PLUME', 'images/porte-plume-xx.svg', '003.001.004', '', '[4.2.0;4.2.*]', '4.2', '<multi>[ar]الريشة هي شريط أدوات موسع لنظام SPIP يستخدم مكتبة جافاسكريبت [MarkItUp-&gt;http://markitup.jaysalvat.com/home/][de]Der Federhalter ist eine erweiterbare Werkzeugleiste für SPIP auf Grundlage der Javascript-Bibiliothek [MarkItUp->http://markitup.jaysalvat.com/home/][en]The Quill is a SPIP extensible toolbar which uses the [MarkItUp->http://markitup.jaysalvat.com/home/] javascript library.[eo]Plumingo estas etendebla ilobreto por SPIP, kiu uzas la Javascript-bibliotekon [MarkItUp->http://markitup.jaysalvat.com/home/][es]Porta pluma es una barra de herramientas extensible para SPIP que utiliza la librería javascript [MarkItUp->http://markitup.jaysalvat.com/home/][fa]چوب قلم يك نوار ابزار قابل گسترش براي اسپيپ است كه آرشيو جاوا اسكريپت [MarkItUp->http://markitup.jaysalvat.com/home/] را مورد استفاده قرار مي‌دهد.[fr]Porte plume est une barre d’outils extensible pour SPIP qui utilise la bibliothèque javascript [MarkItUp->http://markitup.jaysalvat.com/home/][fr_fem]Porte plume est une barre d’outils extensible pour SPIP qui utilise la bibliothèque javascript [MarkItUp->http://markitup.jaysalvat.com/home/][fr_tu]Porte plume est une barre d’outils extensible pour SPIP qui utilise la bibliothèque javascript [MarkItUp->http://markitup.jaysalvat.com/home/][it]Portapenne è una barra degli strumenti estensibile per SPIP che utilizza la libreria javascript [MarkItUp->http://markitup.jaysalvat.com/home/][nl]Penhouder is een rekbare werkbalk voor SPIP die gebruik van [MarkItUp->http://markitup.jaysalvat.com/home/] javascript library  maakt.[oc_ni_mis]Pouòrta-pluma es una barra d’óutis estensible per SPIP qu’utilisa la biblioutèca javascript [MarkItUp->http://markitup.jaysalvat.com/home/][pt]Pena é uma barra de ferramentas em SPIP que usa a biblioteca javascript [MarkItUp->http://markitup.jaysalvat.com/home/][pt_br]Porte plume é uma barra de feramentas para SPIP que utiliza a biblioteca javascript [MarkItUp->http://markitup.jaysalvat.com/home/][ru]Porte plume - расширение возможностей стандартного текстового редактора SPIP. Использует javascript библиотеку  [MarkItUp->http://markitup.jaysalvat.com/home/].[sk]Porte plume je rozšíriteľný panel s nástrojmi pre SPIP, ktorý využíva javascriptovú knižnicu [MarkItUp->http://markitup.jaysalvat.com/home/][uk]Porte plume - розширення можливостей стандартного текстового редактора SPIP. Використовує javascript бібліотеку  [MarkItUp->http://markitup.jaysalvat.com/home/].</multi>', 'a:1:{i:1;a:3:{s:3:\"nom\";s:19:\"Matthieu Marcillaud\";s:3:\"url\";s:0:\"\";s:4:\"mail\";s:0:\"\";}}', 'a:3:{i:1;a:2:{s:3:\"nom\";s:21:\"Jay Salvat (MarkitUp)\";s:3:\"url\";s:30:\"http://markitup.jaysalvat.com/\";}i:2;a:2:{s:3:\"nom\";s:18:\"FamFamFam (Icones)\";s:3:\"url\";s:25:\"http://www.famfamfam.com/\";}i:3;a:2:{s:3:\"nom\";s:38:\"Frey Wazza / The Noun Project (icône)\";s:3:\"url\";s:54:\"https://thenounproject.com/search/?q=preview&i=2766461\";}}', 'a:1:{i:1;a:2:{s:3:\"nom\";s:7:\"GNU/GPL\";s:3:\"url\";s:40:\"http://www.gnu.org/licenses/gpl-3.0.html\";}}', '', 'https://contrib.spip.net/Porte-plume,3117', '', '', 'stable', 4, 'a:3:{s:9:\"necessite\";a:0:{}s:9:\"librairie\";a:0:{}s:7:\"utilise\";a:0:{}}', '', '0000-00-00 00:00:00', '0000-00-00 00:00:00', 0, '', 0, '0000-00-00 00:00:00', 'porte_plume', '', 'oui', 'non', 1, '', 'non', 'non', 'non', '_DIR_PLUGINS_DIST', '2da2a66a44f8a4f878e2a88ca1d7efe2'),
(52, 52, 'MOTS', 'prive/themes/spip/images/mot-32.png', '004.001.003', '2.1.1', '[4.2.0;4.2.*]', '4.2', '<multi>[ar]المفاتيح ومجموعات المفاتيح[br]Gerioù ha strolladoù ger[de]Schlagworte und Schlagwortgruppen[en]Keywords and keywords groups[eo]Ŝlosilvortoj kaj grupoj de ŝlosilvortoj[es]Palabras clave y grupos de palabras clave[fa]واژه‌ها و گروه‌ واژه‌ها[fr]Mots et Groupes de mots[fr_fem]Mots-clef et Groupes de mots-clef[fr_tu]Mots et Groupes de mots[it]Parole e Gruppi di parole[ja]キーワードとキーワードのグループ[lb]Schlësselwierder a Gruppen[nl]Terfwoorden en groepen van trefwoorden[oc_ni_mis]Mot e Group de mot[pt]Palavras e grupos de palavras[pt_br]Palavras-chave e seus grupos[ru]Ключи и группы ключей[sk]Kľúčové slová a skupiny kľúčových slov[uk]Ключі та групи ключів</multi>', 'a:1:{i:1;a:3:{s:3:\"nom\";s:14:\"Collectif SPIP\";s:3:\"url\";s:0:\"\";s:4:\"mail\";s:0:\"\";}}', '', '', '', '', '', '', 'stable', 4, 'a:3:{s:9:\"necessite\";a:0:{}s:9:\"librairie\";a:0:{}s:7:\"utilise\";a:0:{}}', '', '0000-00-00 00:00:00', '0000-00-00 00:00:00', 0, '', 0, '0000-00-00 00:00:00', 'mots', '', 'oui', 'oui', 1, '', 'non', 'non', 'non', '_DIR_PLUGINS_DIST', '04dcff93dfe676cc81d1a2fd2c963eb1'),
(53, 53, 'PLAN', 'prive/images/plan-xx.svg', '004.001.001', '', '[4.2.0;4.2.*]', '4.2', '<multi>[ar]يحسن هذا الملحق صفحة «خرية الموقع» في المجال الخاص وذلك بعرض بنية يمكن فتحها وطيهاوإتاحة الترشيح حسب وضعية المقالات.[de]Dieses Plugin verbessert die « SItemap » des Redaktionssystems durch eine aufklappbare Baumstruktur mit einem Filter nach Artikelstatus.[en]This plugin improves the page \"Site Map\" of the private space by displaying a foldable structure and allowing to filter by article status.[eo]Tiu kromprogramo plibonigas la privatspacan paĝon „Mapo de la retejo“ per malfaldebla strukturo kaj filtrilo pri statuso de artikoloj.[es]Este plugin mejora la página \"Mapa del sitio\" del área privada mostrando una estructura desplegable y permitiendo filtrar por estado del artículo.[fr]Ce plugin améliore la page « Plan du site » de l’espace privé en affichant une structure dépliable et en permettant de filtrer par statut d’articles.[fr_fem]Ce plugin améliore la page « Plan du site » de l’espace privé en affichant une structure dépliable et en permettant de filtrer par statut d’articles.[fr_tu]Ce plugin améliore la page « Plan du site » de l’espace privé en affichant une structure dépliable et en permettant de filtrer par statut d’articles.[it]Questo plugin migliora la pagina \"Mappa del sito\" nell’area privata visualizzando una struttura ad albero e consentendo il filtraggio per stato dell’articolo.[ja]このプラグインは、折りたたみ可能な構造を表示し、記事のステータスでソートすることによって、管理エリアのページ「サイトマップ」を改善します。[nl]Deze plugin verbetert de weergave van de « Sitemap » in het privé gedeelte door een uitvouwbare structuur weet te geven waarin op status van artikel kan worden gefilterd.[pt_br]Este plugin melhora a página «Mapa do site » da área restrita, exibindo uma estrutura expansível e permitindo a filtragem pelo status das matérias.[sk]Tento zásuvný modul vylepší stránku „Mapa stránky“ v súkromej zóne tým, že zobrazí štruktúru stránky vo forme rozbaľovacieho modelu s možnosťou filtrovania článkov podľa stavu spracovania.</multi>', 'a:1:{i:1;a:3:{s:3:\"nom\";s:19:\"Matthieu Marcillaud\";s:3:\"url\";s:0:\"\";s:4:\"mail\";s:0:\"\";}}', 'a:1:{i:1;a:2:{s:3:\"nom\";s:22:\"Ivan Bozhanov (jstree)\";s:3:\"url\";s:23:\"https://www.jstree.com/\";}}', 'a:1:{i:1;a:2:{s:3:\"nom\";s:7:\"GNU/GPL\";s:3:\"url\";s:0:\"\";}}', '', 'https://contrib.spip.net/4718', '', '', 'stable', 4, 'a:3:{s:9:\"necessite\";a:0:{}s:9:\"librairie\";a:0:{}s:7:\"utilise\";a:0:{}}', '', '0000-00-00 00:00:00', '0000-00-00 00:00:00', 0, '', 0, '0000-00-00 00:00:00', 'plan', '', 'oui', 'non', 1, '', 'non', 'non', 'non', '_DIR_PLUGINS_DIST', '94beda6e765ed1969bed8ab284617d37'),
(51, 51, 'MEDIAS', 'prive/themes/spip/images/portfolio-32.png', '004.001.002', '1.7.0', '[4.2.0;4.2.*]', '4.2', '<multi>[ar]أدارة الوسائط المتعددة في SPIP[br]Merañ ar mediaoù SPIP[de]Medienverwaltung in  SPIP[en]SPIP’s media management[eo]Mastrumado de ĉiuspecaj dokumentoj de SPIP[es]Gestión de documentos multimedia de SPIP[fa]مديريت رسانه‌‌هاي اسپيپ[fr]Gestion des médias de SPIP[fr_fem]Gestion des médias de SPIP[fr_tu]Gestion des médias de SPIP[it]Gestione dei media di SPIP[ja]SPIPにおけるメディア管理[lb]Gestioun vun de Medien vu SPIP[nl]Beheer van de medias in SPIP[oc_ni_mis]Gestioun dei media de SPIP[pt]Gestão multimédia de SPIP[pt_br]Gerenciamento de mídias do SPIP[ru]Управление медиа файлами[sk]Správa multimédií v SPIPe[uk]Управління медіа-файлами</multi>', 'a:1:{i:1;a:3:{s:3:\"nom\";s:14:\"Collectif SPIP\";s:3:\"url\";s:0:\"\";s:4:\"mail\";s:0:\"\";}}', 'a:5:{i:1;a:2:{s:3:\"nom\";s:57:\"Cédric Morin, Romy Duhem-Verdière pour la médiathèque\";s:3:\"url\";s:0:\"\";}i:2;a:2:{s:3:\"nom\";s:8:\"getID3()\";s:3:\"url\";s:22:\"http://www.getid3.org/\";}i:3;a:2:{s:3:\"nom\";s:15:\"MediaElement.js\";s:3:\"url\";s:26:\"http://mediaelementjs.com/\";}i:4;a:2:{s:3:\"nom\";s:21:\"SVG Sanitizer v0.14.0\";s:3:\"url\";s:53:\"https://github.com/darylldoyle/svg-sanitizer/releases\";}i:5;a:2:{s:3:\"nom\";s:16:\"Numix icon theme\";s:3:\"url\";s:48:\"https://github.com/numixproject/numix-icon-theme\";}}', '', '', '', '', '', 'stable', 4, 'a:3:{s:9:\"necessite\";a:1:{i:0;a:1:{s:10:\"archiviste\";a:2:{s:3:\"nom\";s:10:\"archiviste\";s:13:\"compatibilite\";s:8:\"[2.2.0;]\";}}}s:9:\"librairie\";a:0:{}s:7:\"utilise\";a:1:{i:0;a:3:{s:1:\"Z\";a:2:{s:3:\"nom\";s:1:\"Z\";s:13:\"compatibilite\";s:9:\"[1.7.30;]\";}s:8:\"mediabox\";a:2:{s:3:\"nom\";s:8:\"mediabox\";s:13:\"compatibilite\";s:8:\"[1.2.0;]\";}s:4:\"mots\";a:2:{s:3:\"nom\";s:4:\"mots\";s:13:\"compatibilite\";s:8:\"[2.9.0;]\";}}}}', 'a:3:{s:7:\"MINIDOC\";s:5:\"1.0.3\";s:5:\"ORDOC\";s:5:\"1.1.2\";s:4:\"MEJS\";s:5:\"4.2.7\";}', '0000-00-00 00:00:00', '0000-00-00 00:00:00', 0, '', 0, '0000-00-00 00:00:00', 'medias', '', 'oui', 'oui', 1, '', 'non', 'non', 'non', '_DIR_PLUGINS_DIST', '771f9eca4ba0180a56666c8d11d6a555'),
(48, 48, 'IMAGES', 'images/image_filtre-xx.svg', '004.001.001', '', '[4.2.0;4.2.*]', '4.2', '<multi>[ar]مرشحات معالجة الصور والألوان[br]Siloù treuzfurmadur skeudennoù ha livioù[de]Bild- und Farbfilter[en]Images processing and colors filters[eo]Filtriloj de bild- kaj kolor-transformo[es]Filtros de transformación de imágenes y de colores[fa]فيلتر‌هاي پردازش تصوير‌ها و رنگ‌ها[fr]Filtres de transformation d’images et de couleurs[fr_fem]Filtres de transformation d’images et de couleurs[fr_tu]Filtres de transformation d’images et de couleurs[it]Filtri di trasformazione delle immagini e dei colori[ja]画像および色変換フィルタ[lb]Ännerungs-Filteren fir d’Biller an d’Faarwen[nl]Beeld en kleur transformatie filters[oc_ni_mis]Filtre de trasfourmacioun d’image e de coulou[pt]Processamento de imagens e filtros de cores[pt_br]Filtros de transformação de imagens e de cores[ru]Набор фильтров по работе с изображениями[sk]Filtre na transformáciu obrázkov a farieb[uk]Фільтри для обробки зображень і роботи з кольорами</multi>', 'a:1:{i:1;a:3:{s:3:\"nom\";s:14:\"Collectif SPIP\";s:3:\"url\";s:0:\"\";s:4:\"mail\";s:0:\"\";}}', '', 'a:1:{i:1;a:2:{s:3:\"nom\";s:3:\"GPL\";s:3:\"url\";s:40:\"http://www.gnu.org/licenses/gpl-3.0.html\";}}', '', '', '', '', 'stable', 4, 'a:3:{s:9:\"necessite\";a:0:{}s:9:\"librairie\";a:0:{}s:7:\"utilise\";a:0:{}}', '', '0000-00-00 00:00:00', '0000-00-00 00:00:00', 0, '', 0, '0000-00-00 00:00:00', 'filtres_images', '', 'oui', 'non', 1, '', 'non', 'non', 'non', '_DIR_PLUGINS_DIST', '85595ae96fa959ad867449da2a6db155'),
(49, 49, 'FORUM', 'prive/themes/spip/images/forum-32.png', '003.001.002', '1.2.2', '[4.2.0;4.2.*]', '4.2', '<multi>[ar]منتدى SPIP (الخاص والعمومي)[ast]Foru de SPIP (priváu y públicu)[br]SPIP forum (prevez ha publik)[de]Foren in SPIP (Redaktionsbereich und öffentliche Website)[en]SPIP’s forum (private and public)[eo]SPIP-forumo (privata kaj publika)[es]Foros de SPIP (privado y público)[fa]سخنگاه اسپيپ (خصوصي همگاني)؟[fr]Forum de SPIP (privé et public)[fr_fem]Forum de SPIP (privé et public)[fr_tu]Forum de SPIP (privé et public)[hac]فۆڕومې ئێس‌پی‌ئای‌پی (تایبەتیی و گرڎینەیی)[it]Forum di SPIP (privati e pubblici)[ja]SPIPの掲示板（プライベートと公開）[lb]SPIP-Forum (privat an ëffentlech)[nl]Forum van SPIP (privé en openbaar)[oc_ni_mis]Fòrou de SPIP (privat e pùblicou)[pt]Fórum de SPIP (privado e público)[pt_br]Fórum do SPIP (privado e público)[ru]Форумы и комментарии в SPIP[sk]Diskusné fóra SPIPu (súkromné a verejné)[uk]Форуми у SPIP (загальні і редакційні)</multi>', 'a:1:{i:1;a:3:{s:3:\"nom\";s:14:\"Collectif SPIP\";s:3:\"url\";s:0:\"\";s:4:\"mail\";s:0:\"\";}}', '', '', '', '', '', '', 'stable', 4, 'a:3:{s:9:\"necessite\";a:0:{}s:9:\"librairie\";a:0:{}s:7:\"utilise\";a:0:{}}', '', '0000-00-00 00:00:00', '0000-00-00 00:00:00', 0, '', 0, '0000-00-00 00:00:00', 'forum', '', 'oui', 'oui', 1, '', 'non', 'non', 'non', '_DIR_PLUGINS_DIST', '4e42419b1d91e38289c6517ba193ca13'),
(50, 50, 'MEDIABOX', 'prive/themes/spip/images/mediabox-xx.svg', '003.001.004', '', '[4.2.0;4.2.*]', '4.2', '<multi>[ar]افتراضياً، يتم إضفاء صندوق الفرجة على كل الوصلات الى الصور (لها نوع خاصية يصف mime/type الصورة) إضافة الى الوصلات المزودة بنمط &lt;code&gt;.mediabox&lt;/code&gt;.\n\n\n\nمن الممكن إعداد كل وصلة على حدة من خلال أنماط إضافية:\n\n-* يتيح &lt;code&gt;boxIframe&lt;/code&gt;  فتح الوصلة في إطار iframe\n\n-* يتيج &lt;code&gt;boxWidth-350px&lt;/code&gt; تحديد عرض ٣٥٠ نقطة للإطار\n\n-* يتيح &lt;code&gt;boxHeight-90pc&lt;/code&gt; تحديد ارتفاع ٩٠٪ للإطار\n\n\n\nوتتيح لوحة تحكم تعديل الإعدادات العامة حسب الرغبة كما تتيح اختيار شكل الصندوق من بين الأشكال المتاحة.\n\nيعمل هذا الملحق في الصفحات النموذجية التي تحتوي على علامة <code>#INSERT_HEAD</code>[br]Dre ziouer, an holl liammoù etrezek skeudennoù (gant un astenn o diskrivañ ar mime/stumm ar skeudenn) hag al liammoù gant ar rumm <code>.mediabox</code> a vez astennet gant ar voest miltimedia.\n	\n	Posubl eo kefluniañ pep liamm unan hag unan gant rummadoù ouzhpenn : \n\n-* <code>boxIframe</code> evit goulenn digeriñ al laimm e-barzh ur voest mod iframe ;\n\n-* <code>boxWidth-350px</code> evit spisañ ul ledander a 350px evit ar voest ;\n\n-* <code>boxHeight-90pc</code> evit spisañ un uhelder a 90% evit ar voest.\n	\nGant ur panel kefluniadur e c’hallit kemmañ ar penn-dibarzhoù giz ma plij deoc’h, hag ivez neuz ar voest gant ar stummoù kinniget.\n	\n	Ar plugin-se a ya gant skeledennoù oc’h ober gant an arouez\n <code>#INSERT_HEAD</code>[de]Alle Links zu Bildern (mit einem mime/type für Bilder) sowie Links mit der Klasse <code>.mediabox</code>werden in einer Multimedia-Box angezeigt.\n\nJeder Link kann einzeln um folgende Klassen ergänzt werden:\n\n-* <code>boxIframe</code> öffnet den Link als iFrame in einer Box;\n\n-* <code>boxWidth-350px</code>öffnet eine 350px breite Box;\n\n-* <code>boxHeight-90pc</code> öffnet eine 90% hohe Box;\n\nSie können die Voreinstellungen in einem Konfigurationsdialog einstellen, und das Standarddesign der Boxen auswählen.\n\nDieses Plugin benötigt den Tag <code>#INSERT_HEAD</code> im Kopf des Skeletts.[en]By default, all links to pictures (with a type attribute describing the mime/type of the picture) and\nlinks with the CSS class <code>.mediabox</code> are enriched by multimedia box.\n\nYou can configure each link on a case by case basis with additional classes:\n-* <code>boxIframe</code> enables to open link in iframe box; \n-* <code>boxWidth-350px</code> enables to specify a width of 350px for the box;\n-* <code>boxHeight-90pc</code> enables to specify a height of 90% for the box\n\nA configuration panel lets you edit the general settings to your liking, and the appearance of the box among the available skins.\n\nThis plugin works on skeletons which have the <code>#INSERT_HEAD</code> tag.[eo]Defaŭlte, ĉiujn ligilojn al bildoj (kun atributo „type“, kiu difinas la bildan MIME-tipon) kaj la ligilojn kun la klaso <code>.mediabox</code> pliriĉigas la plurmedia skatolo.\n \n	Eblas agordi ĉiun ligilon unuope per pliaj klasoj :\n	\n-* <code>boxIframe</code>, por ke la ligilo malfermiĝu en IFRAME-skatolo ;\n\n-* <code>boxWidth-350px</code> por skatolo largâ je 350px (px = bilderoj) ;\n\n-* <code>boxHeight-90pc</code> por skatolo alta je 90%.\n\n	Agordilaro ebligas vin modifi plurajn aspektojn laŭvole.\n	\n	Tiu kromprogramo funkcias ĉe la skeletoj, kiuj uzas la markon <code>#INSERT_HEAD</code>.[es]Por defecto, todos los enlaces definidos sobre imágenes (con un atributo tipo que describa el mime/type de la imafen) así como los enlaces con la clase <code>.mediabox</code> son enriquecidos por la caja multimedia.\n	\nEs posible configurar cada enlace, caso por caso, con clases adicionales:\n\n-* <code>boxIframe</code> permite abrir el enlace en una caja en un iframe ;\n\n-* <code>boxWidth-350px</code> permite definir un ancho de 350px para la caja;\n\n-* <code>boxHeight-90pc</code> perite definir un alto de 90% para la caja.\n\nUn panel de configuración permite modificar tanto las especificaciones generales como el aspecto de la caja, a partir de un conjunto de opciones disponibles. \n	\nEste plugin funciona en los esqueletos que incluyen la baliza <code>#INSERT_HEAD</code>[fr]Par défaut, tous les liens vers des images (avec un attribut type décrivant le mime/type de l’image) ainsi que les liens avec la classe <code>.mediabox</code> sont enrichis par la boîte multimédia.\n	\n	Il est possible de configurer chaque lien au cas par cas avec des classes supplémentaires :\n\n-* <code>boxIframe</code> permet de demander à ouvrir le lien dans une boîte en iframe ;\n\n-* <code>boxWidth-350px</code> permet de spécifier une largeur de 350px pour la boîte ;\n\n-* <code>boxHeight-90pc</code> permet de spécifier une hauteur de 90% pour la boîte.\n\n	Un panneau de configuration vous permet de modifier les réglages généraux à votre convenance, ainsi que l’aspect de la boîte parmi les habillages disponibles.\n	\n	Ce plugin fonctionne sur les squelettes disposant de la balise <code>#INSERT_HEAD</code>[fr_fem]Par défaut, tous les liens vers des images (avec un attribut type décrivant le mime/type de l’image) ainsi que les liens avec la classe <code>.mediabox</code> sont enrichis par la boîte multimédia.\n	\n	Il est possible de configurer chaque lien au cas par cas avec des classes supplémentaires :\n\n-* <code>boxIframe</code> permet de demander à ouvrir le lien dans une boîte en iframe ;\n\n-* <code>boxWidth-350px</code> permet de spécifier une largeur de 350px pour la boîte ;\n\n-* <code>boxHeight-90pc</code> permet de spécifier une hauteur de 90% pour la boîte.\n\n	Un panneau de configuration vous permet de modifier les réglages généraux à votre convenance, ainsi que l’aspect de la boîte parmi les habillages disponibles.\n	\n	Ce plugin fonctionne sur les squelettes disposant de la balise <code>#INSERT_HEAD</code>[fr_tu]Par défaut, tous les liens vers des images (avec un attribut type décrivant le mime/type de l’image) ainsi que les liens avec la classe <code>.mediabox</code> sont enrichis par la boîte multimédia.\n	\n	Il est possible de configurer chaque lien au cas par cas avec des classes supplémentaires :\n\n-* <code>boxIframe</code> permet de demander à ouvrir le lien dans une boîte en iframe ;\n\n-* <code>boxWidth-350px</code> permet de spécifier une largeur de 350px pour la boîte ;\n\n-* <code>boxHeight-90pc</code> permet de spécifier une hauteur de 90% pour la boîte.\n\n	Un panneau de configuration te permet de modifier les réglages généraux à ta convenance, ainsi que l’aspect de la boîte parmi les habillages disponibles.\n	\n	Ce plugin fonctionne sur les squelettes disposant de la balise <code>#INSERT_HEAD</code>[it]Per impostazione predefinita, tutti i collegamenti alle immagini (con un attributo che descrive il tipo mime/tipo di foto) e\ncollegamenti con il <code> classe CSS. mediabox </ code> sono arricchite da box multimediale.\n	\nÈ possibile configurare ogni collegamento in una caso per caso con le classi aggiuntive:\n- * <code> BoxIframe </ code> permette di aprire il collegamento nella casella iframe;\n- * <code> Boxwidth-350 pixel </ code> consente di specificare una larghezza di 350 pixel per il box;\n- * <code> BoxHeight-90pc </ code> consente di specificare una altezza di 90% per il box\n\nUn pannello di configurazione permette di modificare le impostazioni generali a proprio piacimento, e l’aspetto tra le skin disponibili.\n\nQuesto plugin funziona su scheletri che hanno la <code> INSERT_HEAD # </ code> tag.[ja]デフォルトでは、<code>.mediabox </code>クラスとのリンクだけでなく、画像へのすべてのリンクは（MIME/イメージタイプ）、マルチメディアボックスによって取り上げられます。\n\n追加のクラスを使用して、各リンクをケースバイケースで設定することができます。\n\n -* <code>boxIframe</code>はiframe内のボックスでリンクを開くように頼むことができます。\n\n -* <code>boxWidth-350px</code>でボックスの幅を350pxに指定できます。\n\n -* <code>boxHeight-90pc</code>では、ボックスの高さを90％に指定できます。\n\nコントロールパネルでは、便利なときに一般設定を変更できるほか、使用可能なスキンの中のボックスの外観も変更できます。\n\nこのプラグインは、<code>#INSERT_HEAD</code>タグを持つレイアウト上で動作します。[lb]Par défaut hunn all Linken op Biller (mat Attribut mime/type) a Linke mat der Klass <code>.mediabox</code> Zougrëff op d’Mediabox.\n\nAll Link ka mat zousätzleche Klassen agestallt ginn:\n-* <code>boxIframe</code> de Link soll an engem Iframe opgemach ginn;\n-* <code>boxWidth-350px</code> d’Box soll eng Breet vun 350 Pixel hun;\n-* <code>boxHeight-90pc</code> d’Box soll eng Héicht vun 90% hun.\n\nD’Astellung erlaabt de generelle Layout festzeleen, op Basis vun e puer Virlagen.\nDëse Plugin fonktionnéiert mat Skeletter déi den Tag <code>#INSERT_HEAD</code> hun.[nl]Standaard worden alle links naar afbeeldingen (met een type attribuut dat de mime/type beschrijft) en de links met een class <code>.mediabox </code> verrijkt door de mediabox.\n\nHet is mogelijk om elke link telkens met extra classes te configureren:\n\n- * <code>boxIframe</code> om de link in een iframe doos te tonen;\n\n- * <code>boxWidth-350px</code> om een boxbreedte van 350px te specificeren;\n\n- <code>boxHeight-90pc</code>  om een hoogte van 90% voor de box te specificeren.\n\nIn een configuratiepaneel kun je de algemene instellingen bewerken, alsmede het uiterlijk van de doos aanpassen met de beschikbare skins.\n\nDeze plugin werkt op de skeletten die het SPIP baken <code>#INSERT_HEAD</ code> gebruiken.[oc_ni_mis]En mancança, toui lu estac devers li image (embé un atribut type descrivent lou mime/type de l’image) couma pura lu estac embé la classa <code>.mediabox</code> soun enriquit per la bouòta multimedia.\n\n	Es poussible de counfigurà cada estac au cas per cas embé de classa suplementari :\n\n-* <code>boxIframe</code> permete de demandà a durbì l’estac en una bouòta iframe ;\n\n-* <code>boxWidth-350px</code> permete de spechificà una larguessa de 350px per la bouòta ;\n\n-* <code>boxHeight-90pc</code> permete de spechificà una autessa de 90% per la bouòta.\n\n	Un panèu de counfiguracioun vi permete de moudificà lu reglage general a la vouòstra counveniença, couma pura l’aspet de la bouòta tra lu abilhage dispounible.\n\n	Aqueu plugin founciouna soubre lu esquèletrou qu’an una balisa <code>#INSERT_HEAD</code>[pt]Por defeito, todas as ligações a imagens (com um atributo tipo que descreva o mime/type da imagem) e as ligações com a classe CSS <code>.mediabox</code> são enriquecidas pela caixa multimédia.\n	\n	É possível configurar cada ligação, caso a caso, com classes adicionais:\n\n-* <code>boxIframe</code> permite abrir uma ligação numa caixa iframe ;\n\n-* <code>boxWidth-350px</code> permite especificar uma largura de 350px para a caixa ;\n\n-* <code>boxHeight-90pc</code> permite especificar uma altura de 90% para a caixa.\n\n	Um painel de configuração permite-lhe editar as suas preferências gerais, e o aspecto da caixa, de entre as alternativas disponíveis.\n	\n	Este plugin funciona em modelos que tenham a tag <code>#INSERT_HEAD</code>[pt_br]Por padrão, todos os links para imagens (com um atributo do tipo que descreve o mime/type da imagem) assim como os links com a classe <code>.mediabox</code> são enriquecidos pela caixa multimedia.\n	\n	É possível configurar cada link ou caso a caso com classes suplementares:\n\n-* <code>boxIframe</code> permite oferecer de abrir o link numa caixa em iframe;\n\n-* <code>boxWidth-350px</code> permite especificar uma largura de 350px para a caixa;\n\n-* <code>boxHeight-90pc</code> permite especificar uma altura de 90% para a caixa.\n\n	Um painel de controle permite que você altere as configurações gerais, bem como a aparência da caixa entre os temas disponíveis.\n	\n	Esse plugin funciona nos templates com a tag <code>#INSERT_HEAD</code>[ru]По умолчанию все ссылки на картинки (файлы с соответствующим mime/type атрибутом) и ссылки с CSS классом <code>.mediabox</code> выводятся в сплывающем окне.\n	\n	Вы можете настроить класс ссылки для каждого конкретного случая :\n\n-* <code>boxIframe</code> позволяет открывать ссылки в iframe ;\n\n-* <code>boxWidth-350px</code> задает ширину всплывающего окна в 350px ;\n\n-* <code>boxHeight-90pc</code> задает высоту окна в 90%.\n\nВ настройках модуля вы можете изменять 	внешний вид блоков и прочие настройки.\n	Модуль работает только в случае, если вы добавляете <code>#INSERT_HEAD</code> в ваши шаблоны.[sk]Podľa predvolených nastavení všetky odkazy k obrázkom (s typom v parametre, ktorý uvádza mime/typ obrázka) a odkazy v triede <code>.mediabox</code> obohacuje multimediálny box.\n\nKaždý odkaz môžete osobitne nastaviť pomocou doplnkových tried:\n\n-* <code>boxIframe</code> umožňuje otvárať odkaz v ráme iframe,\n\n-* <code>boxWidth-350px</code> umožňuje definovať šírku poľa 350px,\n\n-* <code>boxHeight-90pc</code> umožňuje zadať výšku poľa 90%.\n\nOvládací panel vám umožňuje všeobecné nastavenia podľa vašich želaní vybrať dizajn boxu z dostupných vzhľadov.\n\nTento zásuvný modul spolupracuje so šablónami, ktoré obsahujú tag <code>#INSERT_HEAD</code>[uk]Зазвичай усі посилання на зображення (файли з відповідним mime/type атрибутом) і посилання з CSS класом <code>.mediabox</code> виводяться у вікні, що спливає.\n	\n	Ви можете налаштувати клас посилання для кожного випадку:\n\n-* <code>boxIframe</code> дозволяє відкривати посилання в iframe ;\n\n-* <code>boxWidth-350px</code> задає ширину спливаючого вікна у 350px ;\n\n-* <code>boxHeight-90pc</code> задає висоту вікна у 90%.\n\nВ налаштуваннях модуля ви можете змінити зовнішній вигляд блоків та інші налаштування.\n	Модуль працює лише в тому випадку, якщо ви додаєте тег <code>#INSERT_HEAD</code> до ваших шаблонів.</multi>', 'a:1:{i:1;a:3:{s:3:\"nom\";s:14:\"Collectif SPIP\";s:3:\"url\";s:0:\"\";s:4:\"mail\";s:0:\"\";}}', 'a:2:{i:1;a:2:{s:3:\"nom\";s:4:\"Lity\";s:3:\"url\";s:26:\"https://sorgalla.com/lity/\";}i:2;a:2:{s:3:\"nom\";s:37:\"Icon made by Freepik www.flaticon.com\";s:3:\"url\";s:23:\"http://www.freepik.com/\";}}', '', '', 'https://contrib.spip.net/MediaBox', '', '', 'stable', 4, 'a:3:{s:9:\"necessite\";a:0:{}s:9:\"librairie\";a:0:{}s:7:\"utilise\";a:0:{}}', '', '0000-00-00 00:00:00', '0000-00-00 00:00:00', 0, '', 0, '0000-00-00 00:00:00', 'mediabox', '', 'oui', 'non', 1, '', 'non', 'non', 'non', '_DIR_PLUGINS_DIST', '685a7f2171eac7ee0ab36a7e8de5a26e'),
(47, 47, 'DUMP', 'prive/themes/spip/images/base-backup-32.png', '002.001.002', '', '[4.2.0;4.2.*]', '4.2', '<multi>[ar]نسخ احتياطي لقاعدة البيانات بتنسيق SQLite واسترجاعها[br]Gwared hag assevel deus an diaz titouroù e SQLite[de]Sicherung und Wiederherstellung der Datenbank im SQLite-Format[en]Backup and restoration of the database in SQLite format[eo]Savkopio de la datumbazo en SQLite kaj restaŭro[es]Copia de seguridad en SQLite y recuperación[fa]بك‌آپ و ذخيره‌سازي پايگاه داده‌ها در فرمت اس.كيو.لايت[fr]Sauvegarde de la base en SQLite et restauration[fr_fem]Sauvegarde de la base de données en SQLite et restauration[fr_tu]Sauvegarde de la base en SQLite et restauration[hac]پاشەکۆتکەرڎەی و ئەۋەگېڵنای داتابەیسی بە فۆرماتو SQLite[it]Backup e ripristino della base dati SQLite[ja]SQLiteにデータベースバックアップと復元[lb]Backup vun der Datebank als SQLite an Zeréckspillen[nl]Backup van de database in SQLite en restauratie[oc_ni_mis]Sauvagarda de la basa en SQLite e restauramen[pt]Cópia de segurança e restauro da base de dados em SQLite[pt_br]Cópia de segurança da base em SQLite e restauro[ru]Резервная копия в SQLite[sk]Záloha databázy v SQLite a jej obnovenie[uk]Резервне копіювання і відновлення бази даних у SQLite форматі</multi>', 'a:1:{i:1;a:3:{s:3:\"nom\";s:14:\"Collectif SPIP\";s:3:\"url\";s:0:\"\";s:4:\"mail\";s:0:\"\";}}', '', 'a:1:{i:1;a:2:{s:3:\"nom\";s:3:\"GPL\";s:3:\"url\";s:40:\"http://www.gnu.org/licenses/gpl-3.0.html\";}}', '', '', '', '', 'stable', 4, 'a:3:{s:9:\"necessite\";a:0:{}s:9:\"librairie\";a:0:{}s:7:\"utilise\";a:0:{}}', '', '0000-00-00 00:00:00', '0000-00-00 00:00:00', 0, '', 0, '0000-00-00 00:00:00', 'dump', '', 'oui', 'non', 1, '', 'non', 'non', 'non', '_DIR_PLUGINS_DIST', '3c40d14c53f2eb2fe9e1f8ab73b67090'),
(46, 46, 'COMPRESSEUR', 'images/compresseur-32.png', '002.001.002', '', '[4.2.0;4.2.*]', '4.2', '<multi>[ar]ضغط أوراق الأنماط ورموز جافاسكريبت في ترويسة الصفحات في <code>ecrire/</code> و/او الموقع العمومي[br]Gwaskadurez css ha javascript en titouroù ar pajennoù html deus <code>ecrire/</code> ha/pe deus al lec’h publik[de]Kompression von CSS und Javascript-Code im Kopf der Seiten unter <code>ecrire/</code> und/oder auf der öffentlichen Website[en]Compression of css and javascript in the header of the HTML pages of <code>ecrire/</code> and/or of the public site[eo]Densigo de la css kaj javascript en la kaplinio de HTML-paĝoj pri <code>ecrire/</code> kaj / aŭ de la publika retejo[es]Compresión de css y javascript en los encabezados de las páginas HTML de <code>ecrire/</code> y/o del sitio público[fa]و/يا سايت همگاني <code>ecrire/</code> فشرده‌سازي سي.اس.اس‌ها و جاوا اسكريپت در سرصفحه‌ي صفحات اچ.تي.ام.ال‌[fr]Compression des css et javascript dans l’en-tête des pages html de <code>ecrire/</code> et/ou du site public[fr_fem]Compression des css et javascript dans l’en-tête des pages html de <code>ecrire/</code> et/ou du site public[fr_tu]Compression des css et javascript dans l’en-tête des pages html de <code>ecrire/</code> et/ou du site public[hac]دروسکەودەی فشاردریاو سی‌ئێس‌ئێس و جاڤا سکریپتی چە لاو سەری  پەڕەکاۋە چیرو<code>ecrire/</code> و/یا سەرو پەڕەی سەرەكی پەڕیانەكەیۆ[it]Compressione di CSS e javascript \nnell’intestazione delle pagine html di <code>ecrire/</code> e/o del sito pubblico pubblico.[ja]<code>ecrire/</code>と言うhtmlページや公開サイトのヘッダーにあるCSSとjavascriptの圧縮[lb]Compressioun vun CSS a Javascript am Header vun den HTML-Säiten vun <code>ecrire/</code> an/oder dem ëffentleche Site[nl]Compressie van CSS en JavaScript in de heading van HTML-paginas uit <code>ecrire/</code> en/of van het publieke site.[oc_ni_mis]Coumpressioun dei css e javascript en la prima-testa dei pàgina html de <code>ecrire/</code> e/o dóu sit pùblicou[pt]Compressão de css e javascript no cabeçalho das páginas HTML de <code>ecrire/</code> e/ou do sítio público.[pt_br]Compressão dos css e javascript nos cabeçalhos das páginas html de <code>ecrire/</code> e/ou do site público[ru]Сжимает css и javascript файлов на публичной части сайта и в панели управления <code>ecrire/</code>[sk]Kompresia css a javascriptu v hlavičke html stránok <code>ecrire/</code> a/lebo na verejne prístupnej stránke[uk]Стискає css та javascript файли для зменьшення часу завантаження. Використовується як на основному сайті, так і в його адміністративній частині <code>ecrire/</code></multi>', 'a:1:{i:1;a:3:{s:3:\"nom\";s:14:\"Collectif SPIP\";s:3:\"url\";s:0:\"\";s:4:\"mail\";s:0:\"\";}}', 'a:2:{i:1;a:2:{s:3:\"nom\";s:14:\"Cerdic/CSSTidy\";s:3:\"url\";s:33:\"https://github.com/Cerdic/CSSTidy\";}i:2;a:2:{s:3:\"nom\";s:36:\"Icon par Freepik de www.flaticon.com\";s:3:\"url\";s:40:\"https://www.flaticon.com/authors/freepik\";}}', 'a:1:{i:1;a:2:{s:3:\"nom\";s:3:\"GPL\";s:3:\"url\";s:40:\"http://www.gnu.org/licenses/gpl-3.0.html\";}}', '', '', '', '', 'stable', 4, 'a:3:{s:9:\"necessite\";a:0:{}s:9:\"librairie\";a:0:{}s:7:\"utilise\";a:1:{i:0;a:1:{s:11:\"porte_plume\";a:2:{s:3:\"nom\";s:11:\"porte_plume\";s:13:\"compatibilite\";s:9:\"[1.19.0;]\";}}}}', 'a:1:{s:7:\"CSSTIDY\";s:6:\"1.15.1\";}', '0000-00-00 00:00:00', '0000-00-00 00:00:00', 0, '', 0, '0000-00-00 00:00:00', 'compresseur', '', 'oui', 'non', 1, '', 'non', 'non', 'non', '_DIR_PLUGINS_DIST', 'c217f20669adea914f9edff74c6dce57'),
(43, 43, 'ARCHIVISTE', 'prive/themes/spip/images/archiviste.svg', '002.002.002', '', '[4.2.0-dev;4.2.*]', '4.2', '<multi>[fr]Permet d’emballer ou déballer des archives de fichiers Zip, Tar, …[pt_br]Permite comprimir ou expandir arquivos Zip, Tar, ...</multi>', 'a:1:{i:1;a:3:{s:3:\"nom\";s:14:\"Collectif SPIP\";s:3:\"url\";s:0:\"\";s:4:\"mail\";s:0:\"\";}}', '', 'a:1:{i:1;a:2:{s:3:\"nom\";s:3:\"GPL\";s:3:\"url\";s:40:\"http://www.gnu.org/licenses/gpl-3.0.html\";}}', '', 'https://git.spip.net/spip/archiviste/src/branch/master/README.md', '', '', 'stable', 4, 'a:3:{s:9:\"necessite\";a:0:{}s:9:\"librairie\";a:0:{}s:7:\"utilise\";a:0:{}}', '', '0000-00-00 00:00:00', '0000-00-00 00:00:00', 0, '', 0, '0000-00-00 00:00:00', 'archiviste', '', 'oui', 'non', 1, '', 'non', 'non', 'non', '_DIR_PLUGINS_DIST', '9c75cab72567e6f513e5aa12f644a5a7'),
(44, 44, 'BIGUP', 'prive/themes/spip/images/bigup-64.png', '003.002.005', '1.0.1', '[4.2.0;4.2.*]', '4.2', '<multi>[de]... wie der Name schon sagt ...[en]Uploading documents by drag and drop[fr]Téléverser les documents par glisser-déposer</multi>', 'a:1:{i:1;a:3:{s:3:\"nom\";s:19:\"Matthieu Marcillaud\";s:3:\"url\";s:0:\"\";s:4:\"mail\";s:0:\"\";}}', 'a:3:{i:1;a:2:{s:3:\"nom\";s:15:\"Neurovit (logo)\";s:3:\"url\";s:59:\"https://www.iconfinder.com/icons/48761/add_file_upload_icon\";}i:2;a:2:{s:3:\"nom\";s:25:\"23 Company (resumable.js)\";s:3:\"url\";s:22:\"http://resumablejs.com\";}i:3;a:2:{s:3:\"nom\";s:7:\"Flow.js\";s:3:\"url\";s:33:\"https://github.com/flowjs/flow.js\";}}', 'a:1:{i:1;a:2:{s:3:\"nom\";s:7:\"GNU/GPL\";s:3:\"url\";s:0:\"\";}}', '', '', '', '', 'stable', 4, 'a:3:{s:9:\"necessite\";a:1:{i:0;a:1:{s:3:\"php\";a:2:{s:3:\"nom\";s:3:\"php\";s:13:\"compatibilite\";s:8:\"[5.4.0;[\";}}}s:9:\"librairie\";a:0:{}s:7:\"utilise\";a:1:{i:0;a:1:{s:7:\"saisies\";a:2:{s:3:\"nom\";s:7:\"saisies\";s:13:\"compatibilite\";s:9:\"[2.17.1;]\";}}}}', '', '0000-00-00 00:00:00', '0000-00-00 00:00:00', 0, '', 0, '0000-00-00 00:00:00', 'bigup', '', 'oui', 'oui', 1, '', 'non', 'non', 'non', '_DIR_PLUGINS_DIST', 'a9e36820ab6a5b3f7adb8aedbacbefc9'),
(45, 45, 'COMPAGNON', 'prive/themes/spip/images/compagnon-32.png', '003.001.002', '1.0.0', '[4.2.0;4.2.*]', '4.2', '<multi>[ar]يقدم الرفيق مساعدة للمستخدمين\n		لدى أول زيارة لهم الى المجال الخاص في SPIP.[br]An ambrouger a ginnig sikour d’an implijerien\n		da vare ar c’hentañ weladenn el lec’h prevez SPIP.[de]Der Begleiter hilft neuen Benutzern bei ihren ersten Schritten im SPIP Redaktionssystem.[en]The companion provides assistance to users\nduring their first visit to the backoffice of SPIP.[eo]La kompano proponas helpon por uzantoj dum liaj unuaj vizitoj al SPIP privata spaco.[es]El compañero ofrece ayuda a los usuarios durante su primera visita al espacio privado de SPIP.[fa]همراه به كاربران در جريان نخستين ازديدشان از قسمت خصوصي اسپيپ كمك ارايه مي‌كند.[fr]Le compagnon offre une aide aux utilisateurs\n		lors de leur première visite dans l’espace privé de SPIP.[fr_fem]Le compagnon offre une aide aux utilisatrices\n		lors de leur première visite dans l’espace privé de SPIP.[fr_tu]Le compagnon offre une aide aux utilisateurs\n		lors de leur première visite dans l’espace privé de SPIP.[hac]کەسی هامڕا چە یەکەمین سەردانیکەردەو نۋیسنگاو پەشتۊSPIP .خزمەتو بەکاربەرا کەرۊ[it]L’assistente fornisce una guida agli utenti durante la loro prima visita all’area riservata di SPIP.[ja]初めてSPIPの管理エリアをご訪問する時、仲間さんは、援助を提供してくださいます。[lb]De Compagnon bitt de Benotzer Hëllef beim éischte Benotze vum privaten Deel vu SPIP.[nl]De metgezel helpt de gebruikers tijdens\n		hun eerste bezoek in het privé-ruimte van SPIP[oc_ni_mis]Lou coumpàgnou fournisse una adjuda ai utilisaire\n		per la siéu premièra vìsita en l’espaci privat de SPIP.[pt]O guia oferece assistência aos utilizadores durante a sua primeira visita à área privada de SPIP.[pt_br]O Companheiro oferece ajuda aos usuários, na primeira visita à área privada do SPIP.[ru]Плагин выводит справку о системе управления при первом входе пользователя в админку.[sk]Compagnon ponúka pomoc používateľom \n		pri ich prvej návšteve v súkromnej zóne SPIPu.[uk]Плагін виводить довідку про систему управління при першому вході користувача до адміністративної частини.</multi>', 'a:1:{i:1;a:3:{s:3:\"nom\";s:19:\"Matthieu Marcillaud\";s:3:\"url\";s:20:\"http://magraine.net/\";s:4:\"mail\";s:0:\"\";}}', 'a:1:{i:1;a:2:{s:3:\"nom\";s:36:\"Logo par Freepik de www.flaticon.com\";s:3:\"url\";s:40:\"https://www.flaticon.com/authors/freepik\";}}', 'a:1:{i:1;a:2:{s:3:\"nom\";s:7:\"GNU/GPL\";s:3:\"url\";s:0:\"\";}}', '', '', '', '', 'stable', 4, 'a:3:{s:9:\"necessite\";a:0:{}s:9:\"librairie\";a:0:{}s:7:\"utilise\";a:0:{}}', '', '0000-00-00 00:00:00', '0000-00-00 00:00:00', 0, '', 0, '0000-00-00 00:00:00', 'compagnon', '', 'oui', 'oui', 1, '', 'non', 'non', 'non', '_DIR_PLUGINS_DIST', 'b7381d0c4707758507ba72aee9459439');
INSERT INTO `spip_paquets` (`id_paquet`, `id_plugin`, `prefixe`, `logo`, `version`, `version_base`, `compatibilite_spip`, `branches_spip`, `description`, `auteur`, `credit`, `licence`, `copyright`, `lien_doc`, `lien_demo`, `lien_dev`, `etat`, `etatnum`, `dependances`, `procure`, `date_crea`, `date_modif`, `id_depot`, `nom_archive`, `nbo_archive`, `maj_archive`, `src_archive`, `traductions`, `actif`, `installe`, `recent`, `maj_version`, `superieur`, `obsolete`, `attente`, `constante`, `signature`) VALUES
(42, 42, 'AIDE', 'aide-logo.svg', '003.001.001', '', '[4.2.0;4.2.*]', '4.2', '<multi>[ar]يتيح هذا الملحق إدخال تعليمات فورية على SPIP يُدلّ اليها برمز معين. يمكن تعميم هذه التعليمات على ملاحق أخرى.[de]Dieses Plugin ermöglicht es, in SPIP eine kontextsensitive Hilfe einzufügen, die durch ein Icon gekennzeichnet ist. Diese Hilfe kann auch auf Plugins ausgeweitet werden.[en]This plug-in includes a contextual help in SPIP which is indicated by an icon. This help can be extended to other plug-ins.[es]Este plugin permite que SPIP incluya ayuda contextual marcada con un icono. Esta ayuda también se puede extender a los plugins.[fr]Ce plugin permet d’inclure dans SPIP une aide contextuelle repérée par un icone. Cette aide peut-être étendue aussi aux plugins.[fr_tu]Ce plugin permet d’inclure dans SPIP une aide contextuelle repérée par une icone. Cette aide peut-être étendue aussi aux plugins.[it]Questo plugin consente a SPIP di includere una guida contestuale contrassegnata da un’icona. Questo aiuto può essere esteso anche ai plugin.[pt]Este plugin permite incluir no SPIP uma ajuda contextual identificada por um ícone. Esta ajuda também pode ser estendida aos plugins.[pt_br]Este plugin permite incluir ajuda contextual no SPIP, acessível por um ícone. Esta ajuda pode ser também extendida aos plugins.</multi>', 'a:1:{i:1;a:3:{s:3:\"nom\";s:14:\"Collectif SPIP\";s:3:\"url\";s:0:\"\";s:4:\"mail\";s:0:\"\";}}', '', 'a:1:{i:1;a:2:{s:3:\"nom\";s:3:\"GPL\";s:3:\"url\";s:40:\"http://www.gnu.org/licenses/gpl-3.0.html\";}}', '', '', '', '', 'stable', 4, 'a:3:{s:9:\"necessite\";a:0:{}s:9:\"librairie\";a:0:{}s:7:\"utilise\";a:0:{}}', '', '0000-00-00 00:00:00', '0000-00-00 00:00:00', 0, '', 0, '0000-00-00 00:00:00', 'aide', '', 'oui', 'non', 1, '', 'non', 'non', 'non', '_DIR_PLUGINS_DIST', 'c329e7259341edf39e89893a4550b035'),
(41, 41, 'SQUELETTES_PAR_RUBRIQUE', 'squelettes_par_rubrique-32.png', '002.000.001', '', '[4.1.0;4.2.*]', '4.1,4.2', '<multi>[ar]دعم الصفحات النموذجية التي تملك لاحقة رقمية و/او لاحقة رمز لغة[de]Unterstützung der Skelette mit Rubriknummer und/oder Sprachcode als Namenszusatz: (-23.html, =23.html, et .en.html)[en]Support of suffixed templates by section number and/or by language code : (-23.html, =23.html, and .en.html)[eo]Subteno por la skeletoj sufiksitaj per rubrikonumero kaj lingvokodo (ekz., -23.html, =23.html, kaj .eo.html)[es]Implementación de esqueletos con sufijo por numero de sección y/o por código de idioma: (-23.html, =23.html, y .en.html)[fa]پشتيبان اسكلت‌هاي پسوندي توسط تعدادي بخش و/يا توسط كدر زبان :  (-23.html, =23.html, et .en.html)[fr]Support des squelettes suffixés par numéro de rubrique et/ou par code de langue : (-23.html, =23.html, et .en.html)[fr_fem]Support des squelettes suffixés par numéro de rubrique et/ou par code de langue : (-23.html, =23.html, et .en.html)[fr_tu]Support des squelettes suffixés par numéro de rubrique et/ou par code de langue : (-23.html, =23.html, et .en.html)[it]Supporto dei modelli con suffisso numero di sezione e/o il codice della lingua: (-23.html, =23.html, et .en.html)[lb]Ënnerstëtzung vun de Skeletter mat engem Suffix fir d’Rubrik an/oder d’Sprooch: (-23.html, =23.html, an .en.html)[nl]Ondersteuning van de suffix ingewijden skeletten (met rubrieknummers en / of taal-code: -23.html, =23.html   en .en.html)[oc_ni_mis]Supouòrt dei esquèletrou sufissat per un nùmero de rùbrica e/o per un code de lenga : (-23.html, =23.html, e .en.html)[pt]Apoio dos modelos com sufixo por número de rubrica e/ou por código de idioma : (-23.html, =23.html, et .en.html)[pt_br]Suporte aos gabaritos com sufixo do númeor da seção e/ou por código de idioma: (-23.html, =23.html, et .en.html)[ru]Позволяет задавать отдельные шаблоны по номеру раздела, статьи, а также языковой версии: (-23.html, =23.html, и .en.html)[sk]Podpora šablón pripojených vo forme prípony podľa čísla rubriky a/lebo kódu jazyka: (-23.html, =23.html a .en.html)[uk]Дозволяє задавати окремі шаблони за номером рубріки, статті, а також мовної версії: (-23.html, =23.html, и .en.html)</multi>', 'a:1:{i:1;a:3:{s:3:\"nom\";s:14:\"Collectif SPIP\";s:3:\"url\";s:0:\"\";s:4:\"mail\";s:0:\"\";}}', '', '', '', 'https://www.spip.net/3445', '', '', 'stable', 4, 'a:3:{s:9:\"necessite\";a:0:{}s:9:\"librairie\";a:0:{}s:7:\"utilise\";a:0:{}}', '', '0000-00-00 00:00:00', '0000-00-00 00:00:00', 0, '', 0, '0000-00-00 00:00:00', 'auto/squelettes_par_rubrique', '', 'oui', 'non', 0, '', 'non', 'non', 'non', '_DIR_PLUGINS', '85e1c300ff44ce86a8b35932b8609168'),
(60, 60, 'TW', 'textwheel-32.png', '003.001.004', '', '[4.2.0;4.2.*]', '4.2', '<multi>[ar]دمج TextWheel في SPIP[br]Lakaat e TextWheel e SPIP[de]Integration von TextWheel in SPIP[en]Integrate TextWheel in SPIP[eo]Uzi „TextWheel“ en SPIP[es]Integrar TextWheel en SPIP[fa]ادغام چرخ‌نويس (TextWheel) در اسپيپ[fr]Intégrer TextWheel dans SPIP[fr_fem]Intégrer TextWheel dans SPIP[fr_tu]Intégrer TextWheel dans SPIP[it]Integra TextWheel in SPIP[lb]TextWheel a SPIP integréieren[nl]TextWheel in SPIP integreren[oc_ni_mis]Integrà TextWheel en SPIP[pt]Integrar TextWheel em SPIP[pt_br]Integrar TextWheel com o SPIP[ru]Интегрировать TextWheel в SPIP[sk]Integrovať TextWheel do SPIPu[uk]Інтегрувати TextWheel в SPIP</multi>', 'a:1:{i:1;a:3:{s:3:\"nom\";s:14:\"Collectif SPIP\";s:3:\"url\";s:0:\"\";s:4:\"mail\";s:0:\"\";}}', '', 'a:1:{i:1;a:2:{s:3:\"nom\";s:8:\"GNU/LGPL\";s:3:\"url\";s:37:\"http://www.gnu.org/licenses/lgpl.html\";}}', '', '', '', '', 'stable', 4, 'a:3:{s:9:\"necessite\";a:0:{}s:9:\"librairie\";a:0:{}s:7:\"utilise\";a:1:{i:0;a:2:{s:4:\"yaml\";a:2:{s:3:\"nom\";s:4:\"yaml\";s:13:\"compatibilite\";s:8:\"[1.5.3;]\";}s:11:\"memoization\";a:2:{s:3:\"nom\";s:11:\"memoization\";s:13:\"compatibilite\";s:8:\"[1.8.3;]\";}}}}', '', '0000-00-00 00:00:00', '0000-00-00 00:00:00', 0, '', 0, '0000-00-00 00:00:00', 'textwheel', '', 'oui', 'non', 1, '', 'non', 'non', 'non', '_DIR_PLUGINS_DIST', 'ab71b30314f61d91586b5e92089aa55f'),
(61, 61, 'URLS', 'prive/themes/spip/images/url-32.png', '004.001.002', '2.0.1', '[4.2.0;4.2.*]', '4.2', '<multi>[ar]إدارة تنوعات عناوين URL ذات المعنى ام لا[br]Merañ an adstummoù URL sklaer pe ket[de]Verwaltung von URL-Varianten[en]Management of the URL variants, meaningful or not[eo]Mastrumado de aliformaj retadresoj (URL), sencaj aŭ ne[es]Gestión de las variantes de URL significativas o no[fa]مديريت تنوع يو.آر.ال‌هاي مهم يا غيرمهم[fr]Gestion des variantes d’URL signifiantes ou non[fr_fem]Gestion des variantes d’URL signifiantes ou non[fr_tu]Gestion des variantes d’URL signifiantes ou non[it]Gestione delle varianti significative URL, o non[nl]Beheer van de URL’s varianten (betekenisdragend of niet)[oc_ni_mis]Gestioun dei varianti d’URL significanti o noun[pt_br]Gerenciamento das variantes de URLs significantes ou não[ru]SEO-friendly URLs (ЧПУ ссылки)[sk]Riadenie variantov URL, či už sémantických, alebo nie[uk]SEO-friendly URLs (ЧПУ посилання)</multi>', 'a:1:{i:1;a:3:{s:3:\"nom\";s:14:\"Collectif SPIP\";s:3:\"url\";s:0:\"\";s:4:\"mail\";s:0:\"\";}}', '', '', '', '', '', '', 'stable', 4, 'a:3:{s:9:\"necessite\";a:0:{}s:9:\"librairie\";a:0:{}s:7:\"utilise\";a:0:{}}', '', '0000-00-00 00:00:00', '0000-00-00 00:00:00', 0, '', 0, '0000-00-00 00:00:00', 'urls_etendues', '', 'oui', 'oui', 1, '', 'non', 'non', 'non', '_DIR_PLUGINS_DIST', '81f5f30699af6b1fe73c1ad003c59156');

-- --------------------------------------------------------

--
-- Table structure for table `spip_petitions`
--

CREATE TABLE IF NOT EXISTS `spip_petitions` (
  `id_petition` bigint NOT NULL AUTO_INCREMENT,
  `id_article` bigint NOT NULL DEFAULT '0',
  `email_unique` char(3) NOT NULL DEFAULT '',
  `site_obli` char(3) NOT NULL DEFAULT '',
  `site_unique` char(3) NOT NULL DEFAULT '',
  `message` char(3) NOT NULL DEFAULT '',
  `texte` longtext NOT NULL,
  `statut` varchar(10) NOT NULL DEFAULT 'publie',
  `maj` timestamp NOT NULL DEFAULT CURRENT_TIMESTAMP ON UPDATE CURRENT_TIMESTAMP,
  PRIMARY KEY (`id_petition`),
  UNIQUE KEY `id_article` (`id_article`)
) ENGINE=MyISAM DEFAULT CHARSET=utf8mb3;

-- --------------------------------------------------------

--
-- Table structure for table `spip_plugins`
--

CREATE TABLE IF NOT EXISTS `spip_plugins` (
  `id_plugin` bigint NOT NULL AUTO_INCREMENT,
  `prefixe` varchar(48) NOT NULL DEFAULT '',
  `nom` text NOT NULL,
  `slogan` text NOT NULL,
  `vmax` varchar(24) NOT NULL DEFAULT '',
  `date_crea` datetime NOT NULL DEFAULT '0000-00-00 00:00:00',
  `date_modif` datetime NOT NULL DEFAULT '0000-00-00 00:00:00',
  `compatibilite_spip` varchar(24) NOT NULL DEFAULT '',
  `branches_spip` varchar(255) NOT NULL DEFAULT '',
  PRIMARY KEY (`id_plugin`),
  KEY `prefixe` (`prefixe`)
) ENGINE=MyISAM AUTO_INCREMENT=62 DEFAULT CHARSET=utf8mb3;

--
-- Dumping data for table `spip_plugins`
--

INSERT INTO `spip_plugins` (`id_plugin`, `prefixe`, `nom`, `slogan`, `vmax`, `date_crea`, `date_modif`, `compatibilite_spip`, `branches_spip`) VALUES
(60, 'TW', 'TextWheel pour SPIP', '<multi>[ar]إدارة الكتابة في SPIP بواسطة TextWheel[br]Merañ al lizherennañ SPIP gant TextWheel[de]Typographie in SPIP mit TextWheel steuern[en]Management of SPIP typography with TextWheel[eo]SPIP-tipografio kun „TextWheel“[es]Administración de la tipografía SPIP con TextWheel[fa]مديريت حروف‌نگاري در اسپيپ با چرخ‌نويس[fr]Gestion de la typographie SPIP avec TextWheel[fr_fem]Gestion de la typographie SPIP avec TextWheel[fr_tu]Gestion de la typographie SPIP avec TextWheel[it]Gestione della tipografia di SPIP con TextWheel[lb]Verwalte vun der SPIP-Typografie mat TextWheel[nl]Beheer van de SPIP typografie dank zij TextWheel[oc_ni_mis]Gestioun de la tipougrafìa SPIP embé TextWheel[pt]Gestão da tipografia SPIP com TextWheel[pt_br]Gerenciamento da tipografia do SPIP com TextWheel[ru]Управлять оформлением SPIP c помощью TextWheel[sk]Správa typografie SPIPu s modulom TextWheel[uk]Управляти оформленням SPIP за допомогою TextWheel</multi>', '', '0000-00-00 00:00:00', '0000-00-00 00:00:00', '', ''),
(59, 'SVP', 'SVP', '<multi>[ar]خادم معلومات الملحقات وتحميلها[br]SerVijer titouriñ hag enrollañ ar Plugins[de]Informations- und Download-Server für Plugins[en]Information and download server of plugins[eo]SerVilo pri Informo kaj elŝuto de kromProgramoj[es]Servidor de información y descarga de plugins[fa]سرور اطلاعات و بارگذاري پلاگين‌ها[fr]SerVeur d’information et de téléchargement des Plugins[fr_fem]SerVeur d’information et de téléchargement des Plugins[fr_tu]SerVeur d’information et de téléchargement des Plugins[it]Informazioni e server per il download dei plugin[nl]SerVer voor informatie en downloaden van Plugins[oc_ni_mis]SerVidou d’infourmacion e de telechargamen dei Plugin[pt]Servidor de informação e download de Plugins[pt_br]Servidor de informações e transferência de Plugins[ru]Управление плагинами[sk]Server na zisťovanie informácií o zásuvných moduloch a ich sťahovanie[uk]Інформація про сервер для завантаження плагінів</multi>', '', '0000-00-00 00:00:00', '0000-00-00 00:00:00', '', ''),
(58, 'STATS', '<multi>[ar]الإحصاءات[br]Statistikoù[de]Statistiken[en]Statistics[eo]Statistikoj[es]Estadísticas[fa]آمارها[fr]Statistiques[fr_fem]Statistiques[fr_tu]Statistiques[it]Statistiche[lb]Statistiken[nl]Statistieken[oc_ni_mis]Estatìstica[pt]Estatísticas[pt_br]Estatísticas[ru]Статистика[sk]Štatistiky[uk]Статистика</multi>', '<multi>[ar]إدارة الإحصاءات في SPIP[br]Merañ an statistikoù e SPIP[de]Verwlatung der SPIIP-Statistiken[en]Statistics management in SPIP[eo]Mastrumado de la statistikoj en SPIP[es]Administración de las estadísticas de SPIP[fa]مديريت آمارها در اسپيپ[fr]Gestion des statistiques dans SPIP[fr_fem]Gestion des statistiques dans SPIP[fr_tu]Gestion des statistiques dans SPIP[it]Gestione delle statistiche di SPIP[lb]Verwalte vun de SPIP-Statistiken[nl]Beheer van de bezoekenstatistieken in SPIP[oc_ni_mis]Gestioun dei estatìstica en SPIP[pt]Gerir as estatísticas em SPIP[pt_br]Gerenciamento das estatísticas do SPIP[ru]Плагин по учету статистики посещений вашего сайта[sk]Správa štatistík v SPIPe[uk]Плагін з обліку статистики відвідувань вашого сайту</multi>', '', '0000-00-00 00:00:00', '0000-00-00 00:00:00', '', ''),
(57, 'SITES', 'Sites', '<multi>[ar]إدارة المواقع والترخيص في SPIP[br]Merañ al lec’hioù ha sindikadur e SPIP[de]Verwaltung verlinkter und syndizierter Websites mit  SPIP[en]Management of sites and syndication in SPIP[eo]Mastrumado de retejoj kaj de abonrilato en SPIP[es]Administración de los sitios y de la sindicación en SPIP[fa]مديريت سايت‌ها و مشترك‌سازي در اسپيپ[fr]Gestion des sites et de la syndication dans SPIP[fr_fem]Gestion des sites et de la syndication dans SPIP[fr_tu]Gestion des sites et de la syndication dans SPIP[it]Gestione dei siti e syndication in SPIP[lb]Gestioun vun de Websäiten a Syndicatioun am SPIP[nl]Beheer van de sites en van de Websyndicatie in SPIP[oc_ni_mis]Gestioun dei sit e de la sindicacioun en SPIP[pt]Gestão dos sítios e da vinculação em SPIP[pt_br]Gerenciamento de sites e da sindicação do SPIP[ru]Подключение других сайтов по RSS[sk]Riadenie stránok a syndikácie v SPIPe[uk]Підключення інших сайтів по RSS</multi>', '', '0000-00-00 00:00:00', '0000-00-00 00:00:00', '', ''),
(56, 'SAFEHTML', 'SafeHTML', '<multi>[ar]حماية المنتديات من الأوامرالعابرة للمواقع[br]Gwarezadur ar forum ouzh ar cross-site scripting[de]Schutz der Foren gegen cross-site scripting Attacken[en]Forums protection against cross-site scripting[eo]Ŝirmilo por la forumoj kontraŭ transreteja atakoj[es]Protección de los foros contra el cross-site scripting[fr]Protection des forums contre le cross-site scripting[fr_fem]Protection des forums contre le cross-site scripting[fr_tu]Protection des forums contre le cross-site scripting[it]Protezione del forum contro gli attacchi di tipo cross-site scripting[nl]Bescherming van forums tegen cross-site scripting[oc_ni_mis]Proutecioun dei fòrou countra lou cross-site scripting[pt]Protecção dos fóruns contra o cross-site scripting[pt_br]Proteção dos foruns contra cross-site scripting[ru]Защищает форму комментариев от межсайтового скриптинга (XSS)[sk]Ochrana diskusných fór pred útokmi, ako cross-site scripting[uk]Захищає форуми від міжсайтового скриптингу (XSS)</multi>', '', '0000-00-00 00:00:00', '0000-00-00 00:00:00', '', ''),
(55, 'REVISIONS', 'Révisions', '<multi>[ar]متابعة التغييرات في العناصر التحريرية[br]Heuliañ  kemmoù an traoù stur[de]Änderungen von redaktionellen Inhalten nachvollziehen[en]Tracking changes of editorial objects[eo]Superrigardo de la modifoj de la redaktaj objektoj[es]Seguimiento de las modificaciones de los objetos editoriales[fa]پيگيري اصلاحات موضوع‌هاي سردبيري[fr]Suivi des modifications des objets éditoriaux[fr_fem]Suivi des modifications des objets éditoriaux[fr_tu]Suivi des modifications des objets éditoriaux[it]Il rilevamento delle revisioni sugli oggetti editoriali[lb]Verwaltung vun de Versiounen vun den Objekter[nl]Revisies laat je toe de  veranderingen van de editorialen objecten zien en volgen.[oc_ni_mis]Seguit dei moudificacioun dei ouget editourial[pt]Seguimento das modificações dos objectos editoriais[pt_br]Acompanhamento das alterações dos objetos editoriais[ru]История изменений[sk]Sledovanie zmien redakčných objektov[uk]Історія змін</multi>', '', '0000-00-00 00:00:00', '0000-00-00 00:00:00', '', ''),
(54, 'PORTE_PLUME', '<multi>[ar]الريشة[de]Federhalter[en]Quill[eo]Plumingo[es]Porta pluma[fa]چوب قلم[fr]Porte plume[fr_fem]Porte plume[fr_tu]Porte plume[it]Portapenne[nl]Penhouder[oc_ni_mis]Pouòrta-pluma[pt]Pena[pt_br]Porte plume[ru]Панель инструментов (Porte plume)[sk]Porte plume[uk]Панель інструментів (Porte plume)</multi>', '<multi>[ar]شريط أدوات لتحسين الكتابة[de]Eine Menüleiste zum Formatieren der Texte[en]A toolbar to enhance your texts[eo]Ilobreto por bone skribi[es]Una barra de herramientas para escribir bien[fa]نوار ابزاري براي بهترنويسي[fr]Une barre d’outils pour bien écrire[fr_fem]Une barre d’outils pour bien écrire[fr_tu]Une barre d’outils pour bien écrire[it]Una barra degli strumenti per scrivere bene[nl]Een penhouder om mooi te schrijven[oc_ni_mis]Una Barra d’óutis da ben escriéure[pt]Uma barra de ferramentas para abrilhantar os seus textos[pt_br]Barre de ferramentas para edição de texto[ru]Дополнительные возможности для текстового редактора[sk]Panel s nástrojmi, vďaka ktorému môžete vylepšiť svoje texty[uk]Додаткові можливості для текстового редактора</multi>', '', '0000-00-00 00:00:00', '0000-00-00 00:00:00', '', ''),
(53, 'PLAN', '<multi>[ar]خريطة الموقع في المجال الخاص[de]Sitemap des Redaktionssystems[en]Site Map in the Private Space[eo]Mapo de la retejo en la privata spaco[es]Mapa del sitio en el área privada[fr]Plan du site dans l’espace privé[fr_fem]Plan du site dans l’espace privé[fr_tu]Plan du site dans l’espace privé[it]Mappa del sito nell’area privata[ja]管理エリアのサイトマップ[nl]Sitemap in het privé gedeelte[pt_br]Mapa do site na área restrita[sk]Mapa stránky v súkromnej zóne</multi>', '<multi>[ar]يحسّن صفحة خريطة الموقع في المجال الخاص[de]Verbesserte Sitemap des Redaktionssystems[en]Improves the page Site Map of the private space.[eo]Plibonigas la mapon de la retejo en la privata spaco[es]Mejora la página del mapa del sitio del área privada[fr]Améliore la page plan du site de l’espace privé[fr_fem]Améliore la page plan du site de l’espace privé[fr_tu]Améliore la page plan du site de l’espace privé[it]Migliora la mappa del sito nell’area privata[ja]管理エリアのサイトマップを改善する。[nl]Verbeterde sitemap in het privé gedeelte[pt_br]Melhora a página mapa do site da área restrita[sk]Vylepší stránku Mapa stránky v súkromnej zóne</multi>', '', '0000-00-00 00:00:00', '0000-00-00 00:00:00', '', ''),
(51, 'MEDIAS', 'Medias', '<multi>[ar]أدارة الوسائط المتعددة في SPIP[br]Merañ ar mediaoù e SPIP[de]Medienverwaltung in  SPIP[en]SPIP’s media management[eo]Mastrumado de ĉiuspecaj dokumentoj en SPIP[es]Gestión de documentos multimedia en SPIP[fa]مديريت رسانه‌ها دراسپيپ[fr]Gestion des médias dans SPIP[fr_fem]Gestion des médias dans SPIP[fr_tu]Gestion des médias dans SPIP[it]Gestione dei media di SPIP[ja]SPIPにおけるメディア管理[lb]Gestioun vun de Medien am SPIP[nl]Beheer van de digitale documenten in SPIP[oc_ni_mis]Gestioun dei media en SPIP[pt]Gestão multimédia de SPIP[pt_br]Gerenciamento de mídias do SPIP[ru]Управление медиа файлами[sk]Správa multimédií v SPIPe[uk]Управління медіа-файлами</multi>', '', '0000-00-00 00:00:00', '0000-00-00 00:00:00', '', ''),
(52, 'MOTS', 'Mots', '<multi>[ar]إدارة المفاتيح ومجموعات المفاتيح في SPIP[br]Merañ gerioù hag strolladoù ger e  SPIP[de]Verwaltung von Schlagworten und Schlagwortgruppen mit  SPIP[en]Management of keywords and keywords groups in SPIP[eo]Mastrumado de ŝlosilvortoj kaj grupoj de ŝlosilvortoj en SPIP[es]Administración de las palabras clave y los grupos de palabras clave en SPIP[fa]مديريت واژه‌ها و گروه‌واژه‌ها در اسپيپ[fr]Gestion des mots et groupes de mots dans SPIP[fr_fem]Gestion des mots-clef et groupes de mots-clef dans SPIP[fr_tu]Gestion des mots et groupes de mots dans SPIP[it]Gestione delle parole e dei gruppi di parole di SPIP[ja]キーワードとキーワードのグループの管理[lb]Gestioun vun de Schlësselwierder a Gruppen am SPIP[nl]Beheer van trefwoorden en groepen van trefwoorden in SPIP[oc_ni_mis]Gestioun dei mot e group de mot en SPIP[pt]Gestão de palavras e grupos de palavras em SPIP[pt_br]Gerenciamento de palavras-chave e grupos de palavras chave do SPIP[ru]Настройка ключей и групп ключей в SPIP[sk]Riadenie kľúčových slov a skupín kľúčových slov v SPIPe[uk]Управління ключами та їх групами в SPIP</multi>', '', '0000-00-00 00:00:00', '0000-00-00 00:00:00', '', ''),
(50, 'MEDIABOX', '<multi>[ar]صندوق الفرجة[br]MediaBoest[de]MediaBox[en]MediaBox[eo]MediaBox[es]MediaBox[fa]مدياباكس[fr]MediaBox[fr_fem]MediaBox[fr_tu]MediaBox[it]MediaBox[ja]メディアボックス[lb]MediaBox[nl]MediaBox[oc_ni_mis]MediaBox[pt]MediaBox[pt_br]MediaBox[ru]MediaBox[sk]Multimediálny box[uk]MediaBox</multi>', '<multi>[ar]صندوق الفرجة[br]Boest liesvedia[de]Multimedia-Box[en]Media box[eo]Plurmedia skatolo[es]Caja multimedia[fa]صندوق چندرسانه‌اي[fr]Boîte multimédia[fr_fem]Boîte multimédia[fr_tu]Boîte multimédia[it]Media box[ja]マルチメディアボックス[lb]Mediabox[nl]Multimedia Box[oc_ni_mis]Bouòta multimedia[pt]Media box[pt_br]Caixa multimedia[ru]Медиабокс[sk]Multimediálny box[uk]Медіабокс</multi>', '', '0000-00-00 00:00:00', '0000-00-00 00:00:00', '', ''),
(49, 'FORUM', 'Forum', '<multi>[ar]إدارة المنتديات الخاصة والعمومي في SPIP[ast]Alministración de foros privaos y públicos en SPIP[br]Merañ ar foromoù preves ha foran e-barzh SPIP[de]Verwaltung der privaten und öffentlichen SPIP-Foren[en]Management of private and public forums in SPIP[eo]Mastrumado de la privataj kaj publikaj forumoj de SPIP[es]Administración de los foros privados y públicos en SPIP[fa]مديريت سخنگاه‌هاي خصوصي و همگاني در اسپيپ[fr]Gestion des forums privés et publics dans SPIP[fr_fem]Gestion des forums privés et publics dans SPIP[fr_tu]Gestion des forums privés et publics dans SPIP[it]Gestione dei forum privati e pubblici di SPIP[ja]SPIPの掲示板（プライベートと公開）の管理[lb]Beaarbechte vun de privaten an ëffentleche Forumen am SPIP[nl]Beheer van de privé en openbare SPIP forums[oc_ni_mis]Gestioun dei fòrou privat e pùblicou en SPIP[pt]Gestião dos fóruns públicos e privados em SPIP[pt_br]Gerenciamento dos fóruns privados e públicos do SPIP[ru]Управление форумами и комментариями[sk]Riadenie súkromných aj verejných diskusných fór v SPIPe[uk]Управління загальними і редакційними форумами у SPIP</multi>', '', '0000-00-00 00:00:00', '0000-00-00 00:00:00', '', ''),
(48, 'IMAGES', 'Images', '<multi>[ar]مرشحات معالجة الصور والألوان[br]Siloù treuzfurmadur skeudennoù ha livioù[de]Bild- und Farbfilter[en]Images processing and colors filters[eo]Filtriloj de bild- kaj kolor-transformo[es]Filtros de transformación de imágenes y de colores[fa]فيلترهاي پردازش تصوير‌ها و رنگ‌ها[fr]Filtres de transformation d’images et de couleurs[fr_fem]Filtres de transformation d’images et de couleurs[fr_tu]Filtres de transformation d’images et de couleurs[it]Filtri di trasformazione delle immagini e dei colori[ja]画像および色変換フィルタ[lb]Ännerungs-Filteren fir d’Biller an d’Faarwen[nl]Beeld en kleur transformatie filters[oc_ni_mis]Filtre de trasfourmacioun d’image e de coulou[pt]Processamento de imagens e filtros de cores[pt_br]Filtros de transformação de imagens e de cores[ru]Набор фильтров по работе с изображениями[sk]Filtre na transformáciu obrázkov a farieb[uk]Фільтри для обробки зображень і роботи з кольорами</multi>', '', '0000-00-00 00:00:00', '0000-00-00 00:00:00', '', ''),
(47, 'DUMP', 'Dump', '<multi>[ar]نسخ احتياطي لقاعدة بيانات SPIP واسترجاعها[br]Gwared hag assevel deus an diaz titouroù SPIP[de]Sicherung und Wiederherstellung der  SPIP-Datenbank[en]Backup and restore database SPIP[eo]Savkopio kaj restaŭro de la datumbazo SPIP[es]Copia de seguridad y recuperación de la base de datos de SPIP[fa]بك‌آپ و ذخيره سازي پايگاه داده‌‌هاي اسپيپ[fr]Sauvegarde et restauration de la base SPIP[fr_fem]Sauvegarde et restauration de la base de données SPIP[fr_tu]Sauvegarde et restauration de la base SPIP[hac]پاشەکۆتکەرڎەی و ئەۋەگېڵنای داتابەیسو SPIP[it]Backup e ripristino del database di SPIP[ja]SPIPのデータベースバックアップと復元Sauvegarde et restauration de la base SPIP[lb]Backup an Zeréckspillen vun der SPIP-Datebank[nl]Back-up en restauratie van de SPIP database[oc_ni_mis]Sauvagarda e restauramen de la basa SPIP[pt]Cópia de segurança e restauro da base de dados SPIP[pt_br]Cópia de segurança e restauro da base SPIP[ru]Резервное копирование[sk]Záloha a obnovenie databázy SPIPu[uk]Резервне копіювання і відновлення бази SPIP</multi>', '', '0000-00-00 00:00:00', '0000-00-00 00:00:00', '', ''),
(46, 'COMPRESSEUR', 'Compresseur', '<multi>[ar]ضغط أوراق الأنماط ورموز جافاسكريبت[br]Gwaskadurezh css ha javascript[de]Kompression von CSS und Javascript-Code[en]CSS and javascript compression[eo]Densigo css kaj javascript[es]Compresión de css y javascript[fa]فشرده سازي سي.اس.اس‌ها و جاوااسكريبت[fr]Compression des css et javascript[fr_fem]Compression des css et javascript[fr_tu]Compression des css et javascript[hac]دروسکەردەی فشاردریاو سی‌ئێس‌ئێس و جاڤا سکریپتی[it]Compressione di CSS e javascript[ja]CSSとjavascriptの圧縮[lb]Compressioun vun CSS a Javascript[nl]Compressie van CSS en JavaScript[oc_ni_mis]Coumpressioun dei css e javascript[pt]Compressão de css e javascript[pt_br]Compressão dos css e javascript[ru]Плагин для сжатия CSS и Javascript файлов[sk]Kompresia css a javascriptu[uk]Плагін для стискання CSS та Javascript файлів</multi>', '', '0000-00-00 00:00:00', '0000-00-00 00:00:00', '', ''),
(45, 'COMPAGNON', '<multi>[ar]الرفيق[br]Ambrouger[de]Begleiter[en]Companion[eo]Kompano[es]Compañero[fa]همراه[fr]Compagnon[fr_fem]Compagnon[fr_tu]Compagnon[hac]ھامڕا[it]Assistente[ja]仲間さん[lb]Compagnon[nl]Metgezel[oc_ni_mis]Coumpàgnou[pt]Guia[pt_br]Companheiro[ru]Помощник (Companion)[sk]Compagnon[uk]Помічник (Companion)</multi>', '<multi>[ar]مرافق الخطوات الأولى في SPIP[br]Ambrouger evit kregiñ gant SPIP[de]Assistent für die ersten Schritte mit SPIP[en]First steps wizard with SPIP[eo]Helpanto por SPIP-komencantoj[es]Asistente para dar los primeros pasos con SPIP[fa]همراه اول با اسپيپ نيست[fr]Assistant de premiers pas avec SPIP[fr_fem]Assistant de premiers pas avec SPIP[fr_tu]Assistant de premiers pas avec SPIP[hac]ڕانیشاندەرو یەکەمین ھەنگامەکا چنی SPIP[it]Assistente per il primo utilizzo di SPIP[ja]SPIPを使用するように、最初のステップウィザードです。[lb]Assistent fir déi éischt Schrëtt mat SPIP[nl]Assistent van de eerste steppen met SPIP[oc_ni_mis]Assistant de premié pas embé SPIP[pt]Assistente de iniciação a SPIP[pt_br]Assistente de primeiros passos do SPIP[ru]Начальная помощь при работе со SPIP[sk]Sprievodca pri prvých krokoch so SPIPom[uk]Допомога на початку роботи зі SPIP</multi>', '', '0000-00-00 00:00:00', '0000-00-00 00:00:00', '', ''),
(42, 'AIDE', '<multi>[ar]تعليمات SPIP[de]SPIP Hilfe[en]SPIP help[es]Ayuda SPIP[fr]Aide SPIP[fr_tu]Aide SPIP[it]Aiuto SPIP[pt]Ajuda SPIP[pt_br]Ajuda do SPIP</multi>', '<multi>[ar]تعليمات SPIP الفورية[de]SPIP Online-Hilfe[en]SPIP online help[es]Ayuda en línea de SPIP[fr]Aide en ligne de SPIP[fr_tu]Aide en ligne de SPIP[it]Guida in linea di SPIP[pt]Ajuda online do SPIP[pt_br]Ajuda online do SPIP</multi>', '', '0000-00-00 00:00:00', '0000-00-00 00:00:00', '', ''),
(43, 'ARCHIVISTE', '<multi>[fr]Archiviste[pt_br]Arquivista</multi>', '<multi>[fr]Gérer des archives de fichiers[pt_br]Gerenciar arquivos compactados</multi>', '', '0000-00-00 00:00:00', '0000-00-00 00:00:00', '', ''),
(44, 'BIGUP', '<multi>[ar]تحميل كبير[de]Big Upload[en]Big Upload[fr]Big Upload[pt_br]Big Upload</multi>', '<multi>[ar]تحميل الملفات مهما كان حجمها[de]Dateien hochladen, egal wie gross sie sind.[en]Upload files, whatever their size[fr]Téléverser des fichiers, quelque soit leur taille[pt_br]Transferir arquivos de qualquer tamanho</multi>', '', '0000-00-00 00:00:00', '0000-00-00 00:00:00', '', ''),
(41, 'SQUELETTES_PAR_RUBRIQUE', 'Squelettes par Rubrique', '<multi>[ar]دعم الصفحات النموذجية ذات اللواحق في SPIP[de]Unterstützung von Skeletten mit Namenszusatz in SPIP[en]Support of suffixed templates in SPIP[eo]Subteno por la sufiksitaj skeletoj en SPIP[es]Implementación de esqueletos con sufijos de SPIP[fa]پشتيباني از اسكليت‌هاي  پسوندي در اسپيپ[fr]Support des squelettes suffixés dans SPIP[fr_fem]Support des squelettes suffixés dans SPIP[fr_tu]Support des squelettes suffixés dans SPIP[it]Supporto di modelli con suffisso in SPIP[lb]Ënnerstëtzung fir Skeletter mat Suffix am SPIP[nl]Ondersteuning van suffix ingewijden skeletten in SPIP[oc_ni_mis]Supouòrt dei esquèletrou sufissat en SPIP[pt]Apoio de modelos com sufixo em SPIP[pt_br]Suporte aos gabaritos com sufixo do SPIP[ru]Номерные шаблоны для SPIP[sk]Podpora pripojených šablón v SPIPe[uk]Шаблони за номерами для SPIP</multi>', '', '0000-00-00 00:00:00', '0000-00-00 00:00:00', '', ''),
(61, 'URLS', 'Urls Etendues', '<multi>[ar]إدارة تنوعات عناوين URL ذات المعنى ام لا[br]Merañ an adstummoù URL sklaer pe ket[de]Verwaltung von URL-Varianten[en]Management of the URL variants, meaningful or not[eo]Mastrumado de aliformaj retadresoj (URL), sencaj aŭ ne[es]Gestión de las variantes de URL significativas o no[fa]مديريت يو.آر.ال‌هاي مهم يا غيرمهم[fr]Gestion des variantes d’URL signifiantes ou non[fr_fem]Gestion des variantes d’URL signifiantes ou non[fr_tu]Gestion des variantes d’URL signifiantes ou non[it]Gestione delle varianti significative URL, o non[nl]Beheer van de URL varianten (betekenisdragend of niet)[oc_ni_mis]Gestioun dei varianti d’URL significanti o noun[pt_br]Gerenciamento das variantes de URLs significantes ou não[ru]SEO-friendly URLs (ЧПУ ссылки)[sk]Riadenie variantov URL, či už sémantických, alebo nie[uk]SEO-friendly URLs (ЧПУ посилання)</multi>', '', '0000-00-00 00:00:00', '0000-00-00 00:00:00', '', '');

-- --------------------------------------------------------

--
-- Table structure for table `spip_referers`
--

CREATE TABLE IF NOT EXISTS `spip_referers` (
  `referer_md5` bigint UNSIGNED NOT NULL,
  `date` date NOT NULL,
  `referer` varchar(255) DEFAULT NULL,
  `visites` int UNSIGNED NOT NULL,
  `visites_jour` int UNSIGNED NOT NULL,
  `visites_veille` int UNSIGNED NOT NULL,
  `maj` timestamp NOT NULL DEFAULT CURRENT_TIMESTAMP ON UPDATE CURRENT_TIMESTAMP,
  PRIMARY KEY (`referer_md5`)
) ENGINE=MyISAM DEFAULT CHARSET=utf8mb3;

-- --------------------------------------------------------

--
-- Table structure for table `spip_referers_articles`
--

CREATE TABLE IF NOT EXISTS `spip_referers_articles` (
  `id_article` int UNSIGNED NOT NULL,
  `referer_md5` bigint UNSIGNED NOT NULL,
  `referer` varchar(255) NOT NULL DEFAULT '',
  `visites` int UNSIGNED NOT NULL,
  `maj` timestamp NOT NULL DEFAULT CURRENT_TIMESTAMP ON UPDATE CURRENT_TIMESTAMP,
  PRIMARY KEY (`id_article`,`referer_md5`),
  KEY `referer_md5` (`referer_md5`)
) ENGINE=MyISAM DEFAULT CHARSET=utf8mb3;

-- --------------------------------------------------------

--
-- Table structure for table `spip_resultats`
--

CREATE TABLE IF NOT EXISTS `spip_resultats` (
  `recherche` char(16) NOT NULL DEFAULT '',
  `id` int UNSIGNED NOT NULL,
  `points` int UNSIGNED NOT NULL DEFAULT '0',
  `table_objet` varchar(30) NOT NULL DEFAULT '',
  `serveur` char(16) NOT NULL DEFAULT '',
  `maj` timestamp NOT NULL DEFAULT CURRENT_TIMESTAMP ON UPDATE CURRENT_TIMESTAMP
) ENGINE=MyISAM DEFAULT CHARSET=utf8mb3;

-- --------------------------------------------------------

--
-- Table structure for table `spip_rubriques`
--

CREATE TABLE IF NOT EXISTS `spip_rubriques` (
  `id_rubrique` bigint NOT NULL AUTO_INCREMENT,
  `id_parent` bigint NOT NULL DEFAULT '0',
  `titre` text NOT NULL,
  `descriptif` text NOT NULL,
  `texte` longtext NOT NULL,
  `id_secteur` bigint NOT NULL DEFAULT '0',
  `maj` timestamp NOT NULL DEFAULT CURRENT_TIMESTAMP ON UPDATE CURRENT_TIMESTAMP,
  `statut` varchar(10) NOT NULL DEFAULT '0',
  `date` datetime NOT NULL DEFAULT '0000-00-00 00:00:00',
  `lang` varchar(10) NOT NULL DEFAULT '',
  `langue_choisie` varchar(3) DEFAULT 'non',
  `statut_tmp` varchar(10) NOT NULL DEFAULT '0',
  `date_tmp` datetime NOT NULL DEFAULT '0000-00-00 00:00:00',
  `profondeur` smallint NOT NULL DEFAULT '0',
  PRIMARY KEY (`id_rubrique`),
  KEY `lang` (`lang`),
  KEY `id_parent` (`id_parent`)
) ENGINE=MyISAM AUTO_INCREMENT=19 DEFAULT CHARSET=utf8mb3;

--
-- Dumping data for table `spip_rubriques`
--

INSERT INTO `spip_rubriques` (`id_rubrique`, `id_parent`, `titre`, `descriptif`, `texte`, `id_secteur`, `maj`, `statut`, `date`, `lang`, `langue_choisie`, `statut_tmp`, `date_tmp`, `profondeur`) VALUES
(1, 0, 'Irembo', '', '', 1, '2023-04-13 22:53:42', 'prepa', '0000-00-00 00:00:00', 'fr', 'non', '0', '0000-00-00 00:00:00', 0),
(2, 0, 'Agezweho', '', '', 2, '2023-04-21 16:59:20', 'publie', '2023-04-21 18:59:20', 'fr', 'non', '0', '0000-00-00 00:00:00', 0),
(3, 0, 'Ubukungu', '', '', 3, '2023-04-13 22:54:16', 'prepa', '0000-00-00 00:00:00', 'fr', 'non', '0', '0000-00-00 00:00:00', 0),
(4, 0, 'Ubuvugizi', '', '', 4, '2024-10-06 17:58:33', 'publie', '2024-10-06 17:58:33', 'fr', 'non', '0', '0000-00-00 00:00:00', 0),
(5, 0, 'Ibidukikije', '', '', 5, '2023-04-13 22:54:43', 'prepa', '0000-00-00 00:00:00', 'fr', 'non', '0', '0000-00-00 00:00:00', 0),
(6, 0, 'Gospel', '', '', 6, '2024-11-06 13:16:23', 'publie', '2024-11-06 13:16:23', 'fr', 'non', '0', '0000-00-00 00:00:00', 0),
(7, 0, 'Diaspora', '', '', 7, '2023-05-01 19:31:07', 'publie', '2023-05-01 21:31:07', 'fr', 'non', '0', '0000-00-00 00:00:00', 0),
(8, 0, 'Imyidagaduro', '', '', 8, '2023-11-15 18:18:19', 'publie', '2023-11-15 18:18:19', 'fr', 'non', '0', '0000-00-00 00:00:00', 0),
(9, 0, 'Siporo', '', '', 9, '2023-11-15 18:31:19', 'publie', '2023-11-15 18:31:19', 'fr', 'non', '0', '0000-00-00 00:00:00', 0),
(10, 0, 'Abo Turibo', '', '', 10, '2023-11-28 11:27:25', 'publie', '2023-11-28 11:27:25', 'fr', 'non', '0', '0000-00-00 00:00:00', 0),
(11, 0, 'Amamaza', '', '', 11, '2023-11-10 03:18:35', 'publie', '2023-11-10 04:18:35', 'fr', 'non', '0', '0000-00-00 00:00:00', 0),
(12, 0, 'Twandikire', '', '', 12, '2023-04-13 22:56:19', 'prepa', '0000-00-00 00:00:00', 'fr', 'non', '0', '0000-00-00 00:00:00', 0),
(13, 11, 'header', '', 'header adds', 11, '2023-11-10 03:04:51', 'publie', '2023-11-10 04:04:51', 'fr', 'non', '0', '0000-00-00 00:00:00', 1),
(14, 11, 'Right-side top', '', '', 11, '2023-11-10 03:10:06', 'publie', '2023-11-10 04:10:06', 'fr', 'non', '0', '0000-00-00 00:00:00', 1),
(15, 11, 'Right-side middle', '', '', 11, '2023-11-10 03:17:41', 'publie', '2023-11-10 04:17:41', 'fr', 'non', '0', '0000-00-00 00:00:00', 1),
(16, 11, 'Right-side bottom', '', '', 11, '2023-11-10 03:18:35', 'publie', '2023-11-10 04:18:35', 'fr', 'non', '0', '0000-00-00 00:00:00', 1),
(17, 0, 'Grands-Lacs & EAC', '', '', 17, '2023-12-22 11:58:08', 'publie', '2023-12-22 11:58:08', 'fr', 'non', '0', '0000-00-00 00:00:00', 0),
(18, 0, 'Umuco', '', '', 18, '2023-11-14 09:49:47', 'prepa', '0000-00-00 00:00:00', 'fr', 'non', '0', '0000-00-00 00:00:00', 0);

-- --------------------------------------------------------

--
-- Table structure for table `spip_signatures`
--

CREATE TABLE IF NOT EXISTS `spip_signatures` (
  `id_signature` bigint NOT NULL AUTO_INCREMENT,
  `id_petition` bigint NOT NULL DEFAULT '0',
  `date_time` datetime NOT NULL DEFAULT '0000-00-00 00:00:00',
  `nom_email` text NOT NULL,
  `ad_email` text NOT NULL,
  `nom_site` text NOT NULL,
  `url_site` text NOT NULL,
  `message` mediumtext NOT NULL,
  `statut` varchar(10) NOT NULL DEFAULT '0',
  `maj` timestamp NOT NULL DEFAULT CURRENT_TIMESTAMP ON UPDATE CURRENT_TIMESTAMP,
  PRIMARY KEY (`id_signature`),
  KEY `id_petition` (`id_petition`),
  KEY `statut` (`statut`)
) ENGINE=MyISAM DEFAULT CHARSET=utf8mb3;

-- --------------------------------------------------------

--
-- Table structure for table `spip_syndic`
--

CREATE TABLE IF NOT EXISTS `spip_syndic` (
  `id_syndic` bigint NOT NULL AUTO_INCREMENT,
  `id_rubrique` bigint NOT NULL DEFAULT '0',
  `id_secteur` bigint NOT NULL DEFAULT '0',
  `nom_site` text NOT NULL,
  `url_site` text NOT NULL,
  `url_syndic` text NOT NULL,
  `descriptif` text NOT NULL,
  `maj` timestamp NOT NULL DEFAULT CURRENT_TIMESTAMP ON UPDATE CURRENT_TIMESTAMP,
  `syndication` varchar(3) NOT NULL DEFAULT '',
  `statut` varchar(10) NOT NULL DEFAULT '0',
  `date` datetime NOT NULL DEFAULT '0000-00-00 00:00:00',
  `date_syndic` datetime NOT NULL DEFAULT '0000-00-00 00:00:00',
  `date_index` datetime NOT NULL DEFAULT '0000-00-00 00:00:00',
  `moderation` varchar(3) DEFAULT 'non',
  `miroir` varchar(3) DEFAULT 'non',
  `oubli` varchar(3) DEFAULT 'non',
  `resume` varchar(3) DEFAULT 'oui',
  PRIMARY KEY (`id_syndic`),
  KEY `id_rubrique` (`id_rubrique`),
  KEY `id_secteur` (`id_secteur`),
  KEY `statut` (`statut`,`date_syndic`)
) ENGINE=MyISAM DEFAULT CHARSET=utf8mb3;

-- --------------------------------------------------------

--
-- Table structure for table `spip_syndic_articles`
--

CREATE TABLE IF NOT EXISTS `spip_syndic_articles` (
  `id_syndic_article` bigint NOT NULL AUTO_INCREMENT,
  `id_syndic` bigint NOT NULL DEFAULT '0',
  `titre` text NOT NULL,
  `url` text NOT NULL,
  `date` datetime NOT NULL DEFAULT '0000-00-00 00:00:00',
  `lesauteurs` text NOT NULL,
  `maj` timestamp NOT NULL DEFAULT CURRENT_TIMESTAMP ON UPDATE CURRENT_TIMESTAMP,
  `statut` varchar(10) NOT NULL DEFAULT '0',
  `descriptif` text NOT NULL,
  `lang` varchar(10) NOT NULL DEFAULT '',
  `url_source` tinytext NOT NULL,
  `source` tinytext NOT NULL,
  `tags` text NOT NULL,
  `raw_data` text NOT NULL,
  `raw_format` tinytext NOT NULL,
  `raw_methode` tinytext NOT NULL,
  PRIMARY KEY (`id_syndic_article`),
  KEY `id_syndic` (`id_syndic`),
  KEY `statut` (`statut`),
  KEY `url` (`url`(255))
) ENGINE=MyISAM DEFAULT CHARSET=utf8mb3;

-- --------------------------------------------------------

--
-- Table structure for table `spip_test`
--

CREATE TABLE IF NOT EXISTS `spip_test` (
  `a` int DEFAULT NULL
) ENGINE=InnoDB DEFAULT CHARSET=utf8mb3;

--
-- Dumping data for table `spip_test`
--

INSERT INTO `spip_test` (`a`) VALUES
(NULL);

-- --------------------------------------------------------

--
-- Table structure for table `spip_types_documents`
--

CREATE TABLE IF NOT EXISTS `spip_types_documents` (
  `extension` varchar(10) NOT NULL DEFAULT '',
  `titre` text NOT NULL,
  `descriptif` text NOT NULL,
  `mime_type` varchar(100) NOT NULL DEFAULT '',
  `inclus` enum('non','image','embed') NOT NULL DEFAULT 'non',
  `upload` enum('oui','non') NOT NULL DEFAULT 'oui',
  `media_defaut` varchar(10) NOT NULL DEFAULT 'file',
  `maj` timestamp NOT NULL DEFAULT CURRENT_TIMESTAMP ON UPDATE CURRENT_TIMESTAMP,
  PRIMARY KEY (`extension`),
  KEY `inclus` (`inclus`)
) ENGINE=MyISAM DEFAULT CHARSET=utf8mb3;

--
-- Dumping data for table `spip_types_documents`
--

INSERT INTO `spip_types_documents` (`extension`, `titre`, `descriptif`, `mime_type`, `inclus`, `upload`, `media_defaut`, `maj`) VALUES
('jpg', 'JPEG', '', 'image/jpeg', 'image', 'oui', 'image', '2023-04-13 22:52:39'),
('png', 'PNG', '', 'image/png', 'image', 'oui', 'image', '2023-04-13 22:52:39'),
('gif', 'GIF', '', 'image/gif', 'image', 'oui', 'image', '2023-04-13 22:52:39'),
('bmp', 'BMP', '', 'image/x-ms-bmp', 'image', 'oui', 'image', '2023-04-13 22:52:39'),
('tif', 'TIFF', '', 'image/tiff', 'embed', 'oui', 'image', '2023-04-13 22:52:39'),
('aac', 'Advanced Audio Coding', '', 'audio/mp4a-latm', 'embed', 'oui', 'audio', '2023-04-13 22:52:39'),
('ac3', 'AC-3 Compressed Audio', '', 'audio/x-aac', 'embed', 'oui', 'audio', '2023-04-13 22:52:39'),
('aifc', 'Compressed AIFF Audio', '', 'audio/x-aifc', 'embed', 'oui', 'audio', '2023-04-13 22:52:39'),
('aiff', 'AIFF', '', 'audio/x-aiff', 'embed', 'oui', 'audio', '2023-04-13 22:52:39'),
('amr', 'Adaptive Multi-Rate Audio', '', 'audio/amr', 'embed', 'oui', 'audio', '2023-04-13 22:52:39'),
('ape', 'Monkey\'s Audio File', '', 'audio/x-monkeys-audio', 'embed', 'oui', 'audio', '2023-04-13 22:52:39'),
('asf', 'Windows Media', '', 'video/x-ms-asf', 'embed', 'oui', 'video', '2023-04-13 22:52:39'),
('avi', 'AVI', '', 'video/x-msvideo', 'embed', 'oui', 'video', '2023-04-13 22:52:39'),
('anx', 'Annodex', '', 'application/annodex', 'embed', 'oui', 'file', '2023-04-13 22:52:39'),
('axa', 'Annodex Audio', '', 'audio/annodex', 'embed', 'oui', 'audio', '2023-04-13 22:52:39'),
('axv', 'Annodex Video', '', 'video/annodex', 'embed', 'oui', 'video', '2023-04-13 22:52:39'),
('dv', 'Digital Video', '', 'video/x-dv', 'embed', 'oui', 'video', '2023-04-13 22:52:39'),
('f4a', 'Audio for Adobe Flash Player', '', 'audio/mp4', 'embed', 'oui', 'audio', '2023-04-13 22:52:39'),
('f4b', 'Audio Book for Adobe Flash Player', '', 'audio/mp4', 'embed', 'oui', 'audio', '2023-04-13 22:52:39'),
('f4p', 'Protected Video for Adobe Flash Player', '', 'video/mp4', 'embed', 'oui', 'video', '2023-04-13 22:52:39'),
('f4v', 'Video for Adobe Flash Player', '', 'video/mp4', 'embed', 'oui', 'video', '2023-04-13 22:52:39'),
('flac', 'Free Lossless Audio Codec', '', 'audio/x-flac', 'embed', 'oui', 'audio', '2023-04-13 22:52:39'),
('flv', 'Flash Video', '', 'video/x-flv', 'embed', 'oui', 'video', '2023-04-13 22:52:39'),
('m2p', 'MPEG-PS', '', 'video/MP2P', 'embed', 'oui', 'video', '2023-04-13 22:52:39'),
('m2ts', 'BDAV MPEG-2 Transport Stream', '', 'video/MP2T', 'embed', 'oui', 'video', '2023-04-13 22:52:39'),
('m4a', 'MPEG4 Audio', '', 'audio/mp4a-latm', 'embed', 'oui', 'audio', '2023-04-13 22:52:39'),
('m4b', 'MPEG4 Audio', '', 'audio/mp4a-latm', 'embed', 'oui', 'audio', '2023-04-13 22:52:39'),
('m4p', 'MPEG4 Audio', '', 'audio/mp4a-latm', 'embed', 'oui', 'audio', '2023-04-13 22:52:39'),
('m4r', 'iPhone Ringtone', '', 'audio/aac', 'embed', 'oui', 'audio', '2023-04-13 22:52:39'),
('m4u', 'MPEG4 Playlist', '', 'video/vnd.mpegurl', 'non', 'oui', 'video', '2023-04-13 22:52:39'),
('m4v', 'MPEG4 Video', '', 'video/x-m4v', 'embed', 'oui', 'video', '2023-04-13 22:52:39'),
('mid', 'Midi', '', 'audio/midi', 'embed', 'oui', 'audio', '2023-04-13 22:52:39'),
('mka', 'Matroska Audio', '', 'audio/mka', 'embed', 'oui', 'audio', '2023-04-13 22:52:39'),
('mkv', 'Matroska Video', '', 'video/mkv', 'embed', 'oui', 'video', '2023-04-13 22:52:39'),
('mng', 'MNG', '', 'video/x-mng', 'embed', 'oui', 'video', '2023-04-13 22:52:39'),
('mov', 'QuickTime', '', 'video/quicktime', 'embed', 'oui', 'video', '2023-04-13 22:52:39'),
('mp3', 'MP3', '', 'audio/mpeg', 'embed', 'oui', 'audio', '2023-04-13 22:52:39'),
('mp4', 'MPEG4', '', 'application/mp4', 'embed', 'oui', 'video', '2023-04-13 22:52:39'),
('mpc', 'Musepack', '', 'audio/x-musepack', 'embed', 'oui', 'audio', '2023-04-13 22:52:39'),
('mpg', 'MPEG', '', 'video/mpeg', 'embed', 'oui', 'video', '2023-04-13 22:52:39'),
('mts', 'AVCHD MPEG-2 transport stream', '', 'video/MP2T', 'embed', 'oui', 'video', '2023-04-13 22:52:39'),
('oga', 'Ogg Audio', '', 'audio/ogg', 'embed', 'oui', 'audio', '2023-04-13 22:52:39'),
('ogg', 'Ogg Vorbis', '', 'audio/ogg', 'embed', 'oui', 'audio', '2023-04-13 22:52:39'),
('ogv', 'Ogg Video', '', 'video/ogg', 'embed', 'oui', 'video', '2023-04-13 22:52:39'),
('ogx', 'Ogg Multiplex', '', 'application/ogg', 'embed', 'oui', 'video', '2023-04-13 22:52:39'),
('qt', 'QuickTime', '', 'video/quicktime', 'embed', 'oui', 'video', '2023-04-13 22:52:39'),
('ra', 'RealAudio', '', 'audio/x-pn-realaudio', 'embed', 'oui', 'audio', '2023-04-13 22:52:39'),
('ram', 'RealAudio', '', 'audio/x-pn-realaudio', 'embed', 'oui', 'audio', '2023-04-13 22:52:39'),
('rm', 'RealAudio', '', 'audio/x-pn-realaudio', 'embed', 'oui', 'audio', '2023-04-13 22:52:39'),
('spx', 'Ogg Speex', '', 'audio/ogg', 'embed', 'oui', 'audio', '2023-04-13 22:52:39'),
('svg', 'SVG', '', 'image/svg+xml', 'image', 'oui', 'image', '2023-11-08 03:26:43'),
('svgz', 'Compressed Scalable Vector Graphic', '', 'image/svg+xml', 'embed', 'oui', 'image', '2023-04-13 22:52:39'),
('swf', 'Flash', '', 'application/x-shockwave-flash', 'embed', 'oui', 'video', '2023-04-13 22:52:39'),
('ts', 'MPEG transport stream', '', 'video/MP2T', 'embed', 'oui', 'video', '2023-04-13 22:52:39'),
('wav', 'WAV', '', 'audio/x-wav', 'embed', 'oui', 'audio', '2023-04-13 22:52:39'),
('webm', 'WebM', '', 'video/webm', 'embed', 'oui', 'video', '2023-04-13 22:52:39'),
('wma', 'Windows Media Audio', '', 'audio/x-ms-wma', 'embed', 'oui', 'audio', '2023-04-13 22:52:39'),
('wmv', 'Windows Media Video', '', 'video/x-ms-wmv', 'embed', 'oui', 'video', '2023-04-13 22:52:39'),
('y4m', 'YUV4MPEG2', '', 'video/x-raw-yuv', 'embed', 'oui', 'video', '2023-04-13 22:52:39'),
('3gp', '3rd Generation Partnership Project', '', 'video/3gpp', 'embed', 'oui', 'video', '2023-04-13 22:52:39'),
('3ga', '3GP Audio File', '', 'audio/3ga', 'embed', 'oui', 'audio', '2023-04-13 22:52:39'),
('7z', '7 Zip', '', 'application/x-7z-compressed', 'non', 'oui', 'file', '2023-04-13 22:52:39'),
('ai', 'Adobe Illustrator', '', 'application/illustrator', 'non', 'oui', 'image', '2023-04-13 22:52:39'),
('abw', 'Abiword', '', 'application/abiword', 'non', 'oui', 'file', '2023-04-13 22:52:39'),
('asx', 'Advanced Stream Redirector', '', 'video/x-ms-asf', 'non', 'oui', 'video', '2023-04-13 22:52:39'),
('bib', 'BibTeX', '', 'application/x-bibtex', 'non', 'oui', 'file', '2023-04-13 22:52:39'),
('bin', 'Binary Data', '', 'application/octet-stream', 'non', 'oui', 'file', '2023-04-13 22:52:39'),
('blend', 'Blender', '', 'application/x-blender', 'non', 'oui', 'file', '2023-04-13 22:52:39'),
('bz2', 'BZip', '', 'application/x-bzip2', 'non', 'oui', 'file', '2023-04-13 22:52:39'),
('c', 'C source', '', 'text/x-csrc', 'non', 'oui', 'file', '2023-04-13 22:52:39'),
('csl', 'Citation Style Language', '', 'application/xml', 'non', 'oui', 'file', '2023-04-13 22:52:39'),
('css', 'Cascading Style Sheet', '', 'text/css', 'non', 'oui', 'file', '2023-04-13 22:52:39'),
('csv', 'Comma Separated Values', '', 'text/csv', 'non', 'oui', 'file', '2023-04-13 22:52:39'),
('deb', 'Debian', '', 'application/x-debian-package', 'non', 'oui', 'file', '2023-04-13 22:52:39'),
('doc', 'Word', '', 'application/msword', 'non', 'oui', 'file', '2023-04-13 22:52:39'),
('dot', 'Word Template', '', 'application/msword', 'non', 'oui', 'file', '2023-04-13 22:52:39'),
('djvu', 'DjVu', '', 'image/vnd.djvu', 'non', 'oui', 'image', '2023-04-13 22:52:39'),
('dvi', 'LaTeX DVI', '', 'application/x-dvi', 'non', 'oui', 'file', '2023-04-13 22:52:39'),
('emf', 'Enhanced Metafile', '', 'image/x-emf', 'non', 'oui', 'image', '2023-04-13 22:52:39'),
('enl', 'EndNote Library', '', 'application/octet-stream', 'non', 'oui', 'file', '2023-04-13 22:52:39'),
('ens', 'EndNote Style', '', 'application/octet-stream', 'non', 'oui', 'file', '2023-04-13 22:52:39'),
('eps', 'PostScript', '', 'application/postscript', 'non', 'oui', 'file', '2023-04-13 22:52:39'),
('epub', 'EPUB', '', 'application/epub+zip', 'non', 'oui', 'file', '2023-04-13 22:52:39'),
('gpx', 'GPS eXchange Format', '', 'application/gpx+xml', 'non', 'oui', 'file', '2023-04-13 22:52:39'),
('gz', 'GZ', '', 'application/x-gzip', 'non', 'oui', 'file', '2023-04-13 22:52:39'),
('h', 'C header', '', 'text/x-chdr', 'non', 'oui', 'file', '2023-04-13 22:52:39'),
('html', 'HTML', '', 'text/html', 'non', 'oui', 'file', '2023-04-13 22:52:39'),
('ics', 'iCalendar', '', 'text/calendar', 'non', 'oui', 'file', '2023-04-13 22:52:39'),
('jar', 'Java Archive', '', 'application/java-archive', 'non', 'oui', 'file', '2023-04-13 22:52:39'),
('json', 'JSON', '', 'application/json', 'non', 'oui', 'file', '2023-04-13 22:52:39'),
('kml', 'Keyhole Markup Language', '', 'application/vnd.google-earth.kml+xml', 'non', 'oui', 'file', '2023-04-13 22:52:39'),
('kmz', 'Google Earth Placemark File', '', 'application/vnd.google-earth.kmz', 'non', 'oui', 'file', '2023-04-13 22:52:39'),
('lyx', 'Lyx file', '', 'application/x-lyx', 'non', 'oui', 'file', '2023-04-13 22:52:39'),
('m3u', 'M3U Playlist', '', 'text/plain', 'non', 'oui', 'file', '2023-04-13 22:52:39'),
('m3u8', 'M3U8 Playlist', '', 'text/plain', 'non', 'oui', 'file', '2023-04-13 22:52:39'),
('mathml', 'MathML', '', 'application/mathml+xml', 'non', 'oui', 'file', '2023-04-13 22:52:39'),
('mbtiles', 'MBTiles', '', 'application/x-sqlite3', 'non', 'oui', 'file', '2023-04-13 22:52:39'),
('md', 'Markdown Document', '', 'text/x-markdown', 'non', 'oui', 'file', '2023-04-13 22:52:39'),
('pas', 'Pascal', '', 'text/x-pascal', 'non', 'oui', 'file', '2023-04-13 22:52:39'),
('pdf', 'PDF', '', 'application/pdf', 'non', 'oui', 'file', '2023-04-13 22:52:39'),
('pgn', 'Portable Game Notation', '', 'application/x-chess-pgn', 'non', 'oui', 'file', '2023-04-13 22:52:39'),
('pls', 'Playlist', '', 'text/plain', 'non', 'oui', 'file', '2023-04-13 22:52:39'),
('ppt', 'PowerPoint', '', 'application/vnd.ms-powerpoint', 'non', 'oui', 'file', '2023-04-13 22:52:39'),
('pot', 'PowerPoint Template', '', 'application/vnd.ms-powerpoint', 'non', 'oui', 'file', '2023-04-13 22:52:39'),
('ps', 'PostScript', '', 'application/postscript', 'non', 'oui', 'file', '2023-04-13 22:52:39'),
('psd', 'Photoshop', '', 'image/x-photoshop', 'non', 'oui', 'image', '2023-04-13 22:52:39'),
('rar', 'WinRAR', '', 'application/x-rar-compressed', 'non', 'oui', 'file', '2023-04-13 22:52:39'),
('rdf', 'Resource Description Framework', '', 'application/rdf+xml', 'non', 'oui', 'file', '2023-04-13 22:52:39'),
('ris', 'RIS', '', 'application/x-research-info-systems', 'non', 'oui', 'file', '2023-04-13 22:52:39'),
('rpm', 'RedHat/Mandrake/SuSE', '', 'application/x-redhat-package-manager', 'non', 'oui', 'file', '2023-04-13 22:52:39'),
('rtf', 'RTF', '', 'application/rtf', 'non', 'oui', 'file', '2023-04-13 22:52:39'),
('sdc', 'StarOffice Spreadsheet', '', 'application/vnd.stardivision.calc', 'non', 'oui', 'file', '2023-04-13 22:52:39'),
('sdd', 'StarOffice Presentation', '', 'application/vnd.stardivision.impress', 'non', 'oui', 'file', '2023-04-13 22:52:39'),
('sdw', 'StarOffice Writer document', '', 'application/vnd.stardivision.writer', 'non', 'oui', 'file', '2023-04-13 22:52:39'),
('sit', 'Stuffit', '', 'application/x-stuffit', 'non', 'oui', 'file', '2023-04-13 22:52:39'),
('sla', 'Scribus', '', 'application/x-scribus', 'non', 'oui', 'file', '2023-04-13 22:52:39'),
('srt', 'SubRip Subtitle', '', 'text/plain', 'non', 'oui', 'file', '2023-04-13 22:52:39'),
('ssa', 'SubStation Alpha Subtitle', '', 'text/plain', 'non', 'oui', 'file', '2023-04-13 22:52:39'),
('sxc', 'OpenOffice.org Calc', '', 'application/vnd.sun.xml.calc', 'non', 'oui', 'file', '2023-04-13 22:52:39'),
('sxi', 'OpenOffice.org Impress', '', 'application/vnd.sun.xml.impress', 'non', 'oui', 'file', '2023-04-13 22:52:39'),
('sxw', 'OpenOffice.org', '', 'application/vnd.sun.xml.writer', 'non', 'oui', 'file', '2023-04-13 22:52:39'),
('tar', 'Tar', '', 'application/x-tar', 'non', 'oui', 'file', '2023-04-13 22:52:39'),
('tex', 'LaTeX', '', 'text/x-tex', 'non', 'oui', 'file', '2023-04-13 22:52:39'),
('tgz', 'TGZ', '', 'application/x-gtar', 'non', 'oui', 'file', '2023-04-13 22:52:39'),
('torrent', 'BitTorrent', '', 'application/x-bittorrent', 'non', 'oui', 'file', '2023-04-13 22:52:39'),
('ttf', 'TTF Font', '', 'application/x-font-ttf', 'non', 'oui', 'file', '2023-04-13 22:52:39'),
('txt', 'Texte', '', 'text/plain', 'non', 'oui', 'file', '2023-04-13 22:52:39'),
('usf', 'Universal Subtitle Format', '', 'application/xml', 'non', 'oui', 'file', '2023-04-13 22:52:39'),
('vcf', 'vCard', '', 'text/vcard', 'non', 'oui', 'file', '2023-04-13 22:52:39'),
('xcf', 'GIMP multi-layer', '', 'application/x-xcf', 'non', 'oui', 'file', '2023-04-13 22:52:39'),
('xls', 'Excel', '', 'application/vnd.ms-excel', 'non', 'oui', 'file', '2023-04-13 22:52:39'),
('xlt', 'Excel Template', '', 'application/vnd.ms-excel', 'non', 'oui', 'file', '2023-04-13 22:52:39'),
('wmf', 'Windows Metafile', '', 'image/x-emf', 'non', 'oui', 'image', '2023-04-13 22:52:39'),
('wpl', 'Windows Media Player Playlist', '', 'application/vnd.ms-wpl', 'non', 'oui', 'file', '2023-04-13 22:52:39'),
('xspf', 'XSPF', '', 'application/xspf+xml', 'non', 'oui', 'file', '2023-04-13 22:52:39'),
('xml', 'XML', '', 'application/xml', 'non', 'oui', 'file', '2023-04-13 22:52:39'),
('yaml', 'YAML', '', 'text/yaml', 'non', 'oui', 'file', '2023-04-13 22:52:39'),
('zip', 'Zip', '', 'application/zip', 'non', 'oui', 'file', '2023-04-13 22:52:39'),
('odt', 'OpenDocument Text', '', 'application/vnd.oasis.opendocument.text', 'non', 'oui', 'file', '2023-04-13 22:52:39'),
('ods', 'OpenDocument Spreadsheet', '', 'application/vnd.oasis.opendocument.spreadsheet', 'non', 'oui', 'file', '2023-04-13 22:52:39'),
('odp', 'OpenDocument Presentation', '', 'application/vnd.oasis.opendocument.presentation', 'non', 'oui', 'file', '2023-04-13 22:52:39'),
('odg', 'OpenDocument Graphics', '', 'application/vnd.oasis.opendocument.graphics', 'non', 'oui', 'file', '2023-04-13 22:52:39'),
('odc', 'OpenDocument Chart', '', 'application/vnd.oasis.opendocument.chart', 'non', 'oui', 'file', '2023-04-13 22:52:39'),
('odf', 'OpenDocument Formula', '', 'application/vnd.oasis.opendocument.formula', 'non', 'oui', 'file', '2023-04-13 22:52:39'),
('odb', 'OpenDocument Database', '', 'application/vnd.oasis.opendocument.database', 'non', 'oui', 'file', '2023-04-13 22:52:39'),
('odi', 'OpenDocument Image', '', 'application/vnd.oasis.opendocument.image', 'non', 'oui', 'file', '2023-04-13 22:52:39'),
('odm', 'OpenDocument Text-master', '', 'application/vnd.oasis.opendocument.text-master', 'non', 'oui', 'file', '2023-04-13 22:52:39'),
('ott', 'OpenDocument Text-template', '', 'application/vnd.oasis.opendocument.text-template', 'non', 'oui', 'file', '2023-04-13 22:52:39'),
('ots', 'OpenDocument Spreadsheet-template', '', 'application/vnd.oasis.opendocument.spreadsheet-template', 'non', 'oui', 'file', '2023-04-13 22:52:39'),
('otp', 'OpenDocument Presentation-template', '', 'application/vnd.oasis.opendocument.presentation-template', 'non', 'oui', 'file', '2023-04-13 22:52:39'),
('otg', 'OpenDocument Graphics-template', '', 'application/vnd.oasis.opendocument.graphics-template', 'non', 'oui', 'file', '2023-04-13 22:52:39'),
('cls', 'LaTeX Class', '', 'text/x-tex', 'non', 'oui', 'file', '2023-04-13 22:52:39'),
('sty', 'LaTeX Style Sheet', '', 'text/x-tex', 'non', 'oui', 'file', '2023-04-13 22:52:39'),
('docm', 'Word', '', 'application/vnd.ms-word.document.macroEnabled.12', 'non', 'oui', 'file', '2023-04-13 22:52:39'),
('docx', 'Word', '', 'application/vnd.openxmlformats-officedocument.wordprocessingml.document', 'non', 'oui', 'file', '2023-04-13 22:52:39'),
('dotm', 'Word template', '', 'application/vnd.ms-word.template.macroEnabled.12', 'non', 'oui', 'file', '2023-04-13 22:52:39'),
('dotx', 'Word template', '', 'application/vnd.openxmlformats-officedocument.wordprocessingml.template', 'non', 'oui', 'file', '2023-04-13 22:52:39'),
('potm', 'Powerpoint template', '', 'application/vnd.ms-powerpoint.template.macroEnabled.12', 'non', 'oui', 'file', '2023-04-13 22:52:39'),
('potx', 'Powerpoint template', '', 'application/vnd.openxmlformats-officedocument.presentationml.template', 'non', 'oui', 'file', '2023-04-13 22:52:39'),
('ppam', 'Powerpoint addin', '', 'application/vnd.ms-powerpoint.addin.macroEnabled.12', 'non', 'oui', 'file', '2023-04-13 22:52:39'),
('ppsm', 'Powerpoint slideshow', '', 'application/vnd.ms-powerpoint.slideshow.macroEnabled.12', 'non', 'oui', 'file', '2023-04-13 22:52:39'),
('ppsx', 'Powerpoint slideshow', '', 'application/vnd.openxmlformats-officedocument.presentationml.slideshow', 'non', 'oui', 'file', '2023-04-13 22:52:39'),
('pptm', 'Powerpoint', '', 'application/vnd.ms-powerpoint.presentation.macroEnabled.12', 'non', 'oui', 'file', '2023-04-13 22:52:39'),
('pptx', 'Powerpoint', '', 'application/vnd.openxmlformats-officedocument.presentationml.presentation', 'non', 'oui', 'file', '2023-04-13 22:52:39'),
('xlam', 'Excel', '', 'application/vnd.ms-excel.addin.macroEnabled.12', 'non', 'oui', 'file', '2023-04-13 22:52:39'),
('xlsb', 'Excel binary', '', 'application/vnd.ms-excel.sheet.binary.macroEnabled.12', 'non', 'oui', 'file', '2023-04-13 22:52:39'),
('xlsm', 'Excel', '', 'application/vnd.ms-excel.sheet.macroEnabled.12', 'non', 'oui', 'file', '2023-04-13 22:52:39'),
('xlsx', 'Excel', '', 'application/vnd.openxmlformats-officedocument.spreadsheetml.sheet', 'non', 'oui', 'file', '2023-04-13 22:52:39'),
('xltm', 'Excel template', '', 'application/vnd.ms-excel.template.macroEnabled.12', 'non', 'oui', 'file', '2023-04-13 22:52:39'),
('xltx', 'Excel template', '', 'application/vnd.openxmlformats-officedocument.spreadsheetml.template', 'non', 'oui', 'file', '2023-04-13 22:52:39'),
('webp', 'WEBP', '', 'image/webp', 'image', 'oui', 'image', '2023-11-08 03:26:43'),
('vtt', 'WebVTT', '', 'text/vtt', 'non', 'oui', 'file', '2023-11-08 03:26:43');

-- --------------------------------------------------------

--
-- Table structure for table `spip_urls`
--

CREATE TABLE IF NOT EXISTS `spip_urls` (
  `id_parent` bigint NOT NULL DEFAULT '0',
  `url` varchar(255) NOT NULL,
  `type` varchar(25) NOT NULL DEFAULT 'article',
  `id_objet` bigint NOT NULL,
  `date` datetime NOT NULL DEFAULT '0000-00-00 00:00:00',
  `segments` smallint NOT NULL DEFAULT '1',
  `perma` tinyint(1) NOT NULL DEFAULT '0',
  `langue` varchar(10) NOT NULL DEFAULT '',
  PRIMARY KEY (`id_parent`,`url`),
  KEY `type` (`type`,`id_objet`),
  KEY `langue` (`langue`),
  KEY `url` (`url`)
) ENGINE=MyISAM DEFAULT CHARSET=utf8mb3;

--
-- Dumping data for table `spip_urls`
--

INSERT INTO `spip_urls` (`id_parent`, `url`, `type`, `id_objet`, `date`, `segments`, `perma`, `langue`) VALUES
(7, 'article/maj-gen-charles-karamba-yasezeye-kuri-perezida-samia-suluhu', 'article', 10, '2023-11-09 14:04:01', 2, 0, ''),
(0, 'diaspora', 'rubrique', 7, '2023-11-09 14:04:01', 1, 0, ''),
(7, 'article/abanyarwanda-batuye-muri-leta-ya-california-bibutse-jenoside-yakorewe-abatutsi', 'article', 9, '2023-11-09 14:04:01', 2, 0, ''),
(4, 'article/ubuharike-kimwe-mu-bibazo-byugarije-abari-n-abategarugori-banduye-virusi-itera', 'article', 7, '2023-11-09 14:04:01', 2, 0, ''),
(0, 'ubuvugizi', 'rubrique', 4, '2023-11-09 14:04:01', 1, 0, ''),
(6, 'article/ubutinganyi-bugejeje-itorero-ry-abangilikani-mu-kangaratete', 'article', 3, '2023-11-09 14:04:01', 2, 0, ''),
(0, 'gospel', 'rubrique', 6, '2023-11-09 14:04:01', 1, 0, ''),
(6, 'article/insengero-nyinshi-zikomeje-guhindurwamo-utubari-i-burayi', 'article', 2, '2023-11-09 14:04:01', 2, 0, ''),
(2, 'article/ubumwe-bw-abanyafurika-ishusho-y-uruzinduko-kagame-yagiriye-muri-benin-na', 'article', 1, '2023-11-09 14:04:01', 2, 0, ''),
(0, 'agezweho', 'rubrique', 2, '2023-11-09 14:04:01', 1, 0, ''),
(6, 'article/ubutinganyi-bugejeje-itorero-ry-abangilikani-mu-kangaratete-6', 'article', 6, '2023-11-09 14:04:01', 2, 0, ''),
(6, 'article/insengero-nyinshi-zikomeje-guhindurwamo-utubari-i-burayi-5', 'article', 5, '2023-11-09 14:04:01', 2, 0, ''),
(7, 'article/u-bubiligi-bishyize-hamwe-bashora-imari-mu-bucuruzi-bw-imodoka', 'article', 8, '2023-11-09 14:04:01', 2, 0, ''),
(7, 'article/amateka-mashya-mu-buholandi-hatashywe-urwibutso-rwa-jenoside-yakorewe-abatutsi', 'article', 11, '2023-11-09 14:04:01', 2, 0, ''),
(9, 'article/nizeyimana-olivier-wayoboraga-ferwafa-yeguye', 'article', 4, '2023-11-09 14:04:01', 2, 0, ''),
(0, 'siporo-umuco', 'rubrique', 9, '2023-11-09 14:04:01', 1, 0, ''),
(8, 'article/nel-ngabo-mu-myiteguro-ya-album-gatatu', 'article', 12, '2023-11-09 14:04:01', 2, 0, ''),
(0, 'imyidagaduro', 'rubrique', 8, '2023-11-09 14:04:01', 1, 0, ''),
(8, 'article/bruce-melodie-yongeye-kugaragaza-ko-ari-igihangange-mu-bihembo-bya-the-choice', 'article', 13, '2023-11-09 14:04:01', 2, 0, ''),
(8, 'article/abakobwa-26-barenze-ijonjora-ry-ibanze-muri-miss-burundi-2023', 'article', 14, '2023-11-09 14:04:01', 2, 0, ''),
(0, 'ubukungu', 'rubrique', 3, '2023-11-09 14:04:01', 1, 0, ''),
(0, 'ibidukikije', 'rubrique', 5, '2023-11-09 14:04:01', 1, 0, ''),
(0, 'irembo', 'rubrique', 1, '2023-11-09 14:04:01', 1, 0, ''),
(11, 'header', 'rubrique', 13, '2023-11-09 14:04:01', 1, 0, ''),
(0, 'amamaza', 'rubrique', 11, '2023-11-09 14:04:01', 1, 0, ''),
(11, 'right-side-top', 'rubrique', 14, '2023-11-09 14:04:01', 1, 0, ''),
(11, 'right-side-middle', 'rubrique', 15, '2023-11-09 14:04:01', 1, 0, ''),
(11, 'right-side-bottom', 'rubrique', 16, '2023-11-09 14:04:01', 1, 0, '');

-- --------------------------------------------------------

--
-- Table structure for table `spip_versions`
--

CREATE TABLE IF NOT EXISTS `spip_versions` (
  `id_version` bigint NOT NULL DEFAULT '0',
  `id_objet` bigint NOT NULL DEFAULT '0',
  `objet` varchar(25) NOT NULL DEFAULT '',
  `date` datetime NOT NULL DEFAULT '0000-00-00 00:00:00',
  `id_auteur` varchar(23) NOT NULL DEFAULT '',
  `titre_version` text NOT NULL,
  `permanent` char(3) NOT NULL DEFAULT '',
  `champs` text NOT NULL,
  PRIMARY KEY (`id_version`,`id_objet`,`objet`),
  KEY `id_version` (`id_version`),
  KEY `id_objet` (`id_objet`),
  KEY `objet` (`objet`)
) ENGINE=MyISAM DEFAULT CHARSET=utf8mb3;

-- --------------------------------------------------------

--
-- Table structure for table `spip_versions_fragments`
--

CREATE TABLE IF NOT EXISTS `spip_versions_fragments` (
  `id_fragment` int UNSIGNED NOT NULL DEFAULT '0',
  `version_min` int UNSIGNED NOT NULL DEFAULT '0',
  `version_max` int UNSIGNED NOT NULL DEFAULT '0',
  `id_objet` bigint NOT NULL,
  `objet` varchar(25) NOT NULL DEFAULT '',
  `compress` tinyint NOT NULL,
  `fragment` longblob,
  PRIMARY KEY (`id_objet`,`objet`,`id_fragment`,`version_min`)
) ENGINE=MyISAM DEFAULT CHARSET=utf8mb3;

-- --------------------------------------------------------

--
-- Table structure for table `spip_visites`
--

CREATE TABLE IF NOT EXISTS `spip_visites` (
  `date` date NOT NULL,
  `visites` int UNSIGNED NOT NULL DEFAULT '0',
  `maj` timestamp NOT NULL DEFAULT CURRENT_TIMESTAMP ON UPDATE CURRENT_TIMESTAMP,
  PRIMARY KEY (`date`)
) ENGINE=MyISAM DEFAULT CHARSET=utf8mb3;

-- --------------------------------------------------------

--
-- Table structure for table `spip_visites_articles`
--

CREATE TABLE IF NOT EXISTS `spip_visites_articles` (
  `date` date NOT NULL,
  `id_article` int UNSIGNED NOT NULL,
  `visites` int UNSIGNED NOT NULL DEFAULT '0',
  `maj` timestamp NOT NULL DEFAULT CURRENT_TIMESTAMP ON UPDATE CURRENT_TIMESTAMP,
  PRIMARY KEY (`date`,`id_article`)
) ENGINE=MyISAM DEFAULT CHARSET=utf8mb3;
COMMIT;

